INSERT INTO `scores` (`id`, `inning_id`, `striker_id`, `bowler_id`, `over`, `bowl`, `fielder_id`, `runs`, `runs_type`, `extra_runs`, `extra_runs_type_id`, `short_runs`, `wicket_type_id`, `batsman_beaten`, `miss_fielding_type_id`, `edged`, `bowl_line`, `bowl_length`, `bowl_speed`, `bowl_position`, `comment`, `created_at`, `updated_at`) VALUES
(16001, 66, 1, 705, 18, 5, NULL, 0, 1, 0, 0, 0, 0, 0, 0, 0, '0', '0', '0', '0', NULL, '2021-03-02 07:11:13', '2021-03-02 07:11:13'),
(16002, 66, 1, 705, 18, 6, NULL, 0, 1, 0, 0, 0, 0, 0, 0, 0, '0', '0', '0', '0', NULL, '2021-03-02 07:11:16', '2021-03-02 07:11:16'),
(16003, 61, 555, 503, 45, 3, NULL, 1, 1, 0, 0, 0, 0, 0, 0, 0, '0', '0', '0', '0', NULL, '2021-03-02 07:11:21', '2021-03-02 07:11:21'),
(16004, 61, 683, 503, 45, 4, NULL, 1, 1, 0, 0, 0, 0, 0, 0, 0, '0', '0', '0', '0', NULL, '2021-03-02 07:11:57', '2021-03-02 07:11:57'),
(16006, 61, 555, 503, 45, 5, NULL, 2, 1, 0, 0, 0, 0, 0, 0, 0, '0', '0', '0', '0', NULL, '2021-03-02 07:12:25', '2021-03-02 07:12:25'),
(16007, 61, 555, 503, 45, 6, NULL, 0, 1, 0, 0, 0, 0, 0, 0, 0, '0', '0', '0', '0', NULL, '2021-03-02 07:12:49', '2021-03-02 07:12:49'),
(16013, 61, 683, 688, 46, 1, 0, 0, 1, 0, 0, 0, 1, 0, 0, 0, '0', '0', '0', '0', NULL, '2021-03-02 07:15:15', '2021-03-02 07:15:15'),
(16015, 61, 555, 688, 46, 2, NULL, 2, 1, 0, 0, 0, 0, 0, 0, 0, '0', '0', '0', '0', NULL, '2021-03-02 07:16:47', '2021-03-02 07:16:47'),
(16016, 61, 555, 688, 46, 3, NULL, 1, 1, 0, 0, 0, 0, 0, 0, 0, '0', '0', '0', '0', NULL, '2021-03-02 07:17:11', '2021-03-02 07:17:11'),
(16017, 61, 57, 688, 46, 4, NULL, 1, 1, 0, 0, 0, 0, 0, 0, 0, '0', '0', '0', '0', NULL, '2021-03-02 07:17:51', '2021-03-02 07:17:51'),
(16018, 61, 555, 688, 46, 0, NULL, 0, 3, 1, 4, 0, 0, 0, 0, 0, '0', '0', '0', '0', NULL, '2021-03-02 07:18:37', '2021-03-02 07:18:37'),
(16024, 61, 555, 688, 46, 5, NULL, 2, 1, 0, 0, 0, 0, 0, 0, 0, '0', '0', '0', '0', NULL, '2021-03-02 07:19:05', '2021-03-02 07:19:05'),
(16026, 61, 555, 688, 46, 6, NULL, 1, 1, 0, 0, 0, 0, 0, 0, 0, '0', '0', '0', '0', NULL, '2021-03-02 07:19:46', '2021-03-02 07:19:46'),
(16028, 61, 555, 503, 47, 1, NULL, 2, 1, 0, 0, 0, 0, 0, 0, 0, '0', '0', '0', '0', NULL, '2021-03-02 07:21:12', '2021-03-02 07:21:12'),
(16031, 61, 555, 503, 47, 2, NULL, 0, 1, 0, 0, 0, 0, 0, 0, 0, '0', '0', '0', '0', NULL, '2021-03-02 07:22:03', '2021-03-02 07:22:03'),
(16033, 61, 555, 503, 47, 3, NULL, 1, 1, 0, 0, 0, 0, 0, 0, 0, '0', '0', '0', '0', NULL, '2021-03-02 07:22:31', '2021-03-02 07:22:31'),
(16034, 61, 57, 503, 47, 4, NULL, 1, 1, 0, 0, 0, 0, 0, 0, 0, '0', '0', '0', '0', NULL, '2021-03-02 07:22:51', '2021-03-02 07:22:51'),
(16035, 61, 555, 503, 47, 0, NULL, 0, 3, 1, 3, 0, 0, 0, 0, 0, '0', '0', '0', '0', NULL, '2021-03-02 07:23:12', '2021-03-02 07:23:12'),
(16036, 61, 555, 503, 47, 5, NULL, 1, 1, 0, 0, 0, 0, 0, 0, 0, '0', '0', '0', '0', NULL, '2021-03-02 07:23:31', '2021-03-02 07:23:31'),
(16037, 61, 57, 503, 47, 6, NULL, 0, 1, 0, 0, 0, 0, 0, 0, 0, '0', '0', '0', '0', NULL, '2021-03-02 07:23:53', '2021-03-02 07:23:53'),
(16038, 61, 555, 569, 48, 0, NULL, 0, 3, 1, 3, 0, 0, 0, 0, 0, '0', '0', '0', '0', NULL, '2021-03-02 07:25:09', '2021-03-02 07:25:09'),
(16039, 61, 555, 569, 48, 1, NULL, 1, 1, 0, 0, 0, 0, 0, 0, 0, '0', '0', '0', '0', NULL, '2021-03-02 07:25:35', '2021-03-02 07:25:35'),
(16040, 61, 57, 569, 48, 2, NULL, 0, 1, 0, 0, 0, 0, 0, 0, 0, '0', '0', '0', '0', NULL, '2021-03-02 07:26:15', '2021-03-02 07:26:15'),
(16041, 61, 57, 569, 48, 3, NULL, 4, 2, 0, 0, 0, 0, 0, 0, 0, '0', '0', '0', '0', NULL, '2021-03-02 07:26:43', '2021-03-02 07:26:43'),
(16042, 61, 57, 569, 48, 4, 0, 0, 1, 0, 0, 0, 1, 0, 0, 0, '0', '0', '0', '0', NULL, '2021-03-02 07:27:33', '2021-03-02 07:27:33'),
(16043, 61, 555, 569, 48, 0, NULL, 0, 3, 5, 3, 0, 0, 0, 0, 0, '0', '0', '0', '0', NULL, '2021-03-02 07:29:08', '2021-03-02 07:29:08'),
(16044, 61, 555, 569, 48, 5, NULL, 2, 1, 0, 0, 0, 0, 0, 0, 0, '0', '0', '0', '0', NULL, '2021-03-02 07:29:47', '2021-03-02 07:29:47'),
(16045, 61, 555, 569, 48, 6, NULL, 0, 1, 0, 0, 0, 0, 0, 0, 0, '0', '0', '0', '0', NULL, '2021-03-02 07:30:18', '2021-03-02 07:30:18'),
(16053, 61, 143, 503, 49, 1, NULL, 2, 1, 0, 0, 0, 0, 0, 0, 0, '0', '0', '0', '0', NULL, '2021-03-02 07:31:25', '2021-03-02 07:31:25'),
(16054, 61, 143, 503, 49, 2, NULL, 6, 2, 0, 0, 0, 0, 0, 0, 0, '0', '0', '0', '0', NULL, '2021-03-02 07:31:53', '2021-03-02 07:31:53'),
(16055, 61, 143, 503, 49, 3, 0, 0, 1, 0, 0, 0, 3, 0, 0, 0, '0', '0', '0', '0', NULL, '2021-03-02 07:32:18', '2021-03-02 07:32:18'),
(16056, 66, 443, 707, 19, 1, NULL, 4, 2, 0, 0, 0, 0, 0, 0, 0, '0', '0', '0', '0', NULL, '2021-03-02 07:32:37', '2021-03-02 07:32:37'),
(16057, 66, 443, 707, 19, 0, NULL, 0, 3, 1, 3, 0, 0, 0, 0, 0, '0', '0', '0', '0', NULL, '2021-03-02 07:32:43', '2021-03-02 07:32:43'),
(16058, 66, 443, 707, 19, 2, NULL, 0, 1, 0, 0, 0, 0, 0, 0, 0, '0', '0', '0', '0', NULL, '2021-03-02 07:32:47', '2021-03-02 07:32:47'),
(16059, 66, 443, 707, 19, 3, NULL, 0, 1, 0, 0, 0, 0, 0, 0, 0, '0', '0', '0', '0', NULL, '2021-03-02 07:32:49', '2021-03-02 07:32:49'),
(16060, 66, 443, 707, 19, 4, NULL, 0, 1, 0, 0, 0, 0, 0, 0, 0, '0', '0', '0', '0', NULL, '2021-03-02 07:32:51', '2021-03-02 07:32:51'),
(16061, 66, 443, 707, 19, 5, NULL, 0, 1, 0, 0, 0, 0, 0, 0, 0, '0', '0', '0', '0', NULL, '2021-03-02 07:32:53', '2021-03-02 07:32:53'),
(16062, 66, 443, 707, 19, 6, NULL, 0, 1, 0, 0, 0, 0, 0, 0, 0, '0', '0', '0', '0', NULL, '2021-03-02 07:32:57', '2021-03-02 07:32:57'),
(16063, 66, 1, 705, 20, 1, NULL, 0, 1, 0, 0, 0, 0, 0, 0, 0, '0', '0', '0', '0', NULL, '2021-03-02 07:33:10', '2021-03-02 07:33:10'),
(16064, 66, 1, 705, 20, 2, NULL, 0, 1, 0, 0, 0, 0, 0, 0, 0, '0', '0', '0', '0', NULL, '2021-03-02 07:33:12', '2021-03-02 07:33:12'),
(16065, 66, 1, 705, 20, 3, NULL, 0, 1, 0, 0, 0, 0, 0, 0, 0, '0', '0', '0', '0', NULL, '2021-03-02 07:33:14', '2021-03-02 07:33:14'),
(16066, 66, 1, 705, 20, 4, NULL, 0, 1, 0, 0, 0, 0, 0, 0, 0, '0', '0', '0', '0', NULL, '2021-03-02 07:33:17', '2021-03-02 07:33:17'),
(16067, 66, 1, 705, 20, 5, NULL, 0, 1, 0, 0, 0, 0, 0, 0, 0, '0', '0', '0', '0', NULL, '2021-03-02 07:33:21', '2021-03-02 07:33:21'),
(16068, 66, 1, 705, 20, 6, NULL, 1, 1, 0, 0, 0, 0, 0, 0, 0, '0', '0', '0', '0', NULL, '2021-03-02 07:33:23', '2021-03-02 07:33:23'),
(16069, 66, 1, 707, 21, 1, NULL, 0, 1, 0, 0, 0, 0, 0, 0, 0, '0', '0', '0', '0', NULL, '2021-03-02 07:33:41', '2021-03-02 07:33:41'),
(16070, 66, 1, 707, 21, 2, NULL, 0, 1, 0, 0, 0, 0, 0, 0, 0, '0', '0', '0', '0', NULL, '2021-03-02 07:33:43', '2021-03-02 07:33:43'),
(16071, 66, 1, 707, 21, 3, NULL, 1, 1, 0, 0, 0, 0, 0, 0, 0, '0', '0', '0', '0', NULL, '2021-03-02 07:33:45', '2021-03-02 07:33:45'),
(16072, 66, 443, 707, 21, 4, NULL, 0, 1, 0, 0, 0, 0, 0, 0, 0, '0', '0', '0', '0', NULL, '2021-03-02 07:33:49', '2021-03-02 07:33:49'),
(16073, 66, 443, 707, 21, 5, NULL, 0, 1, 0, 0, 0, 0, 0, 0, 0, '0', '0', '0', '0', NULL, '2021-03-02 07:33:51', '2021-03-02 07:33:51'),
(16074, 66, 443, 707, 21, 6, NULL, 0, 1, 0, 0, 0, 0, 0, 0, 0, '0', '0', '0', '0', NULL, '2021-03-02 07:33:55', '2021-03-02 07:33:55'),
(16075, 61, 102, 503, 49, 4, 0, 0, 1, 0, 0, 0, 1, 0, 0, 0, '0', '0', '0', '0', NULL, '2021-03-02 07:33:56', '2021-03-02 07:33:56'),
(16076, 66, 1, 694, 22, 1, NULL, 1, 1, 0, 0, 0, 0, 0, 0, 0, '0', '0', '0', '0', NULL, '2021-03-02 07:34:48', '2021-03-02 07:34:48'),
(16077, 66, 443, 694, 22, 2, NULL, 0, 1, 0, 0, 0, 0, 0, 0, 0, '0', '0', '0', '0', NULL, '2021-03-02 07:34:55', '2021-03-02 07:34:55'),
(16078, 66, 443, 694, 22, 3, NULL, 0, 1, 0, 0, 0, 0, 0, 0, 0, '0', '0', '0', '0', NULL, '2021-03-02 07:34:57', '2021-03-02 07:34:57'),
(16079, 66, 443, 694, 22, 4, NULL, 0, 1, 0, 0, 0, 0, 0, 0, 0, '0', '0', '0', '0', NULL, '2021-03-02 07:35:00', '2021-03-02 07:35:00'),
(16080, 61, 555, 503, 49, 5, NULL, 1, 1, 0, 0, 0, 0, 0, 0, 0, '0', '0', '0', '0', NULL, '2021-03-02 07:35:02', '2021-03-02 07:35:02'),
(16081, 66, 443, 694, 22, 5, NULL, 0, 1, 0, 0, 0, 0, 0, 0, 0, '0', '0', '0', '0', NULL, '2021-03-02 07:35:03', '2021-03-02 07:35:03'),
(16082, 66, 443, 694, 22, 6, NULL, 0, 1, 0, 0, 0, 0, 0, 0, 0, '0', '0', '0', '0', NULL, '2021-03-02 07:35:07', '2021-03-02 07:35:07'),
(16083, 66, 1, 707, 23, 1, NULL, 0, 1, 0, 0, 0, 0, 0, 0, 0, '0', '0', '0', '0', NULL, '2021-03-02 07:35:28', '2021-03-02 07:35:28'),
(16084, 66, 1, 707, 23, 2, NULL, 0, 1, 0, 0, 0, 0, 0, 0, 0, '0', '0', '0', '0', NULL, '2021-03-02 07:35:29', '2021-03-02 07:35:29'),
(16085, 66, 1, 707, 23, 3, NULL, 0, 1, 0, 0, 0, 0, 0, 0, 0, '0', '0', '0', '0', NULL, '2021-03-02 07:35:31', '2021-03-02 07:35:31'),
(16086, 66, 1, 707, 23, 4, NULL, 0, 1, 0, 0, 0, 0, 0, 0, 0, '0', '0', '0', '0', NULL, '2021-03-02 07:35:33', '2021-03-02 07:35:33'),
(16087, 66, 1, 707, 23, 5, NULL, 0, 1, 0, 0, 0, 0, 0, 0, 0, '0', '0', '0', '0', NULL, '2021-03-02 07:35:35', '2021-03-02 07:35:35'),
(16088, 66, 1, 707, 23, 6, NULL, 0, 1, 0, 0, 0, 0, 0, 0, 0, '0', '0', '0', '0', NULL, '2021-03-02 07:35:37', '2021-03-02 07:35:37'),
(16089, 61, 74, 503, 49, 6, 0, 0, 1, 0, 0, 0, 3, 0, 0, 0, '0', '0', '0', '0', NULL, '2021-03-02 07:35:40', '2021-03-02 07:35:40'),
(16090, 61, 555, 688, 50, 1, NULL, 2, 1, 0, 0, 0, 0, 0, 0, 0, '0', '0', '0', '0', NULL, '2021-03-02 07:37:09', '2021-03-02 07:37:09'),
(16091, 61, 555, 688, 50, 2, NULL, 1, 1, 0, 0, 0, 0, 0, 0, 0, '0', '0', '0', '0', NULL, '2021-03-02 07:37:37', '2021-03-02 07:37:37'),
(16092, 61, 502, 688, 50, 3, NULL, 1, 1, 0, 0, 0, 0, 0, 0, 0, '0', '0', '0', '0', NULL, '2021-03-02 07:38:27', '2021-03-02 07:38:27'),
(16093, 61, 555, 688, 50, 4, NULL, 3, 1, 0, 0, 0, 0, 0, 0, 0, '0', '0', '0', '0', NULL, '2021-03-02 07:39:15', '2021-03-02 07:39:15'),
(16094, 61, 502, 688, 50, 5, NULL, 0, 1, 0, 0, 0, 0, 0, 0, 0, '0', '0', '0', '0', NULL, '2021-03-02 07:39:52', '2021-03-02 07:39:52'),
(16095, 61, 502, 688, 50, 6, NULL, 0, 1, 0, 0, 0, 0, 0, 0, 0, '0', '0', '0', '0', NULL, '2021-03-02 07:40:35', '2021-03-02 07:40:35'),
(16111, 66, 443, 694, 24, 1, NULL, 0, 1, 0, 0, 0, 0, 0, 0, 0, '0', '0', '0', '0', NULL, '2021-03-02 08:21:56', '2021-03-02 08:21:56'),
(16112, 66, 443, 694, 24, 2, NULL, 1, 1, 0, 0, 0, 0, 0, 0, 0, '0', '0', '0', '0', NULL, '2021-03-02 08:22:00', '2021-03-02 08:22:00'),
(16113, 66, 1, 694, 24, 3, NULL, 0, 1, 0, 0, 0, 0, 0, 0, 0, '0', '0', '0', '0', NULL, '2021-03-02 08:22:04', '2021-03-02 08:22:04'),
(16114, 66, 1, 694, 24, 4, NULL, 0, 1, 0, 0, 0, 0, 0, 0, 0, '0', '0', '0', '0', NULL, '2021-03-02 08:22:08', '2021-03-02 08:22:08'),
(16115, 67, 563, 74, 0, 0, NULL, 0, 3, 1, 3, 0, 0, 0, 0, 0, '0', '0', '0', '0', NULL, '2021-03-02 08:22:11', '2021-03-02 08:22:11'),
(16116, 66, 1, 694, 24, 5, NULL, 0, 1, 0, 0, 0, 0, 0, 0, 0, '0', '0', '0', '0', NULL, '2021-03-02 08:22:12', '2021-03-02 08:22:12'),
(16117, 67, 563, 74, 0, 0, NULL, 0, 3, 1, 3, 0, 0, 0, 0, 0, '0', '0', '0', '0', NULL, '2021-03-02 08:22:14', '2021-03-02 08:22:14'),
(16118, 66, 1, 694, 24, 6, NULL, 0, 1, 0, 0, 0, 0, 0, 0, 0, '0', '0', '0', '0', NULL, '2021-03-02 08:22:16', '2021-03-02 08:22:16'),
(16119, 67, 563, 74, 1, 1, NULL, 0, 1, 0, 0, 0, 0, 0, 0, 0, '0', '0', '0', '0', NULL, '2021-03-02 08:22:24', '2021-03-02 08:22:24'),
(16120, 66, 443, 703, 25, 1, NULL, 0, 1, 0, 0, 0, 0, 0, 0, 0, '0', '0', '0', '0', NULL, '2021-03-02 08:22:33', '2021-03-02 08:22:33'),
(16121, 66, 443, 703, 25, 2, NULL, 0, 1, 0, 0, 0, 0, 0, 0, 0, '0', '0', '0', '0', NULL, '2021-03-02 08:22:36', '2021-03-02 08:22:36'),
(16122, 66, 443, 703, 25, 3, NULL, 0, 1, 0, 0, 0, 0, 0, 0, 0, '0', '0', '0', '0', NULL, '2021-03-02 08:22:40', '2021-03-02 08:22:40'),
(16123, 66, 443, 703, 25, 4, NULL, 0, 1, 0, 0, 0, 0, 0, 0, 0, '0', '0', '0', '0', NULL, '2021-03-02 08:22:43', '2021-03-02 08:22:43'),
(16124, 66, 443, 703, 25, 5, NULL, 0, 1, 0, 0, 0, 0, 0, 0, 0, '0', '0', '0', '0', NULL, '2021-03-02 08:22:46', '2021-03-02 08:22:46'),
(16125, 66, 443, 703, 25, 6, NULL, 0, 1, 0, 0, 0, 0, 0, 0, 0, '0', '0', '0', '0', NULL, '2021-03-02 08:22:49', '2021-03-02 08:22:49'),
(16126, 67, 563, 74, 1, 2, NULL, 4, 2, 0, 0, 0, 0, 0, 0, 0, '0', '0', '0', '0', NULL, '2021-03-02 08:23:00', '2021-03-02 08:23:00'),
(16127, 66, 1, 707, 26, 1, NULL, 0, 1, 0, 0, 0, 0, 0, 0, 0, '0', '0', '0', '0', NULL, '2021-03-02 08:23:08', '2021-03-02 08:23:08'),
(16128, 66, 1, 707, 26, 2, NULL, 4, 2, 0, 0, 0, 0, 0, 0, 0, '0', '0', '0', '0', NULL, '2021-03-02 08:23:11', '2021-03-02 08:23:11'),
(16129, 66, 1, 707, 26, 3, NULL, 0, 1, 0, 0, 0, 0, 0, 0, 0, '0', '0', '0', '0', NULL, '2021-03-02 08:23:14', '2021-03-02 08:23:14'),
(16130, 66, 1, 707, 26, 4, NULL, 0, 1, 0, 0, 0, 0, 0, 0, 0, '0', '0', '0', '0', NULL, '2021-03-02 08:23:22', '2021-03-02 08:23:22'),
(16131, 66, 1, 707, 26, 5, NULL, 0, 1, 0, 0, 0, 0, 0, 0, 0, '0', '0', '0', '0', NULL, '2021-03-02 08:23:25', '2021-03-02 08:23:25'),
(16132, 66, 1, 707, 26, 6, NULL, 0, 1, 0, 0, 0, 0, 0, 0, 0, '0', '0', '0', '0', NULL, '2021-03-02 08:23:27', '2021-03-02 08:23:27'),
(16133, 66, 443, 703, 27, 1, NULL, 0, 1, 0, 0, 0, 0, 0, 0, 0, '0', '0', '0', '0', NULL, '2021-03-02 08:23:38', '2021-03-02 08:23:38'),
(16134, 66, 443, 703, 27, 2, NULL, 0, 1, 0, 0, 0, 0, 0, 0, 0, '0', '0', '0', '0', NULL, '2021-03-02 08:23:41', '2021-03-02 08:23:41'),
(16135, 67, 563, 74, 1, 3, NULL, 4, 2, 0, 0, 0, 0, 0, 0, 0, '0', '0', '0', '0', NULL, '2021-03-02 08:23:49', '2021-03-02 08:23:49'),
(16136, 66, 443, 703, 27, 3, NULL, 0, 1, 0, 0, 0, 0, 0, 0, 0, '0', '0', '0', '0', NULL, '2021-03-02 08:24:08', '2021-03-02 08:24:08'),
(16137, 66, 443, 703, 27, 4, NULL, 1, 1, 0, 0, 0, 0, 0, 0, 0, '0', '0', '0', '0', NULL, '2021-03-02 08:25:01', '2021-03-02 08:25:01'),
(16138, 66, 1, 703, 27, 5, 0, 0, 1, 0, 0, 0, 1, 0, 0, 0, '0', '0', '0', '0', NULL, '2021-03-02 08:26:01', '2021-03-02 08:26:01'),
(16139, 66, 484, 703, 27, 6, NULL, 0, 1, 0, 0, 0, 0, 0, 0, 0, '0', '0', '0', '0', NULL, '2021-03-02 08:29:05', '2021-03-02 08:29:05'),
(16140, 66, 443, 707, 28, 1, NULL, 0, 1, 0, 0, 0, 0, 0, 0, 0, '0', '0', '0', '0', NULL, '2021-03-02 08:29:18', '2021-03-02 08:29:18'),
(16141, 66, 443, 707, 28, 2, NULL, 0, 1, 0, 0, 0, 0, 0, 0, 0, '0', '0', '0', '0', NULL, '2021-03-02 08:29:22', '2021-03-02 08:29:22'),
(16142, 66, 443, 707, 28, 3, NULL, 0, 1, 0, 0, 0, 0, 0, 0, 0, '0', '0', '0', '0', NULL, '2021-03-02 08:30:08', '2021-03-02 08:30:08'),
(16143, 66, 443, 707, 28, 4, NULL, 0, 1, 0, 0, 0, 0, 0, 0, 0, '0', '0', '0', '0', NULL, '2021-03-02 08:30:20', '2021-03-02 08:30:20'),
(16144, 66, 443, 707, 28, 5, NULL, 0, 1, 0, 0, 0, 0, 0, 0, 0, '0', '0', '0', '0', NULL, '2021-03-02 08:30:52', '2021-03-02 08:30:52'),
(16145, 66, 443, 707, 28, 6, NULL, 0, 1, 0, 0, 0, 0, 0, 0, 0, '0', '0', '0', '0', NULL, '2021-03-02 08:31:35', '2021-03-02 08:31:35'),
(16146, 66, 484, 703, 29, 1, NULL, 1, 1, 0, 0, 0, 0, 0, 0, 0, '0', '0', '0', '0', NULL, '2021-03-02 08:32:25', '2021-03-02 08:32:25'),
(16147, 66, 443, 703, 29, 2, NULL, 4, 2, 0, 0, 0, 0, 0, 0, 0, '0', '0', '0', '0', NULL, '2021-03-02 08:32:59', '2021-03-02 08:32:59'),
(16148, 66, 443, 703, 29, 3, NULL, 0, 1, 0, 0, 0, 0, 0, 0, 0, '0', '0', '0', '0', NULL, '2021-03-02 08:33:59', '2021-03-02 08:33:59'),
(16149, 66, 443, 703, 29, 4, NULL, 0, 1, 0, 0, 0, 0, 0, 0, 0, '0', '0', '0', '0', NULL, '2021-03-02 08:35:04', '2021-03-02 08:35:04'),
(16150, 66, 443, 703, 29, 5, NULL, 0, 1, 0, 0, 0, 0, 0, 0, 0, '0', '0', '0', '0', NULL, '2021-03-02 08:35:08', '2021-03-02 08:35:08'),
(16151, 66, 443, 703, 29, 6, NULL, 0, 1, 0, 0, 0, 0, 0, 0, 0, '0', '0', '0', '0', NULL, '2021-03-02 08:36:16', '2021-03-02 08:36:16'),
(16152, 67, 563, 74, 1, 4, NULL, 3, 1, 0, 0, 0, 0, 0, 0, 0, '0', '0', '0', '0', NULL, '2021-03-02 08:37:02', '2021-03-02 08:37:02'),
(16153, 67, 558, 74, 1, 0, NULL, 0, 3, 1, 3, 0, 0, 0, 0, 0, '0', '0', '0', '0', NULL, '2021-03-02 08:37:07', '2021-03-02 08:37:07'),
(16154, 67, 558, 74, 1, 5, NULL, 0, 1, 0, 0, 0, 0, 0, 0, 0, '0', '0', '0', '0', NULL, '2021-03-02 08:37:11', '2021-03-02 08:37:11'),
(16155, 66, 484, 707, 30, 1, NULL, 0, 1, 0, 0, 0, 0, 0, 0, 0, '0', '0', '0', '0', NULL, '2021-03-02 08:37:13', '2021-03-02 08:37:13'),
(16156, 67, 558, 74, 1, 6, NULL, 0, 1, 0, 0, 0, 0, 0, 0, 0, '0', '0', '0', '0', NULL, '2021-03-02 08:37:13', '2021-03-02 08:37:13'),
(16157, 67, 563, 76, 2, 1, NULL, 0, 1, 0, 0, 0, 0, 0, 0, 0, '0', '0', '0', '0', NULL, '2021-03-02 08:37:36', '2021-03-02 08:37:36'),
(16158, 67, 563, 76, 2, 2, NULL, 6, 2, 0, 0, 0, 0, 0, 0, 0, '0', '0', '0', '0', NULL, '2021-03-02 08:37:39', '2021-03-02 08:37:39'),
(16159, 67, 563, 76, 2, 3, NULL, 0, 1, 0, 0, 0, 0, 0, 0, 0, '0', '0', '0', '0', NULL, '2021-03-02 08:37:41', '2021-03-02 08:37:41'),
(16160, 67, 563, 76, 2, 0, NULL, 0, 3, 1, 3, 0, 0, 0, 0, 0, '0', '0', '0', '0', NULL, '2021-03-02 08:37:45', '2021-03-02 08:37:45'),
(16161, 67, 563, 76, 2, 4, NULL, 0, 1, 0, 0, 0, 0, 0, 0, 0, '0', '0', '0', '0', NULL, '2021-03-02 08:37:49', '2021-03-02 08:37:49'),
(16162, 67, 563, 76, 2, 5, NULL, 4, 2, 0, 0, 0, 0, 0, 0, 0, '0', '0', '0', '0', NULL, '2021-03-02 08:37:52', '2021-03-02 08:37:52'),
(16163, 67, 563, 76, 2, 6, NULL, 0, 1, 0, 0, 0, 0, 0, 0, 0, '0', '0', '0', '0', NULL, '2021-03-02 08:37:55', '2021-03-02 08:37:55'),
(16164, 66, 484, 707, 30, 2, NULL, 0, 1, 0, 0, 0, 0, 0, 0, 0, '0', '0', '0', '0', NULL, '2021-03-02 08:37:55', '2021-03-02 08:37:55'),
(16165, 67, 558, 74, 3, 1, NULL, 0, 1, 0, 0, 0, 0, 0, 0, 0, '0', '0', '0', '0', NULL, '2021-03-02 08:38:04', '2021-03-02 08:38:04'),
(16166, 67, 558, 74, 3, 2, NULL, 0, 1, 0, 0, 0, 0, 0, 0, 0, '0', '0', '0', '0', NULL, '2021-03-02 08:38:07', '2021-03-02 08:38:07'),
(16167, 67, 558, 74, 3, 3, NULL, 0, 1, 0, 0, 0, 0, 0, 0, 0, '0', '0', '0', '0', NULL, '2021-03-02 08:38:09', '2021-03-02 08:38:09'),
(16168, 67, 558, 74, 3, 4, NULL, 0, 1, 0, 0, 0, 0, 0, 0, 0, '0', '0', '0', '0', NULL, '2021-03-02 08:38:12', '2021-03-02 08:38:12'),
(16169, 67, 558, 74, 3, 5, NULL, 0, 1, 0, 0, 0, 0, 0, 0, 0, '0', '0', '0', '0', NULL, '2021-03-02 08:38:14', '2021-03-02 08:38:14'),
(16170, 67, 558, 74, 3, 6, NULL, 0, 1, 0, 0, 0, 0, 0, 0, 0, '0', '0', '0', '0', NULL, '2021-03-02 08:38:17', '2021-03-02 08:38:17'),
(16171, 67, 563, 76, 4, 1, NULL, 0, 1, 0, 0, 0, 0, 0, 0, 0, '0', '0', '0', '0', NULL, '2021-03-02 08:38:27', '2021-03-02 08:38:27'),
(16172, 67, 563, 76, 4, 2, NULL, 4, 2, 0, 0, 0, 0, 0, 0, 0, '0', '0', '0', '0', NULL, '2021-03-02 08:38:30', '2021-03-02 08:38:30'),
(16173, 67, 563, 76, 4, 3, NULL, 0, 1, 0, 0, 0, 0, 0, 0, 0, '0', '0', '0', '0', NULL, '2021-03-02 08:38:32', '2021-03-02 08:38:32'),
(16174, 67, 563, 76, 4, 4, NULL, 0, 1, 0, 0, 0, 0, 0, 0, 0, '0', '0', '0', '0', NULL, '2021-03-02 08:38:35', '2021-03-02 08:38:35'),
(16175, 67, 563, 76, 4, 5, NULL, 0, 1, 0, 0, 0, 0, 0, 0, 0, '0', '0', '0', '0', NULL, '2021-03-02 08:38:38', '2021-03-02 08:38:38'),
(16176, 66, 484, 707, 30, 3, NULL, 1, 1, 0, 0, 0, 0, 0, 0, 0, '0', '0', '0', '0', NULL, '2021-03-02 08:38:45', '2021-03-02 08:38:45'),
(16177, 67, 563, 76, 4, 0, NULL, 0, 3, 1, 3, 0, 0, 0, 0, 0, '0', '0', '0', '0', NULL, '2021-03-02 08:38:56', '2021-03-02 08:38:56'),
(16178, 66, 443, 707, 30, 4, NULL, 0, 1, 0, 0, 0, 0, 0, 0, 0, '0', '0', '0', '0', NULL, '2021-03-02 08:39:21', '2021-03-02 08:39:21'),
(16179, 67, 563, 76, 4, 6, NULL, 2, 1, 0, 0, 0, 0, 0, 0, 0, '0', '0', '0', '0', NULL, '2021-03-02 08:39:38', '2021-03-02 08:39:38'),
(16180, 66, 443, 707, 30, 5, NULL, 0, 1, 0, 0, 0, 0, 0, 0, 0, '0', '0', '0', '0', NULL, '2021-03-02 08:39:51', '2021-03-02 08:39:51'),
(16181, 67, 558, 74, 5, 1, NULL, 4, 2, 0, 0, 0, 0, 0, 0, 0, '0', '0', '0', '0', NULL, '2021-03-02 08:40:30', '2021-03-02 08:40:30'),
(16182, 66, 443, 707, 30, 6, NULL, 1, 1, 0, 0, 0, 0, 0, 0, 0, '0', '0', '0', '0', NULL, '2021-03-02 08:40:32', '2021-03-02 08:40:32'),
(16183, 66, 443, 694, 31, 1, NULL, 0, 1, 0, 0, 0, 0, 0, 0, 0, '0', '0', '0', '0', NULL, '2021-03-02 08:42:11', '2021-03-02 08:42:11'),
(16184, 66, 443, 694, 31, 2, NULL, 0, 1, 0, 0, 0, 0, 0, 0, 0, '0', '0', '0', '0', NULL, '2021-03-02 08:42:41', '2021-03-02 08:42:41'),
(16185, 66, 443, 694, 31, 3, NULL, 0, 1, 0, 0, 0, 0, 0, 0, 0, '0', '0', '0', '0', NULL, '2021-03-02 08:42:47', '2021-03-02 08:42:47'),
(16186, 66, 443, 694, 31, 4, NULL, 0, 1, 0, 0, 0, 0, 0, 0, 0, '0', '0', '0', '0', NULL, '2021-03-02 08:43:06', '2021-03-02 08:43:06'),
(16187, 66, 443, 694, 31, 5, NULL, 0, 1, 0, 0, 0, 0, 0, 0, 0, '0', '0', '0', '0', NULL, '2021-03-02 08:43:21', '2021-03-02 08:43:21'),
(16188, 66, 443, 694, 31, 6, NULL, 1, 1, 0, 0, 0, 0, 0, 0, 0, '0', '0', '0', '0', NULL, '2021-03-02 08:43:55', '2021-03-02 08:43:55'),
(16189, 67, 558, 74, 5, 2, NULL, 0, 1, 0, 0, 0, 0, 0, 0, 0, '0', '0', '0', '0', NULL, '2021-03-02 08:45:00', '2021-03-02 08:45:00'),
(16190, 67, 558, 74, 5, 3, NULL, 0, 1, 0, 0, 0, 0, 0, 0, 0, '0', '0', '0', '0', NULL, '2021-03-02 08:45:02', '2021-03-02 08:45:02'),
(16191, 67, 558, 74, 5, 4, NULL, 0, 1, 0, 0, 0, 0, 0, 0, 0, '0', '0', '0', '0', NULL, '2021-03-02 08:45:04', '2021-03-02 08:45:04'),
(16192, 67, 558, 74, 5, 5, NULL, 4, 2, 0, 0, 0, 0, 0, 0, 0, '0', '0', '0', '0', NULL, '2021-03-02 08:45:06', '2021-03-02 08:45:06'),
(16193, 67, 558, 74, 5, 6, NULL, 0, 1, 0, 0, 0, 0, 0, 0, 0, '0', '0', '0', '0', NULL, '2021-03-02 08:45:08', '2021-03-02 08:45:08'),
(16194, 67, 563, 683, 6, 1, NULL, 0, 1, 0, 0, 0, 0, 0, 0, 0, '0', '0', '0', '0', NULL, '2021-03-02 08:45:22', '2021-03-02 08:45:22'),
(16195, 67, 563, 683, 6, 2, NULL, 0, 1, 0, 0, 0, 0, 0, 0, 0, '0', '0', '0', '0', NULL, '2021-03-02 08:45:25', '2021-03-02 08:45:25'),
(16196, 67, 563, 683, 6, 3, NULL, 0, 1, 0, 0, 0, 0, 0, 0, 0, '0', '0', '0', '0', NULL, '2021-03-02 08:45:27', '2021-03-02 08:45:27'),
(16197, 66, 443, 707, 32, 1, NULL, 4, 2, 0, 0, 0, 0, 0, 0, 0, '0', '0', '0', '0', NULL, '2021-03-02 08:45:30', '2021-03-02 08:45:30'),
(16198, 67, 563, 683, 6, 4, NULL, 0, 1, 0, 0, 0, 0, 0, 0, 0, '0', '0', '0', '0', NULL, '2021-03-02 08:45:45', '2021-03-02 08:45:45'),
(16199, 67, 563, 683, 6, 5, NULL, 0, 1, 0, 0, 0, 0, 0, 0, 0, '0', '0', '0', '0', NULL, '2021-03-02 08:45:57', '2021-03-02 08:45:57'),
(16200, 67, 563, 683, 6, 6, NULL, 0, 1, 0, 0, 0, 0, 0, 0, 0, '0', '0', '0', '0', NULL, '2021-03-02 08:46:11', '2021-03-02 08:46:11'),
(16201, 66, 443, 707, 32, 2, NULL, 0, 1, 0, 0, 0, 0, 0, 0, 0, '0', '0', '0', '0', NULL, '2021-03-02 08:46:44', '2021-03-02 08:46:44'),
(16202, 66, 443, 707, 32, 3, NULL, 0, 1, 0, 0, 0, 0, 0, 0, 0, '0', '0', '0', '0', NULL, '2021-03-02 08:46:47', '2021-03-02 08:46:47'),
(16203, 66, 443, 707, 32, 4, NULL, 4, 2, 0, 0, 0, 0, 0, 0, 0, '0', '0', '0', '0', NULL, '2021-03-02 08:47:40', '2021-03-02 08:47:40'),
(16204, 67, 558, 74, 7, 1, NULL, 0, 1, 0, 0, 0, 0, 0, 0, 0, '0', '0', '0', '0', NULL, '2021-03-02 08:47:58', '2021-03-02 08:47:58'),
(16205, 67, 558, 74, 7, 2, NULL, 0, 1, 0, 0, 0, 0, 0, 0, 0, '0', '0', '0', '0', NULL, '2021-03-02 08:48:02', '2021-03-02 08:48:02'),
(16206, 66, 443, 707, 32, 5, NULL, 0, 1, 0, 0, 0, 0, 0, 0, 0, '0', '0', '0', '0', NULL, '2021-03-02 08:48:30', '2021-03-02 08:48:30'),
(16207, 67, 558, 74, 7, 3, NULL, 0, 1, 0, 0, 0, 0, 0, 0, 0, '0', '0', '0', '0', NULL, '2021-03-02 08:48:35', '2021-03-02 08:48:35'),
(16208, 67, 558, 74, 7, 4, NULL, 4, 2, 0, 0, 0, 0, 0, 0, 0, '0', '0', '0', '0', NULL, '2021-03-02 08:49:10', '2021-03-02 08:49:10'),
(16209, 66, 443, 707, 32, 6, NULL, 0, 1, 0, 0, 0, 0, 0, 0, 0, '0', '0', '0', '0', NULL, '2021-03-02 08:49:16', '2021-03-02 08:49:16'),
(16210, 67, 558, 74, 7, 5, 0, 0, 1, 0, 0, 0, 2, 0, 0, 0, '0', '0', '0', '0', NULL, '2021-03-02 08:50:02', '2021-03-02 08:50:02'),
(16211, 66, 484, 694, 33, 1, NULL, 0, 1, 0, 0, 0, 0, 0, 0, 0, '0', '0', '0', '0', NULL, '2021-03-02 08:50:32', '2021-03-02 08:50:32'),
(16212, 66, 484, 694, 33, 2, NULL, 0, 1, 0, 0, 0, 0, 0, 0, 0, '0', '0', '0', '0', NULL, '2021-03-02 08:50:34', '2021-03-02 08:50:34'),
(16213, 67, 559, 74, 7, 6, NULL, 0, 1, 0, 0, 0, 0, 0, 0, 0, '0', '0', '0', '0', NULL, '2021-03-02 08:52:04', '2021-03-02 08:52:04'),
(16214, 66, 484, 694, 33, 3, NULL, 0, 1, 0, 0, 0, 0, 0, 0, 0, '0', '0', '0', '0', NULL, '2021-03-02 08:52:11', '2021-03-02 08:52:11'),
(16215, 66, 484, 694, 33, 4, NULL, 0, 1, 0, 0, 0, 0, 0, 0, 0, '0', '0', '0', '0', NULL, '2021-03-02 08:52:13', '2021-03-02 08:52:13'),
(16216, 66, 484, 694, 33, 5, NULL, 0, 1, 0, 0, 0, 0, 0, 0, 0, '0', '0', '0', '0', NULL, '2021-03-02 08:52:15', '2021-03-02 08:52:15'),
(16217, 66, 484, 694, 33, 6, NULL, 0, 1, 0, 0, 0, 0, 0, 0, 0, '0', '0', '0', '0', NULL, '2021-03-02 08:52:18', '2021-03-02 08:52:18'),
(16218, 67, 563, 683, 8, 1, NULL, 0, 1, 0, 0, 0, 0, 0, 0, 0, '0', '0', '0', '0', NULL, '2021-03-02 08:53:02', '2021-03-02 08:53:02'),
(16219, 67, 563, 683, 8, 2, NULL, 1, 1, 0, 0, 0, 0, 0, 0, 0, '0', '0', '0', '0', NULL, '2021-03-02 08:53:40', '2021-03-02 08:53:40'),
(16220, 67, 559, 683, 8, 0, NULL, 0, 3, 1, 4, 0, 0, 0, 0, 0, '0', '0', '0', '0', NULL, '2021-03-02 08:53:54', '2021-03-02 08:53:54'),
(16221, 67, 559, 683, 8, 3, NULL, 0, 1, 0, 0, 0, 0, 0, 0, 0, '0', '0', '0', '0', NULL, '2021-03-02 08:54:04', '2021-03-02 08:54:04'),
(16222, 67, 559, 683, 8, 4, NULL, 0, 1, 0, 0, 0, 0, 0, 0, 0, '0', '0', '0', '0', NULL, '2021-03-02 08:54:19', '2021-03-02 08:54:19'),
(16223, 66, 443, 707, 34, 1, NULL, 0, 1, 0, 0, 0, 0, 0, 0, 0, '0', '0', '0', '0', NULL, '2021-03-02 08:54:20', '2021-03-02 08:54:20'),
(16224, 67, 559, 683, 8, 5, NULL, 0, 1, 0, 0, 0, 0, 0, 0, 0, '0', '0', '0', '0', NULL, '2021-03-02 08:54:32', '2021-03-02 08:54:32'),
(16225, 67, 559, 683, 8, 6, NULL, 2, 1, 0, 0, 0, 0, 0, 0, 0, '0', '0', '0', '0', NULL, '2021-03-02 08:54:55', '2021-03-02 08:54:55'),
(16226, 66, 443, 707, 34, 2, NULL, 2, 1, 0, 0, 0, 0, 0, 0, 0, '0', '0', '0', '0', NULL, '2021-03-02 08:55:00', '2021-03-02 08:55:00'),
(16227, 66, 443, 707, 34, 3, NULL, 0, 1, 0, 0, 0, 0, 0, 0, 0, '0', '0', '0', '0', NULL, '2021-03-02 08:55:12', '2021-03-02 08:55:12'),
(16228, 67, 563, 74, 9, 1, NULL, 0, 1, 0, 0, 0, 0, 0, 0, 0, '0', '0', '0', '0', NULL, '2021-03-02 08:55:48', '2021-03-02 08:55:48'),
(16229, 67, 563, 74, 9, 2, NULL, 0, 1, 0, 0, 0, 0, 0, 0, 0, '0', '0', '0', '0', NULL, '2021-03-02 08:56:21', '2021-03-02 08:56:21'),
(16230, 66, 443, 707, 34, 4, 0, 0, 1, 0, 0, 0, 1, 0, 0, 0, '0', '0', '0', '0', NULL, '2021-03-02 08:56:40', '2021-03-02 08:56:40'),
(16231, 67, 563, 74, 9, 3, NULL, 4, 2, 0, 0, 0, 0, 0, 0, 0, '0', '0', '0', '0', NULL, '2021-03-02 08:57:04', '2021-03-02 08:57:04'),
(16232, 67, 563, 74, 9, 4, NULL, 0, 1, 0, 0, 0, 0, 0, 0, 0, '0', '0', '0', '0', NULL, '2021-03-02 08:57:44', '2021-03-02 08:57:44'),
(16233, 67, 563, 74, 9, 5, NULL, 4, 2, 0, 0, 0, 0, 0, 0, 0, '0', '0', '0', '0', NULL, '2021-03-02 08:58:24', '2021-03-02 08:58:24'),
(16234, 66, 442, 707, 34, 5, NULL, 0, 1, 0, 0, 0, 0, 0, 0, 0, '0', '0', '0', '0', NULL, '2021-03-02 08:58:39', '2021-03-02 08:58:39'),
(16235, 66, 442, 707, 34, 6, NULL, 0, 1, 0, 0, 0, 0, 0, 0, 0, '0', '0', '0', '0', NULL, '2021-03-02 08:58:41', '2021-03-02 08:58:41'),
(16236, 67, 563, 74, 9, 6, NULL, 0, 1, 0, 0, 0, 0, 0, 0, 0, '0', '0', '0', '0', NULL, '2021-03-02 08:59:11', '2021-03-02 08:59:11'),
(16239, 66, 484, 694, 35, 1, NULL, 0, 1, 0, 0, 0, 0, 0, 0, 0, '0', '0', '0', '0', NULL, '2021-03-02 09:00:11', '2021-03-02 09:00:11'),
(16240, 66, 484, 694, 35, 2, NULL, 0, 1, 0, 0, 0, 0, 0, 0, 0, '0', '0', '0', '0', NULL, '2021-03-02 09:00:14', '2021-03-02 09:00:14'),
(16241, 67, 559, 683, 10, 1, NULL, 0, 1, 0, 0, 0, 0, 0, 0, 0, '0', '0', '0', '0', NULL, '2021-03-02 09:00:21', '2021-03-02 09:00:21'),
(16243, 67, 559, 683, 10, 2, NULL, 1, 1, 0, 0, 0, 0, 0, 0, 0, '0', '0', '0', '0', NULL, '2021-03-02 09:00:42', '2021-03-02 09:00:42'),
(16244, 67, 563, 683, 10, 3, NULL, 0, 1, 0, 0, 0, 0, 0, 0, 0, '0', '0', '0', '0', NULL, '2021-03-02 09:00:44', '2021-03-02 09:00:44'),
(16245, 67, 563, 683, 10, 4, NULL, 1, 1, 0, 0, 0, 0, 0, 0, 0, '0', '0', '0', '0', NULL, '2021-03-02 09:00:46', '2021-03-02 09:00:46'),
(16246, 67, 559, 683, 10, 5, NULL, 0, 1, 0, 0, 0, 0, 0, 0, 0, '0', '0', '0', '0', NULL, '2021-03-02 09:01:01', '2021-03-02 09:01:01'),
(16247, 67, 559, 683, 10, 6, NULL, 0, 1, 0, 0, 0, 0, 0, 0, 0, '0', '0', '0', '0', NULL, '2021-03-02 09:01:17', '2021-03-02 09:01:17'),
(16248, 67, 563, 74, 11, 1, NULL, 0, 1, 0, 0, 0, 0, 0, 0, 0, '0', '0', '0', '0', NULL, '2021-03-02 09:02:22', '2021-03-02 09:02:22'),
(16249, 66, 484, 694, 35, 3, NULL, 0, 1, 0, 0, 0, 0, 0, 0, 0, '0', '0', '0', '0', NULL, '2021-03-02 09:03:10', '2021-03-02 09:03:10'),
(16250, 66, 484, 694, 35, 4, NULL, 1, 1, 0, 0, 0, 0, 0, 0, 0, '0', '0', '0', '0', NULL, '2021-03-02 09:03:12', '2021-03-02 09:03:12'),
(16251, 66, 442, 694, 35, 5, NULL, 0, 1, 0, 0, 0, 0, 0, 0, 0, '0', '0', '0', '0', NULL, '2021-03-02 09:03:15', '2021-03-02 09:03:15'),
(16252, 67, 563, 74, 11, 2, NULL, 0, 1, 0, 0, 0, 0, 0, 0, 0, '0', '0', '0', '0', NULL, '2021-03-02 09:03:18', '2021-03-02 09:03:18'),
(16253, 66, 442, 694, 35, 6, NULL, 0, 1, 0, 0, 0, 0, 0, 0, 0, '0', '0', '0', '0', NULL, '2021-03-02 09:03:18', '2021-03-02 09:03:18'),
(16255, 66, 484, 707, 36, 1, NULL, 0, 1, 0, 0, 0, 0, 0, 0, 0, '0', '0', '0', '0', NULL, '2021-03-02 09:03:25', '2021-03-02 09:03:25'),
(16256, 66, 484, 707, 36, 2, NULL, 0, 1, 0, 0, 0, 0, 0, 0, 0, '0', '0', '0', '0', NULL, '2021-03-02 09:03:27', '2021-03-02 09:03:27'),
(16257, 67, 563, 74, 11, 3, NULL, 0, 1, 0, 0, 0, 0, 0, 0, 0, '0', '0', '0', '0', NULL, '2021-03-02 09:03:50', '2021-03-02 09:03:50'),
(16258, 67, 563, 74, 11, 4, NULL, 2, 1, 0, 0, 0, 0, 0, 0, 0, '0', '0', '0', '0', NULL, '2021-03-02 09:04:28', '2021-03-02 09:04:28'),
(16259, 67, 563, 74, 11, 5, NULL, 0, 1, 0, 0, 0, 0, 0, 0, 0, '0', '0', '0', '0', NULL, '2021-03-02 09:05:18', '2021-03-02 09:05:18'),
(16260, 67, 563, 74, 11, 6, NULL, 0, 1, 0, 0, 0, 0, 0, 0, 0, '0', '0', '0', '0', NULL, '2021-03-02 09:05:32', '2021-03-02 09:05:32'),
(16261, 66, 484, 707, 36, 3, NULL, 0, 1, 0, 0, 0, 0, 0, 0, 0, '0', '0', '0', '0', NULL, '2021-03-02 09:06:03', '2021-03-02 09:06:03'),
(16262, 66, 484, 707, 36, 4, NULL, 0, 1, 0, 0, 0, 0, 0, 0, 0, '0', '0', '0', '0', NULL, '2021-03-02 09:06:06', '2021-03-02 09:06:06'),
(16263, 66, 484, 707, 36, 5, NULL, 0, 1, 0, 0, 0, 0, 0, 0, 0, '0', '0', '0', '0', NULL, '2021-03-02 09:06:09', '2021-03-02 09:06:09'),
(16264, 66, 484, 707, 36, 6, NULL, 0, 1, 0, 0, 0, 0, 0, 0, 0, '0', '0', '0', '0', NULL, '2021-03-02 09:06:13', '2021-03-02 09:06:13'),
(16265, 66, 442, 694, 37, 1, NULL, 0, 1, 0, 0, 0, 0, 0, 0, 0, '0', '0', '0', '0', NULL, '2021-03-02 09:06:26', '2021-03-02 09:06:26'),
(16267, 67, 559, 683, 12, 1, NULL, 0, 1, 0, 0, 0, 0, 0, 0, 0, '0', '0', '0', '0', NULL, '2021-03-02 09:06:44', '2021-03-02 09:06:44'),
(16268, 67, 559, 683, 12, 2, NULL, 0, 1, 0, 0, 0, 0, 0, 0, 0, '0', '0', '0', '0', NULL, '2021-03-02 09:06:47', '2021-03-02 09:06:47'),
(16270, 66, 442, 694, 37, 2, NULL, 0, 1, 0, 0, 0, 0, 0, 0, 0, '0', '0', '0', '0', NULL, '2021-03-02 09:07:09', '2021-03-02 09:07:09'),
(16273, 67, 559, 683, 12, 3, NULL, 0, 1, 0, 0, 0, 0, 0, 0, 0, '0', '0', '0', '0', NULL, '2021-03-02 09:08:09', '2021-03-02 09:08:09'),
(16274, 67, 559, 683, 12, 4, NULL, 1, 1, 0, 0, 0, 0, 0, 0, 0, '0', '0', '0', '0', NULL, '2021-03-02 09:08:11', '2021-03-02 09:08:11'),
(16275, 67, 563, 683, 12, 5, NULL, 0, 1, 0, 0, 0, 0, 0, 0, 0, '0', '0', '0', '0', NULL, '2021-03-02 09:08:13', '2021-03-02 09:08:13'),
(16276, 67, 563, 683, 12, 6, NULL, 0, 1, 0, 0, 0, 0, 0, 0, 0, '0', '0', '0', '0', NULL, '2021-03-02 09:08:15', '2021-03-02 09:08:15'),
(16277, 67, 559, 76, 13, 1, 0, 0, 1, 0, 0, 0, 2, 0, 0, 0, '0', '0', '0', '0', NULL, '2021-03-02 09:08:54', '2021-03-02 09:08:54'),
(16278, 66, 442, 694, 37, 3, NULL, 0, 1, 0, 0, 0, 0, 0, 0, 0, '0', '0', '0', '0', NULL, '2021-03-02 09:09:04', '2021-03-02 09:09:04'),
(16279, 66, 442, 694, 37, 4, NULL, 0, 1, 0, 0, 0, 0, 0, 0, 0, '0', '0', '0', '0', NULL, '2021-03-02 09:09:07', '2021-03-02 09:09:07'),
(16280, 66, 442, 694, 37, 5, NULL, 4, 2, 0, 0, 0, 0, 0, 0, 0, '0', '0', '0', '0', NULL, '2021-03-02 09:09:10', '2021-03-02 09:09:10'),
(16281, 66, 442, 694, 37, 6, NULL, 0, 1, 0, 0, 0, 0, 0, 0, 0, '0', '0', '0', '0', NULL, '2021-03-02 09:09:13', '2021-03-02 09:09:13'),
(16282, 66, 484, 707, 38, 1, NULL, 0, 1, 0, 0, 0, 0, 0, 0, 0, '0', '0', '0', '0', NULL, '2021-03-02 09:10:22', '2021-03-02 09:10:22'),
(16283, 67, 503, 76, 13, 0, NULL, 0, 3, 1, 3, 0, 0, 0, 0, 0, '0', '0', '0', '0', NULL, '2021-03-02 09:11:05', '2021-03-02 09:11:05'),
(16284, 67, 503, 76, 13, 2, NULL, 0, 1, 0, 0, 0, 0, 0, 0, 0, '0', '0', '0', '0', NULL, '2021-03-02 09:11:32', '2021-03-02 09:11:32'),
(16285, 66, 484, 707, 38, 2, NULL, 0, 1, 0, 0, 0, 0, 0, 0, 0, '0', '0', '0', '0', NULL, '2021-03-02 09:11:48', '2021-03-02 09:11:48'),
(16286, 66, 484, 707, 38, 3, NULL, 0, 1, 0, 0, 0, 0, 0, 0, 0, '0', '0', '0', '0', NULL, '2021-03-02 09:11:51', '2021-03-02 09:11:51'),
(16287, 66, 484, 707, 38, 4, NULL, 0, 1, 0, 0, 0, 0, 0, 0, 0, '0', '0', '0', '0', NULL, '2021-03-02 09:11:53', '2021-03-02 09:11:53'),
(16288, 66, 484, 707, 38, 5, NULL, 0, 1, 0, 0, 0, 0, 0, 0, 0, '0', '0', '0', '0', NULL, '2021-03-02 09:12:01', '2021-03-02 09:12:01'),
(16289, 67, 503, 76, 13, 3, NULL, 2, 1, 0, 0, 0, 0, 0, 0, 0, '0', '0', '0', '0', NULL, '2021-03-02 09:12:14', '2021-03-02 09:12:14'),
(16290, 66, 484, 707, 38, 6, NULL, 0, 1, 0, 0, 0, 0, 0, 0, 0, '0', '0', '0', '0', NULL, '2021-03-02 09:12:56', '2021-03-02 09:12:56'),
(16291, 67, 503, 76, 13, 4, NULL, 4, 2, 0, 0, 0, 0, 0, 0, 0, '0', '0', '0', '0', NULL, '2021-03-02 09:13:21', '2021-03-02 09:13:21'),
(16292, 67, 503, 76, 13, 5, NULL, 0, 1, 0, 0, 0, 0, 0, 0, 0, '0', '0', '0', '0', NULL, '2021-03-02 09:13:24', '2021-03-02 09:13:24'),
(16293, 67, 503, 76, 13, 6, NULL, 0, 1, 0, 0, 0, 0, 0, 0, 0, '0', '0', '0', '0', NULL, '2021-03-02 09:13:51', '2021-03-02 09:13:51'),
(16294, 67, 563, 683, 14, 1, NULL, 0, 1, 0, 0, 0, 0, 0, 0, 0, '0', '0', '0', '0', NULL, '2021-03-02 09:14:52', '2021-03-02 09:14:52'),
(16295, 67, 563, 683, 14, 2, NULL, 1, 1, 0, 0, 0, 0, 0, 0, 0, '0', '0', '0', '0', NULL, '2021-03-02 09:15:14', '2021-03-02 09:15:14'),
(16296, 67, 503, 683, 14, 0, NULL, 0, 3, 1, 3, 0, 0, 0, 0, 0, '0', '0', '0', '0', NULL, '2021-03-02 09:16:42', '2021-03-02 09:16:42'),
(16297, 67, 503, 683, 14, 3, NULL, 1, 1, 0, 0, 0, 0, 0, 0, 0, '0', '0', '0', '0', NULL, '2021-03-02 09:16:47', '2021-03-02 09:16:47'),
(16298, 67, 563, 683, 14, 4, NULL, 1, 1, 0, 0, 0, 0, 0, 0, 0, '0', '0', '0', '0', NULL, '2021-03-02 09:17:23', '2021-03-02 09:17:23'),
(16299, 67, 503, 683, 14, 5, NULL, 0, 1, 0, 0, 0, 0, 0, 0, 0, '0', '0', '0', '0', NULL, '2021-03-02 09:17:26', '2021-03-02 09:17:26'),
(16300, 67, 503, 683, 14, 6, NULL, 0, 1, 0, 0, 0, 0, 0, 0, 0, '0', '0', '0', '0', NULL, '2021-03-02 09:17:29', '2021-03-02 09:17:29'),
(16301, 67, 563, 76, 15, 1, NULL, 0, 1, 0, 0, 0, 0, 0, 0, 0, '0', '0', '0', '0', NULL, '2021-03-02 09:18:00', '2021-03-02 09:18:00'),
(16302, 67, 563, 76, 15, 2, NULL, 2, 1, 0, 0, 0, 0, 0, 0, 0, '0', '0', '0', '0', NULL, '2021-03-02 09:18:36', '2021-03-02 09:18:36'),
(16303, 67, 563, 76, 15, 3, NULL, 0, 1, 0, 0, 0, 0, 0, 0, 0, '0', '0', '0', '0', NULL, '2021-03-02 09:19:02', '2021-03-02 09:19:02'),
(16304, 67, 563, 76, 15, 4, NULL, 1, 1, 0, 0, 0, 0, 0, 0, 0, '0', '0', '0', '0', NULL, '2021-03-02 09:20:21', '2021-03-02 09:20:21'),
(16306, 67, 503, 76, 15, 5, NULL, 0, 1, 0, 0, 0, 0, 0, 0, 0, '0', '0', '0', '0', NULL, '2021-03-02 09:20:57', '2021-03-02 09:20:57'),
(16307, 67, 503, 76, 15, 0, NULL, 0, 3, 1, 3, 0, 0, 0, 0, 0, '0', '0', '0', '0', NULL, '2021-03-02 09:21:20', '2021-03-02 09:21:20'),
(16308, 67, 503, 76, 15, 6, NULL, 4, 2, 0, 0, 0, 0, 0, 0, 0, '0', '0', '0', '0', NULL, '2021-03-02 09:21:58', '2021-03-02 09:21:58'),
(16309, 66, 442, 694, 39, 1, NULL, 0, 1, 0, 0, 0, 0, 0, 0, 0, '0', '0', '0', '0', NULL, '2021-03-02 09:22:11', '2021-03-02 09:22:11'),
(16310, 66, 442, 694, 39, 2, NULL, 0, 1, 0, 0, 0, 0, 0, 0, 0, '0', '0', '0', '0', NULL, '2021-03-02 09:22:13', '2021-03-02 09:22:13'),
(16311, 66, 442, 694, 39, 3, NULL, 1, 1, 0, 0, 0, 0, 0, 0, 0, '0', '0', '0', '0', NULL, '2021-03-02 09:22:15', '2021-03-02 09:22:15'),
(16312, 66, 484, 694, 39, 4, NULL, 0, 1, 0, 0, 0, 0, 0, 0, 0, '0', '0', '0', '0', NULL, '2021-03-02 09:22:18', '2021-03-02 09:22:18'),
(16313, 66, 484, 694, 39, 5, NULL, 0, 1, 0, 0, 0, 0, 0, 0, 0, '0', '0', '0', '0', NULL, '2021-03-02 09:22:20', '2021-03-02 09:22:20'),
(16314, 66, 484, 694, 39, 6, NULL, 0, 1, 0, 0, 0, 0, 0, 0, 0, '0', '0', '0', '0', NULL, '2021-03-02 09:22:22', '2021-03-02 09:22:22'),
(16315, 66, 442, 707, 40, 1, NULL, 0, 1, 0, 0, 0, 0, 0, 0, 0, '0', '0', '0', '0', NULL, '2021-03-02 09:22:41', '2021-03-02 09:22:41'),
(16316, 66, 442, 707, 40, 2, NULL, 0, 1, 0, 0, 0, 0, 0, 0, 0, '0', '0', '0', '0', NULL, '2021-03-02 09:22:43', '2021-03-02 09:22:43'),
(16317, 66, 442, 707, 40, 3, NULL, 0, 1, 0, 0, 0, 0, 0, 0, 0, '0', '0', '0', '0', NULL, '2021-03-02 09:22:45', '2021-03-02 09:22:45'),
(16318, 66, 442, 707, 40, 4, NULL, 0, 1, 0, 0, 0, 0, 0, 0, 0, '0', '0', '0', '0', NULL, '2021-03-02 09:22:47', '2021-03-02 09:22:47'),
(16319, 67, 563, 502, 16, 1, NULL, 1, 1, 0, 0, 0, 0, 0, 0, 0, '0', '0', '0', '0', NULL, '2021-03-02 09:22:51', '2021-03-02 09:22:51'),
(16320, 67, 503, 502, 16, 2, NULL, 2, 1, 0, 0, 0, 0, 0, 0, 0, '0', '0', '0', '0', NULL, '2021-03-02 09:23:18', '2021-03-02 09:23:18'),
(16321, 67, 503, 502, 16, 3, NULL, 1, 1, 0, 0, 0, 0, 0, 0, 0, '0', '0', '0', '0', NULL, '2021-03-02 09:23:33', '2021-03-02 09:23:33'),
(16322, 67, 563, 502, 16, 4, NULL, 0, 1, 0, 0, 0, 0, 0, 0, 0, '0', '0', '0', '0', NULL, '2021-03-02 09:23:56', '2021-03-02 09:23:56'),
(16323, 66, 442, 707, 40, 5, NULL, 0, 1, 0, 0, 0, 0, 0, 0, 0, '0', '0', '0', '0', NULL, '2021-03-02 09:23:57', '2021-03-02 09:23:57'),
(16324, 66, 442, 707, 40, 6, NULL, 0, 1, 0, 0, 0, 0, 0, 0, 0, '0', '0', '0', '0', NULL, '2021-03-02 09:24:00', '2021-03-02 09:24:00'),
(16325, 67, 563, 502, 16, 5, NULL, 4, 2, 0, 0, 0, 0, 0, 0, 0, '0', '0', '0', '0', NULL, '2021-03-02 09:24:21', '2021-03-02 09:24:21'),
(16326, 67, 563, 502, 16, 6, NULL, 0, 1, 0, 0, 0, 0, 0, 0, 0, '0', '0', '0', '0', NULL, '2021-03-02 09:25:24', '2021-03-02 09:25:24'),
(16328, 66, 484, 693, 41, 1, NULL, 0, 1, 0, 0, 0, 0, 0, 0, 0, '0', '0', '0', '0', NULL, '2021-03-02 09:25:32', '2021-03-02 09:25:32'),
(16329, 66, 484, 693, 41, 2, NULL, 0, 1, 0, 0, 0, 0, 0, 0, 0, '0', '0', '0', '0', NULL, '2021-03-02 09:25:34', '2021-03-02 09:25:34'),
(16330, 66, 484, 693, 41, 3, NULL, 0, 1, 0, 0, 0, 0, 0, 0, 0, '0', '0', '0', '0', NULL, '2021-03-02 09:25:36', '2021-03-02 09:25:36'),
(16331, 66, 484, 693, 41, 4, NULL, 0, 1, 0, 0, 0, 0, 0, 0, 0, '0', '0', '0', '0', NULL, '2021-03-02 09:25:39', '2021-03-02 09:25:39'),
(16332, 66, 484, 693, 41, 5, NULL, 0, 1, 0, 0, 0, 0, 0, 0, 0, '0', '0', '0', '0', NULL, '2021-03-02 09:25:41', '2021-03-02 09:25:41'),
(16333, 66, 484, 693, 41, 6, NULL, 0, 1, 0, 0, 0, 0, 0, 0, 0, '0', '0', '0', '0', NULL, '2021-03-02 09:26:42', '2021-03-02 09:26:42'),
(16334, 67, 503, 555, 17, 1, NULL, 2, 1, 0, 0, 0, 0, 0, 0, 0, '0', '0', '0', '0', NULL, '2021-03-02 09:26:50', '2021-03-02 09:26:50'),
(16335, 67, 503, 555, 17, 2, NULL, 1, 1, 0, 0, 0, 0, 0, 0, 0, '0', '0', '0', '0', NULL, '2021-03-02 09:27:12', '2021-03-02 09:27:12'),
(16336, 67, 563, 555, 17, 3, NULL, 0, 1, 0, 0, 0, 0, 0, 0, 0, '0', '0', '0', '0', NULL, '2021-03-02 09:27:29', '2021-03-02 09:27:29'),
(16337, 67, 563, 555, 17, 4, NULL, 1, 1, 0, 0, 0, 0, 0, 0, 0, '0', '0', '0', '0', NULL, '2021-03-02 09:27:51', '2021-03-02 09:27:51'),
(16338, 66, 442, 706, 42, 1, NULL, 2, 1, 0, 0, 0, 0, 0, 0, 0, '0', '0', '0', '0', NULL, '2021-03-02 09:28:11', '2021-03-02 09:28:11'),
(16339, 67, 503, 555, 17, 5, NULL, 4, 2, 0, 0, 0, 0, 0, 0, 0, '0', '0', '0', '0', NULL, '2021-03-02 09:28:41', '2021-03-02 09:28:41'),
(16340, 67, 503, 555, 17, 6, NULL, 0, 1, 0, 0, 0, 0, 0, 0, 0, '0', '0', '0', '0', NULL, '2021-03-02 09:29:16', '2021-03-02 09:29:16'),
(16341, 66, 442, 706, 42, 2, NULL, 1, 1, 0, 0, 0, 0, 0, 0, 0, '0', '0', '0', '0', NULL, '2021-03-02 09:29:44', '2021-03-02 09:29:44'),
(16342, 66, 484, 706, 42, 3, NULL, 0, 1, 0, 0, 0, 0, 0, 0, 0, '0', '0', '0', '0', NULL, '2021-03-02 09:29:54', '2021-03-02 09:29:54'),
(16343, 66, 484, 706, 42, 4, NULL, 0, 1, 0, 0, 0, 0, 0, 0, 0, '0', '0', '0', '0', NULL, '2021-03-02 09:29:56', '2021-03-02 09:29:56'),
(16344, 66, 484, 706, 42, 5, NULL, 0, 1, 0, 0, 0, 0, 0, 0, 0, '0', '0', '0', '0', NULL, '2021-03-02 09:29:58', '2021-03-02 09:29:58'),
(16345, 66, 484, 706, 42, 6, NULL, 0, 1, 0, 0, 0, 0, 0, 0, 0, '0', '0', '0', '0', NULL, '2021-03-02 09:30:01', '2021-03-02 09:30:01'),
(16346, 67, 563, 502, 18, 1, NULL, 1, 1, 0, 0, 0, 0, 0, 0, 0, '0', '0', '0', '0', NULL, '2021-03-02 09:30:25', '2021-03-02 09:30:25'),
(16347, 67, 503, 502, 18, 2, NULL, 1, 1, 0, 0, 0, 0, 0, 0, 0, '0', '0', '0', '0', NULL, '2021-03-02 09:30:44', '2021-03-02 09:30:44'),
(16348, 67, 563, 502, 18, 3, NULL, 0, 1, 0, 0, 0, 0, 0, 0, 0, '0', '0', '0', '0', NULL, '2021-03-02 09:31:00', '2021-03-02 09:31:00'),
(16349, 66, 442, 693, 43, 1, NULL, 0, 1, 0, 0, 0, 0, 0, 0, 0, '0', '0', '0', '0', NULL, '2021-03-02 09:31:13', '2021-03-02 09:31:13'),
(16350, 66, 442, 693, 43, 2, NULL, 0, 1, 0, 0, 0, 0, 0, 0, 0, '0', '0', '0', '0', NULL, '2021-03-02 09:31:16', '2021-03-02 09:31:16'),
(16351, 66, 442, 693, 43, 3, NULL, 0, 1, 0, 0, 0, 0, 0, 0, 0, '0', '0', '0', '0', NULL, '2021-03-02 09:31:19', '2021-03-02 09:31:19'),
(16352, 66, 442, 693, 43, 4, NULL, 0, 1, 0, 0, 0, 0, 0, 0, 0, '0', '0', '0', '0', NULL, '2021-03-02 09:31:22', '2021-03-02 09:31:22'),
(16353, 67, 563, 502, 18, 4, NULL, 1, 1, 0, 0, 0, 0, 0, 0, 0, '0', '0', '0', '0', NULL, '2021-03-02 09:31:23', '2021-03-02 09:31:23'),
(16354, 66, 442, 693, 43, 5, NULL, 4, 2, 0, 0, 0, 0, 0, 0, 0, '0', '0', '0', '0', NULL, '2021-03-02 09:31:30', '2021-03-02 09:31:30'),
(16355, 67, 503, 502, 18, 5, NULL, 1, 1, 0, 0, 0, 0, 0, 0, 0, '0', '0', '0', '0', NULL, '2021-03-02 09:31:52', '2021-03-02 09:31:52'),
(16356, 67, 563, 502, 18, 6, NULL, 1, 1, 0, 0, 0, 0, 0, 0, 0, '0', '0', '0', '0', NULL, '2021-03-02 09:32:15', '2021-03-02 09:32:15'),
(16357, 66, 442, 693, 43, 6, NULL, 0, 1, 0, 0, 0, 0, 0, 0, 0, '0', '0', '0', '0', NULL, '2021-03-02 09:32:41', '2021-03-02 09:32:41'),
(16358, 66, 484, 706, 44, 1, NULL, 0, 1, 0, 0, 0, 0, 0, 0, 0, '0', '0', '0', '0', NULL, '2021-03-02 09:33:00', '2021-03-02 09:33:00'),
(16359, 67, 563, 102, 19, 1, NULL, 1, 1, 0, 0, 0, 0, 0, 0, 0, '0', '0', '0', '0', NULL, '2021-03-02 09:33:48', '2021-03-02 09:33:48'),
(16360, 67, 503, 102, 19, 2, NULL, 1, 1, 0, 0, 0, 0, 0, 0, 0, '0', '0', '0', '0', NULL, '2021-03-02 09:34:03', '2021-03-02 09:34:03'),
(16361, 67, 563, 102, 19, 3, NULL, 0, 1, 0, 0, 0, 0, 0, 0, 0, '0', '0', '0', '0', NULL, '2021-03-02 09:34:33', '2021-03-02 09:34:33'),
(16363, 67, 563, 102, 19, 4, NULL, 0, 1, 0, 0, 0, 0, 0, 0, 0, '0', '0', '0', '0', NULL, '2021-03-02 09:34:38', '2021-03-02 09:34:38'),
(16365, 67, 563, 102, 19, 5, NULL, 1, 1, 0, 0, 0, 0, 0, 0, 0, '0', '0', '0', '0', NULL, '2021-03-02 09:34:56', '2021-03-02 09:34:56'),
(16366, 67, 503, 102, 19, 6, NULL, 0, 1, 0, 0, 0, 0, 0, 0, 0, '0', '0', '0', '0', NULL, '2021-03-02 09:35:17', '2021-03-02 09:35:17'),
(16367, 67, 563, 502, 20, 1, NULL, 2, 1, 0, 0, 0, 0, 0, 0, 0, '0', '0', '0', '0', NULL, '2021-03-02 09:36:10', '2021-03-02 09:36:10'),
(16368, 66, 484, 706, 44, 2, 0, 0, 1, 0, 0, 0, 1, 0, 0, 0, '0', '0', '0', '0', NULL, '2021-03-02 09:36:30', '2021-03-02 09:36:30'),
(16369, 67, 563, 502, 20, 2, 0, 0, 1, 0, 0, 0, 2, 0, 0, 0, '0', '0', '0', '0', NULL, '2021-03-02 09:37:12', '2021-03-02 09:37:12'),
(16372, 66, 16, 706, 44, 3, NULL, 0, 1, 0, 0, 0, 0, 0, 0, 0, '0', '0', '0', '0', NULL, '2021-03-02 09:37:33', '2021-03-02 09:37:33'),
(16373, 66, 16, 706, 44, 4, NULL, 1, 1, 0, 0, 0, 0, 0, 0, 0, '0', '0', '0', '0', NULL, '2021-03-02 09:37:35', '2021-03-02 09:37:35'),
(16374, 66, 442, 706, 44, 5, NULL, 0, 1, 0, 0, 0, 0, 0, 0, 0, '0', '0', '0', '0', NULL, '2021-03-02 09:37:37', '2021-03-02 09:37:37'),
(16377, 66, 442, 706, 44, 6, NULL, 0, 1, 0, 0, 0, 0, 0, 0, 0, '0', '0', '0', '0', NULL, '2021-03-02 09:39:24', '2021-03-02 09:39:24'),
(16378, 66, 16, 693, 45, 1, NULL, 0, 1, 0, 0, 0, 0, 0, 0, 0, '0', '0', '0', '0', NULL, '2021-03-02 09:39:34', '2021-03-02 09:39:34'),
(16379, 66, 16, 693, 45, 2, NULL, 0, 1, 0, 0, 0, 0, 0, 0, 0, '0', '0', '0', '0', NULL, '2021-03-02 09:39:36', '2021-03-02 09:39:36'),
(16380, 66, 16, 693, 45, 3, NULL, 0, 1, 0, 0, 0, 0, 0, 0, 0, '0', '0', '0', '0', NULL, '2021-03-02 09:39:38', '2021-03-02 09:39:38'),
(16381, 66, 16, 693, 45, 4, NULL, 0, 1, 0, 0, 0, 0, 0, 0, 0, '0', '0', '0', '0', NULL, '2021-03-02 09:39:40', '2021-03-02 09:39:40'),
(16382, 66, 16, 693, 45, 5, 0, 0, 1, 0, 0, 0, 1, 0, 0, 0, '0', '0', '0', '0', NULL, '2021-03-02 09:41:12', '2021-03-02 09:41:12'),
(16383, 67, 557, 502, 20, 3, NULL, 0, 1, 0, 0, 0, 0, 0, 0, 0, '0', '0', '0', '0', NULL, '2021-03-02 09:41:40', '2021-03-02 09:41:40'),
(16384, 67, 557, 502, 20, 4, NULL, 0, 1, 0, 0, 0, 0, 0, 0, 0, '0', '0', '0', '0', NULL, '2021-03-02 09:42:03', '2021-03-02 09:42:03'),
(16385, 66, 445, 693, 45, 6, NULL, 0, 1, 0, 0, 0, 0, 0, 0, 0, '0', '0', '0', '0', NULL, '2021-03-02 09:42:04', '2021-03-02 09:42:04'),
(16386, 67, 557, 502, 20, 5, NULL, 0, 1, 0, 0, 0, 0, 0, 0, 0, '0', '0', '0', '0', NULL, '2021-03-02 09:42:26', '2021-03-02 09:42:26'),
(16387, 67, 557, 502, 20, 6, NULL, 0, 1, 0, 0, 0, 0, 0, 0, 0, '0', '0', '0', '0', NULL, '2021-03-02 09:42:41', '2021-03-02 09:42:41'),
(16388, 66, 442, 706, 46, 1, NULL, 0, 1, 0, 0, 0, 0, 0, 0, 0, '0', '0', '0', '0', NULL, '2021-03-02 09:42:57', '2021-03-02 09:42:57'),
(16389, 66, 442, 706, 46, 2, NULL, 4, 2, 0, 0, 0, 0, 0, 0, 0, '0', '0', '0', '0', NULL, '2021-03-02 09:43:00', '2021-03-02 09:43:00'),
(16390, 66, 442, 706, 46, 3, NULL, 0, 1, 0, 0, 0, 0, 0, 0, 0, '0', '0', '0', '0', NULL, '2021-03-02 09:43:15', '2021-03-02 09:43:15'),
(16391, 66, 442, 706, 46, 4, NULL, 0, 3, 4, 2, 0, 0, 0, 0, 0, '0', '0', '0', '0', NULL, '2021-03-02 09:43:18', '2021-03-02 09:43:18'),
(16394, 66, 442, 706, 46, 5, NULL, 0, 1, 0, 0, 0, 0, 0, 0, 0, '0', '0', '0', '0', NULL, '2021-03-02 09:44:20', '2021-03-02 09:44:20'),
(16395, 66, 442, 706, 46, 6, NULL, 0, 1, 0, 0, 0, 0, 0, 0, 0, '0', '0', '0', '0', NULL, '2021-03-02 09:44:24', '2021-03-02 09:44:24'),
(16400, 66, 445, 703, 47, 1, NULL, 0, 1, 0, 0, 0, 0, 0, 0, 0, '0', '0', '0', '0', NULL, '2021-03-02 09:45:52', '2021-03-02 09:45:52'),
(16403, 66, 445, 703, 47, 2, NULL, 0, 1, 0, 0, 0, 0, 0, 0, 0, '0', '0', '0', '0', NULL, '2021-03-02 09:46:39', '2021-03-02 09:46:39'),
(16406, 66, 445, 703, 47, 3, NULL, 0, 1, 0, 0, 0, 0, 0, 0, 0, '0', '0', '0', '0', NULL, '2021-03-02 09:47:43', '2021-03-02 09:47:43'),
(16407, 66, 445, 703, 47, 4, NULL, 0, 1, 0, 0, 0, 0, 0, 0, 0, '0', '0', '0', '0', NULL, '2021-03-02 09:47:46', '2021-03-02 09:47:46'),
(16409, 66, 445, 703, 47, 5, NULL, 0, 1, 0, 0, 0, 0, 0, 0, 0, '0', '0', '0', '0', NULL, '2021-03-02 09:48:26', '2021-03-02 09:48:26'),
(16414, 66, 445, 703, 47, 6, 0, 0, 1, 0, 0, 0, 1, 0, 0, 0, '0', '0', '0', '0', NULL, '2021-03-02 09:50:15', '2021-03-02 09:50:15'),
(16428, 67, 503, 102, 21, 1, NULL, 0, 1, 0, 0, 0, 0, 0, 0, 0, '0', '0', '0', '0', NULL, '2021-03-02 10:02:05', '2021-03-02 10:02:05'),
(16429, 67, 503, 102, 21, 2, NULL, 4, 2, 0, 0, 0, 0, 0, 0, 0, '0', '0', '0', '0', NULL, '2021-03-02 10:02:12', '2021-03-02 10:02:12'),
(16430, 67, 503, 102, 21, 3, NULL, 4, 2, 0, 0, 0, 0, 0, 0, 0, '0', '0', '0', '0', NULL, '2021-03-02 10:02:17', '2021-03-02 10:02:17'),
(16431, 67, 503, 102, 21, 4, NULL, 0, 1, 0, 0, 0, 0, 0, 0, 0, '0', '0', '0', '0', NULL, '2021-03-02 10:02:22', '2021-03-02 10:02:22'),
(16432, 67, 503, 102, 21, 5, NULL, 0, 1, 0, 0, 0, 0, 0, 0, 0, '0', '0', '0', '0', NULL, '2021-03-02 10:02:28', '2021-03-02 10:02:28'),
(16433, 67, 503, 102, 21, 6, NULL, 0, 1, 0, 0, 0, 0, 0, 0, 0, '0', '0', '0', '0', NULL, '2021-03-02 10:02:31', '2021-03-02 10:02:31'),
(16434, 67, 557, 502, 22, 1, NULL, 0, 1, 0, 0, 0, 0, 0, 0, 0, '0', '0', '0', '0', NULL, '2021-03-02 10:03:33', '2021-03-02 10:03:33'),
(16435, 67, 557, 502, 22, 2, NULL, 3, 1, 0, 0, 0, 0, 0, 0, 0, '0', '0', '0', '0', NULL, '2021-03-02 10:03:38', '2021-03-02 10:03:38'),
(16437, 67, 503, 502, 22, 3, NULL, 0, 1, 0, 0, 0, 0, 0, 0, 0, '0', '0', '0', '0', NULL, '2021-03-02 10:04:09', '2021-03-02 10:04:09'),
(16438, 67, 503, 502, 22, 4, NULL, 0, 1, 0, 0, 0, 0, 0, 0, 0, '0', '0', '0', '0', NULL, '2021-03-02 10:04:12', '2021-03-02 10:04:12'),
(16439, 67, 503, 502, 22, 5, NULL, 0, 1, 0, 0, 0, 0, 0, 0, 0, '0', '0', '0', '0', NULL, '2021-03-02 10:04:15', '2021-03-02 10:04:15'),
(16440, 67, 503, 502, 22, 6, NULL, 0, 1, 0, 0, 0, 0, 0, 0, 0, '0', '0', '0', '0', NULL, '2021-03-02 10:04:17', '2021-03-02 10:04:17'),
(16441, 67, 557, 102, 23, 1, NULL, 0, 1, 0, 0, 0, 0, 0, 0, 0, '0', '0', '0', '0', NULL, '2021-03-02 10:04:42', '2021-03-02 10:04:42'),
(16442, 67, 557, 102, 23, 2, NULL, 2, 1, 0, 0, 0, 0, 0, 0, 0, '0', '0', '0', '0', NULL, '2021-03-02 10:04:44', '2021-03-02 10:04:44'),
(16443, 67, 557, 102, 23, 3, NULL, 0, 1, 0, 0, 0, 0, 0, 0, 0, '0', '0', '0', '0', NULL, '2021-03-02 10:04:46', '2021-03-02 10:04:46'),
(16444, 67, 557, 102, 23, 4, NULL, 1, 1, 0, 0, 0, 0, 0, 0, 0, '0', '0', '0', '0', NULL, '2021-03-02 10:04:48', '2021-03-02 10:04:48'),
(16445, 67, 503, 102, 23, 5, NULL, 0, 1, 0, 0, 0, 0, 0, 0, 0, '0', '0', '0', '0', NULL, '2021-03-02 10:04:51', '2021-03-02 10:04:51'),
(16446, 67, 503, 102, 23, 6, NULL, 0, 1, 0, 0, 0, 0, 0, 0, 0, '0', '0', '0', '0', NULL, '2021-03-02 10:04:53', '2021-03-02 10:04:53'),
(16447, 67, 557, 502, 24, 1, NULL, 0, 1, 0, 0, 0, 0, 0, 0, 0, '0', '0', '0', '0', NULL, '2021-03-02 10:05:24', '2021-03-02 10:05:24'),
(16448, 67, 557, 502, 24, 2, NULL, 4, 2, 0, 0, 0, 0, 0, 0, 0, '0', '0', '0', '0', NULL, '2021-03-02 10:05:26', '2021-03-02 10:05:26'),
(16449, 67, 557, 502, 24, 3, NULL, 0, 1, 0, 0, 0, 0, 0, 0, 0, '0', '0', '0', '0', NULL, '2021-03-02 10:05:29', '2021-03-02 10:05:29'),
(16450, 67, 557, 502, 24, 4, NULL, 1, 1, 0, 0, 0, 0, 0, 0, 0, '0', '0', '0', '0', NULL, '2021-03-02 10:05:31', '2021-03-02 10:05:31'),
(16451, 67, 503, 502, 24, 5, NULL, 0, 1, 0, 0, 0, 0, 0, 0, 0, '0', '0', '0', '0', NULL, '2021-03-02 10:05:33', '2021-03-02 10:05:33'),
(16452, 67, 503, 502, 24, 6, NULL, 2, 1, 0, 0, 0, 0, 0, 0, 0, '0', '0', '0', '0', NULL, '2021-03-02 10:05:36', '2021-03-02 10:05:36'),
(16453, 67, 557, 102, 25, 1, 0, 0, 1, 0, 0, 0, 3, 0, 0, 0, '0', '0', '0', '0', NULL, '2021-03-02 10:06:06', '2021-03-02 10:06:06'),
(16454, 67, 556, 102, 25, 2, NULL, 0, 1, 0, 0, 0, 0, 0, 0, 0, '0', '0', '0', '0', NULL, '2021-03-02 10:06:39', '2021-03-02 10:06:39'),
(16455, 67, 556, 102, 25, 3, NULL, 0, 1, 0, 0, 0, 0, 0, 0, 0, '0', '0', '0', '0', NULL, '2021-03-02 10:06:41', '2021-03-02 10:06:41'),
(16456, 67, 556, 102, 25, 4, NULL, 1, 1, 0, 0, 0, 0, 0, 0, 0, '0', '0', '0', '0', NULL, '2021-03-02 10:06:44', '2021-03-02 10:06:44'),
(16457, 67, 503, 102, 25, 5, NULL, 0, 1, 0, 0, 0, 0, 0, 0, 0, '0', '0', '0', '0', NULL, '2021-03-02 10:06:46', '2021-03-02 10:06:46'),
(16458, 67, 503, 102, 25, 6, NULL, 0, 1, 0, 0, 0, 0, 0, 0, 0, '0', '0', '0', '0', NULL, '2021-03-02 10:06:49', '2021-03-02 10:06:49'),
(16459, 67, 556, 502, 26, 1, NULL, 0, 1, 0, 0, 0, 0, 0, 0, 0, '0', '0', '0', '0', NULL, '2021-03-02 10:07:08', '2021-03-02 10:07:08');
INSERT INTO `scores` (`id`, `inning_id`, `striker_id`, `bowler_id`, `over`, `bowl`, `fielder_id`, `runs`, `runs_type`, `extra_runs`, `extra_runs_type_id`, `short_runs`, `wicket_type_id`, `batsman_beaten`, `miss_fielding_type_id`, `edged`, `bowl_line`, `bowl_length`, `bowl_speed`, `bowl_position`, `comment`, `created_at`, `updated_at`) VALUES
(16460, 67, 556, 502, 26, 2, NULL, 0, 1, 0, 0, 0, 0, 0, 0, 0, '0', '0', '0', '0', NULL, '2021-03-02 10:07:10', '2021-03-02 10:07:10'),
(16461, 67, 556, 502, 26, 3, NULL, 0, 1, 0, 0, 0, 0, 0, 0, 0, '0', '0', '0', '0', NULL, '2021-03-02 10:07:15', '2021-03-02 10:07:15'),
(16462, 67, 556, 502, 26, 4, NULL, 1, 1, 0, 0, 0, 0, 0, 0, 0, '0', '0', '0', '0', NULL, '2021-03-02 10:07:17', '2021-03-02 10:07:17'),
(16463, 67, 503, 502, 26, 5, NULL, 0, 1, 0, 0, 0, 0, 0, 0, 0, '0', '0', '0', '0', NULL, '2021-03-02 10:07:20', '2021-03-02 10:07:20'),
(16464, 67, 503, 502, 26, 6, NULL, 0, 1, 0, 0, 0, 0, 0, 0, 0, '0', '0', '0', '0', NULL, '2021-03-02 10:07:22', '2021-03-02 10:07:22'),
(16465, 67, 556, 102, 27, 1, NULL, 0, 1, 0, 0, 0, 0, 0, 0, 0, '0', '0', '0', '0', NULL, '2021-03-02 10:07:42', '2021-03-02 10:07:42'),
(16466, 67, 556, 102, 27, 2, NULL, 0, 1, 0, 0, 0, 0, 0, 0, 0, '0', '0', '0', '0', NULL, '2021-03-02 10:07:44', '2021-03-02 10:07:44'),
(16467, 67, 556, 102, 27, 3, NULL, 0, 1, 0, 0, 0, 0, 0, 0, 0, '0', '0', '0', '0', NULL, '2021-03-02 10:07:47', '2021-03-02 10:07:47'),
(16468, 67, 556, 102, 27, 4, NULL, 0, 1, 0, 0, 0, 0, 0, 0, 0, '0', '0', '0', '0', NULL, '2021-03-02 10:07:49', '2021-03-02 10:07:49'),
(16469, 67, 556, 102, 27, 5, NULL, 0, 1, 0, 0, 0, 0, 0, 0, 0, '0', '0', '0', '0', NULL, '2021-03-02 10:07:52', '2021-03-02 10:07:52'),
(16470, 67, 556, 102, 27, 6, NULL, 1, 1, 0, 0, 0, 0, 0, 0, 0, '0', '0', '0', '0', NULL, '2021-03-02 10:07:55', '2021-03-02 10:07:55'),
(16471, 67, 556, 502, 28, 1, NULL, 0, 1, 0, 0, 0, 0, 0, 0, 0, '0', '0', '0', '0', NULL, '2021-03-02 10:08:09', '2021-03-02 10:08:09'),
(16472, 67, 556, 502, 28, 2, NULL, 1, 1, 0, 0, 0, 0, 0, 0, 0, '0', '0', '0', '0', NULL, '2021-03-02 10:08:11', '2021-03-02 10:08:11'),
(16473, 67, 503, 502, 28, 3, NULL, 2, 1, 0, 0, 0, 0, 0, 0, 0, '0', '0', '0', '0', NULL, '2021-03-02 10:08:17', '2021-03-02 10:08:17'),
(16474, 67, 503, 502, 28, 4, NULL, 0, 1, 0, 0, 0, 0, 0, 0, 0, '0', '0', '0', '0', NULL, '2021-03-02 10:08:22', '2021-03-02 10:08:22'),
(16475, 67, 503, 502, 28, 5, NULL, 0, 1, 0, 0, 0, 0, 0, 0, 0, '0', '0', '0', '0', NULL, '2021-03-02 10:08:25', '2021-03-02 10:08:25'),
(16476, 67, 503, 502, 28, 6, NULL, 4, 2, 0, 0, 0, 0, 0, 0, 0, '0', '0', '0', '0', NULL, '2021-03-02 10:08:30', '2021-03-02 10:08:30'),
(16477, 67, 556, 102, 29, 1, NULL, 0, 1, 0, 0, 0, 0, 0, 0, 0, '0', '0', '0', '0', NULL, '2021-03-02 10:08:45', '2021-03-02 10:08:45'),
(16478, 67, 556, 102, 29, 2, NULL, 0, 1, 0, 0, 0, 0, 0, 0, 0, '0', '0', '0', '0', NULL, '2021-03-02 10:08:47', '2021-03-02 10:08:47'),
(16479, 67, 556, 102, 29, 3, NULL, 0, 1, 0, 0, 0, 0, 0, 0, 0, '0', '0', '0', '0', NULL, '2021-03-02 10:08:50', '2021-03-02 10:08:50'),
(16480, 67, 556, 102, 29, 4, NULL, 0, 1, 0, 0, 0, 0, 0, 0, 0, '0', '0', '0', '0', NULL, '2021-03-02 10:08:53', '2021-03-02 10:08:53'),
(16481, 67, 556, 102, 29, 5, NULL, 0, 1, 0, 0, 0, 0, 0, 0, 0, '0', '0', '0', '0', NULL, '2021-03-02 10:08:55', '2021-03-02 10:08:55'),
(16482, 67, 556, 102, 29, 6, NULL, 1, 1, 0, 0, 0, 0, 0, 0, 0, '0', '0', '0', '0', NULL, '2021-03-02 10:08:58', '2021-03-02 10:08:58'),
(16483, 67, 556, 502, 30, 1, NULL, 0, 1, 0, 0, 0, 0, 0, 0, 0, '0', '0', '0', '0', NULL, '2021-03-02 10:09:11', '2021-03-02 10:09:11'),
(16484, 67, 556, 502, 30, 2, 0, 0, 1, 0, 0, 0, 3, 0, 0, 0, '0', '0', '0', '0', NULL, '2021-03-02 10:09:24', '2021-03-02 10:09:24'),
(16485, 67, 565, 502, 30, 3, NULL, 0, 1, 0, 0, 0, 0, 0, 0, 0, '0', '0', '0', '0', NULL, '2021-03-02 10:10:11', '2021-03-02 10:10:11'),
(16486, 67, 565, 502, 30, 4, NULL, 0, 1, 0, 0, 0, 0, 0, 0, 0, '0', '0', '0', '0', NULL, '2021-03-02 10:10:29', '2021-03-02 10:10:29'),
(16487, 67, 565, 502, 30, 5, 0, 0, 1, 0, 0, 0, 2, 0, 0, 0, '0', '0', '0', '0', NULL, '2021-03-02 10:11:02', '2021-03-02 10:11:02'),
(16488, 67, 571, 502, 30, 6, NULL, 0, 1, 0, 0, 0, 0, 0, 0, 0, '0', '0', '0', '0', NULL, '2021-03-02 10:12:36', '2021-03-02 10:12:36'),
(16489, 67, 503, 102, 31, 1, NULL, 0, 1, 0, 0, 0, 0, 0, 0, 0, '0', '0', '0', '0', NULL, '2021-03-02 10:13:21', '2021-03-02 10:13:21'),
(16490, 67, 503, 102, 31, 2, NULL, 0, 1, 0, 0, 0, 0, 0, 0, 0, '0', '0', '0', '0', NULL, '2021-03-02 10:13:32', '2021-03-02 10:13:32'),
(16491, 67, 503, 102, 31, 3, NULL, 0, 1, 0, 0, 0, 0, 0, 0, 0, '0', '0', '0', '0', NULL, '2021-03-02 10:14:00', '2021-03-02 10:14:00'),
(16492, 67, 503, 102, 31, 4, NULL, 0, 1, 0, 0, 0, 0, 0, 0, 0, '0', '0', '0', '0', NULL, '2021-03-02 10:14:23', '2021-03-02 10:14:23'),
(16493, 67, 503, 102, 31, 5, NULL, 0, 1, 0, 0, 0, 0, 0, 0, 0, '0', '0', '0', '0', NULL, '2021-03-02 10:14:29', '2021-03-02 10:14:29'),
(16494, 67, 503, 102, 31, 6, NULL, 0, 1, 0, 0, 0, 0, 0, 0, 0, '0', '0', '0', '0', NULL, '2021-03-02 10:14:34', '2021-03-02 10:14:34'),
(16495, 67, 571, 502, 32, 1, NULL, 1, 1, 0, 0, 0, 0, 0, 0, 0, '0', '0', '0', '0', NULL, '2021-03-02 10:15:16', '2021-03-02 10:15:16'),
(16496, 69, 699, 16, 1, 1, NULL, 1, 1, 0, 0, 0, 0, 0, 0, 0, '0', '0', '0', '0', NULL, '2021-03-02 10:15:25', '2021-03-02 10:15:25'),
(16497, 69, 696, 16, 1, 2, NULL, 0, 3, 4, 1, 0, 0, 0, 0, 0, '0', '0', '0', '0', NULL, '2021-03-02 10:15:35', '2021-03-02 10:15:35'),
(16498, 69, 696, 16, 1, 3, NULL, 0, 1, 0, 0, 0, 0, 0, 0, 0, '0', '0', '0', '0', NULL, '2021-03-02 10:15:38', '2021-03-02 10:15:38'),
(16499, 69, 696, 16, 1, 4, 0, 0, 1, 0, 0, 0, 3, 0, 0, 0, '0', '0', '0', '0', NULL, '2021-03-02 10:15:47', '2021-03-02 10:15:47'),
(16500, 67, 503, 502, 32, 2, NULL, 1, 1, 0, 0, 0, 0, 0, 0, 0, '0', '0', '0', '0', NULL, '2021-03-02 10:15:48', '2021-03-02 10:15:48'),
(16501, 67, 571, 502, 32, 3, NULL, 0, 1, 0, 0, 0, 0, 0, 0, 0, '0', '0', '0', '0', NULL, '2021-03-02 10:16:00', '2021-03-02 10:16:00'),
(16502, 67, 571, 502, 32, 4, NULL, 0, 1, 0, 0, 0, 0, 0, 0, 0, '0', '0', '0', '0', NULL, '2021-03-02 10:17:02', '2021-03-02 10:17:02'),
(16504, 67, 571, 502, 32, 5, NULL, 0, 1, 0, 0, 0, 0, 0, 0, 0, '0', '0', '0', '0', NULL, '2021-03-02 10:17:20', '2021-03-02 10:17:20'),
(16505, 69, 701, 16, 1, 5, NULL, 0, 1, 0, 0, 0, 0, 0, 0, 0, '0', '0', '0', '0', NULL, '2021-03-02 10:17:24', '2021-03-02 10:17:24'),
(16506, 69, 701, 16, 1, 6, NULL, 0, 1, 0, 0, 0, 0, 0, 0, 0, '0', '0', '0', '0', NULL, '2021-03-02 10:17:26', '2021-03-02 10:17:26'),
(16507, 67, 571, 502, 32, 6, NULL, 1, 1, 0, 0, 0, 0, 0, 0, 0, '0', '0', '0', '0', NULL, '2021-03-02 10:17:33', '2021-03-02 10:17:33'),
(16508, 69, 699, 442, 2, 1, NULL, 0, 1, 0, 0, 0, 0, 0, 0, 0, '0', '0', '0', '0', NULL, '2021-03-02 10:17:40', '2021-03-02 10:17:40'),
(16509, 67, 571, 102, 33, 1, NULL, 1, 1, 0, 0, 0, 0, 0, 0, 0, '0', '0', '0', '0', NULL, '2021-03-02 10:18:18', '2021-03-02 10:18:18'),
(16510, 67, 503, 102, 33, 0, NULL, 0, 3, 1, 3, 0, 0, 0, 0, 0, '0', '0', '0', '0', NULL, '2021-03-02 10:18:28', '2021-03-02 10:18:28'),
(16511, 67, 503, 102, 33, 2, NULL, 4, 2, 0, 0, 0, 0, 0, 0, 0, '0', '0', '0', '0', NULL, '2021-03-02 10:18:53', '2021-03-02 10:18:53'),
(16512, 69, 699, 442, 2, 2, NULL, 4, 2, 0, 0, 0, 0, 0, 0, 0, '0', '0', '0', '0', NULL, '2021-03-02 10:19:08', '2021-03-02 10:19:08'),
(16513, 69, 699, 442, 2, 3, NULL, 0, 1, 0, 0, 0, 0, 0, 0, 0, '0', '0', '0', '0', NULL, '2021-03-02 10:19:10', '2021-03-02 10:19:10'),
(16514, 69, 699, 442, 2, 4, NULL, 1, 1, 0, 0, 0, 0, 0, 0, 0, '0', '0', '0', '0', NULL, '2021-03-02 10:19:12', '2021-03-02 10:19:12'),
(16515, 67, 503, 102, 33, 3, NULL, 0, 1, 0, 0, 0, 0, 0, 0, 0, '0', '0', '0', '0', NULL, '2021-03-02 10:19:25', '2021-03-02 10:19:25'),
(16516, 67, 503, 102, 33, 4, NULL, 1, 1, 0, 0, 0, 0, 0, 0, 0, '0', '0', '0', '0', NULL, '2021-03-02 10:19:30', '2021-03-02 10:19:30'),
(16517, 69, 701, 442, 2, 5, NULL, 1, 1, 0, 0, 0, 0, 0, 0, 0, '0', '0', '0', '0', NULL, '2021-03-02 10:19:52', '2021-03-02 10:19:52'),
(16518, 67, 571, 102, 33, 5, NULL, 1, 1, 0, 0, 0, 0, 0, 0, 0, '0', '0', '0', '0', NULL, '2021-03-02 10:19:55', '2021-03-02 10:19:55'),
(16519, 69, 699, 442, 2, 6, NULL, 0, 1, 0, 0, 0, 0, 0, 0, 0, '0', '0', '0', '0', NULL, '2021-03-02 10:20:17', '2021-03-02 10:20:17'),
(16520, 67, 503, 102, 33, 6, NULL, 3, 1, 0, 0, 0, 0, 0, 0, 0, '0', '0', '0', '0', NULL, '2021-03-02 10:20:40', '2021-03-02 10:20:40'),
(16521, 69, 701, 16, 3, 1, NULL, 0, 1, 0, 0, 0, 0, 0, 0, 0, '0', '0', '0', '0', NULL, '2021-03-02 10:21:32', '2021-03-02 10:21:32'),
(16522, 67, 503, 683, 34, 1, NULL, 1, 1, 0, 0, 0, 0, 0, 0, 0, '0', '0', '0', '0', NULL, '2021-03-02 10:21:57', '2021-03-02 10:21:57'),
(16523, 69, 701, 16, 3, 2, NULL, 0, 3, 1, 1, 0, 0, 0, 0, 0, '0', '0', '0', '0', NULL, '2021-03-02 10:22:02', '2021-03-02 10:22:02'),
(16524, 67, 571, 683, 34, 2, NULL, 0, 1, 0, 0, 0, 0, 0, 0, 0, '0', '0', '0', '0', NULL, '2021-03-02 10:22:25', '2021-03-02 10:22:25'),
(16525, 67, 571, 683, 34, 3, NULL, 1, 1, 0, 0, 0, 0, 0, 0, 0, '0', '0', '0', '0', NULL, '2021-03-02 10:22:42', '2021-03-02 10:22:42'),
(16526, 67, 503, 683, 34, 4, NULL, 1, 1, 0, 0, 0, 0, 0, 0, 0, '0', '0', '0', '0', NULL, '2021-03-02 10:23:07', '2021-03-02 10:23:07'),
(16527, 69, 699, 16, 3, 3, NULL, 0, 1, 0, 0, 0, 0, 0, 0, 0, '0', '0', '0', '0', NULL, '2021-03-02 10:23:09', '2021-03-02 10:23:09'),
(16528, 69, 699, 16, 3, 4, NULL, 0, 1, 0, 0, 0, 0, 0, 0, 0, '0', '0', '0', '0', NULL, '2021-03-02 10:23:11', '2021-03-02 10:23:11'),
(16529, 69, 699, 16, 3, 5, NULL, 0, 1, 0, 0, 0, 0, 0, 0, 0, '0', '0', '0', '0', NULL, '2021-03-02 10:23:52', '2021-03-02 10:23:52'),
(16530, 69, 699, 16, 3, 6, NULL, 1, 1, 0, 0, 0, 0, 0, 0, 0, '0', '0', '0', '0', NULL, '2021-03-02 10:24:17', '2021-03-02 10:24:17'),
(16531, 67, 571, 683, 34, 5, NULL, 1, 1, 0, 0, 0, 0, 0, 0, 0, '0', '0', '0', '0', NULL, '2021-03-02 10:24:22', '2021-03-02 10:24:22'),
(16532, 67, 571, 683, 34, 6, NULL, 0, 1, 0, 0, 0, 0, 0, 0, 0, '0', '0', '0', '0', NULL, '2021-03-02 10:24:41', '2021-03-02 10:24:41'),
(16533, 67, 503, 555, 35, 0, NULL, 0, 3, 1, 3, 0, 0, 0, 0, 0, '0', '0', '0', '0', NULL, '2021-03-02 10:25:08', '2021-03-02 10:25:08'),
(16534, 69, 699, 442, 4, 1, NULL, 0, 1, 0, 0, 0, 0, 0, 0, 0, '0', '0', '0', '0', NULL, '2021-03-02 10:25:30', '2021-03-02 10:25:30'),
(16535, 67, 503, 555, 35, 0, NULL, 0, 3, 1, 4, 0, 0, 0, 0, 0, '0', '0', '0', '0', NULL, '2021-03-02 10:26:00', '2021-03-02 10:26:00'),
(16538, 69, 699, 442, 4, 2, NULL, 0, 1, 0, 0, 0, 0, 0, 0, 0, '0', '0', '0', '0', NULL, '2021-03-02 10:26:36', '2021-03-02 10:26:36'),
(16539, 69, 699, 442, 4, 3, NULL, 0, 1, 0, 0, 0, 0, 0, 0, 0, '0', '0', '0', '0', NULL, '2021-03-02 10:26:37', '2021-03-02 10:26:37'),
(16540, 69, 699, 442, 4, 4, NULL, 0, 1, 0, 0, 0, 0, 0, 0, 0, '0', '0', '0', '0', NULL, '2021-03-02 10:26:39', '2021-03-02 10:26:39'),
(16541, 69, 699, 442, 4, 5, NULL, 0, 1, 0, 0, 0, 0, 0, 0, 0, '0', '0', '0', '0', NULL, '2021-03-02 10:26:59', '2021-03-02 10:26:59'),
(16542, 69, 699, 442, 4, 6, NULL, 0, 1, 0, 0, 0, 0, 0, 0, 0, '0', '0', '0', '0', NULL, '2021-03-02 10:27:02', '2021-03-02 10:27:02'),
(16543, 67, 503, 555, 35, 1, NULL, 0, 1, 0, 0, 0, 0, 0, 0, 0, '0', '0', '0', '0', NULL, '2021-03-02 10:27:14', '2021-03-02 10:27:14'),
(16544, 67, 503, 555, 35, 2, NULL, 0, 1, 0, 0, 0, 0, 0, 0, 0, '0', '0', '0', '0', NULL, '2021-03-02 10:27:35', '2021-03-02 10:27:35'),
(16545, 67, 503, 555, 35, 3, NULL, 0, 1, 0, 0, 0, 0, 0, 0, 0, '0', '0', '0', '0', NULL, '2021-03-02 10:27:43', '2021-03-02 10:27:43'),
(16546, 67, 503, 555, 35, 4, NULL, 0, 1, 0, 0, 0, 0, 0, 0, 0, '0', '0', '0', '0', NULL, '2021-03-02 10:27:50', '2021-03-02 10:27:50'),
(16547, 67, 503, 555, 35, 5, NULL, 1, 1, 0, 0, 0, 0, 0, 0, 0, '0', '0', '0', '0', NULL, '2021-03-02 10:27:57', '2021-03-02 10:27:57'),
(16548, 67, 571, 555, 35, 6, NULL, 0, 1, 0, 0, 0, 0, 0, 0, 0, '0', '0', '0', '0', NULL, '2021-03-02 10:28:01', '2021-03-02 10:28:01'),
(16549, 67, 503, 683, 36, 1, NULL, 0, 1, 0, 0, 0, 0, 0, 0, 0, '0', '0', '0', '0', NULL, '2021-03-02 10:28:19', '2021-03-02 10:28:19'),
(16550, 67, 503, 683, 36, 2, NULL, 0, 1, 0, 0, 0, 0, 0, 0, 0, '0', '0', '0', '0', NULL, '2021-03-02 10:28:30', '2021-03-02 10:28:30'),
(16551, 69, 701, 16, 5, 1, NULL, 0, 1, 0, 0, 0, 0, 0, 0, 0, '0', '0', '0', '0', NULL, '2021-03-02 10:28:31', '2021-03-02 10:28:31'),
(16552, 69, 701, 16, 5, 2, NULL, 0, 1, 0, 0, 0, 0, 0, 0, 0, '0', '0', '0', '0', NULL, '2021-03-02 10:28:33', '2021-03-02 10:28:33'),
(16553, 67, 503, 683, 36, 3, NULL, 1, 1, 0, 0, 0, 0, 0, 0, 0, '0', '0', '0', '0', NULL, '2021-03-02 10:28:44', '2021-03-02 10:28:44'),
(16554, 67, 571, 683, 36, 4, NULL, 1, 1, 0, 0, 0, 0, 0, 0, 0, '0', '0', '0', '0', NULL, '2021-03-02 10:28:55', '2021-03-02 10:28:55'),
(16555, 69, 701, 16, 5, 3, NULL, 1, 1, 0, 0, 0, 0, 0, 0, 0, '0', '0', '0', '0', NULL, '2021-03-02 10:29:23', '2021-03-02 10:29:23'),
(16556, 67, 503, 683, 36, 5, NULL, 0, 1, 0, 0, 0, 0, 0, 0, 0, '0', '0', '0', '0', NULL, '2021-03-02 10:29:24', '2021-03-02 10:29:24'),
(16557, 67, 503, 683, 36, 6, NULL, 4, 2, 0, 0, 0, 0, 0, 0, 0, '0', '0', '0', '0', NULL, '2021-03-02 10:29:38', '2021-03-02 10:29:38'),
(16558, 69, 699, 16, 5, 4, NULL, 0, 1, 0, 0, 0, 0, 0, 0, 0, '0', '0', '0', '0', NULL, '2021-03-02 10:30:23', '2021-03-02 10:30:23'),
(16559, 69, 699, 16, 5, 5, NULL, 0, 1, 0, 0, 0, 0, 0, 0, 0, '0', '0', '0', '0', NULL, '2021-03-02 10:30:31', '2021-03-02 10:30:31'),
(16560, 67, 571, 555, 37, 1, NULL, 1, 1, 0, 0, 0, 0, 0, 0, 0, '0', '0', '0', '0', NULL, '2021-03-02 10:30:44', '2021-03-02 10:30:44'),
(16561, 67, 503, 555, 37, 0, NULL, 0, 3, 1, 3, 0, 0, 0, 0, 0, '0', '0', '0', '0', NULL, '2021-03-02 10:30:56', '2021-03-02 10:30:56'),
(16562, 69, 699, 16, 5, 6, NULL, 0, 1, 0, 0, 0, 0, 0, 0, 0, '0', '0', '0', '0', NULL, '2021-03-02 10:31:17', '2021-03-02 10:31:17'),
(16563, 67, 503, 555, 37, 2, NULL, 0, 1, 0, 0, 0, 0, 0, 0, 0, '0', '0', '0', '0', NULL, '2021-03-02 10:31:18', '2021-03-02 10:31:18'),
(16564, 67, 503, 555, 37, 3, NULL, 2, 1, 0, 0, 0, 0, 0, 0, 0, '0', '0', '0', '0', NULL, '2021-03-02 10:31:22', '2021-03-02 10:31:22'),
(16565, 67, 503, 555, 37, 4, NULL, 0, 1, 0, 0, 0, 0, 0, 0, 0, '0', '0', '0', '0', NULL, '2021-03-02 10:31:28', '2021-03-02 10:31:28'),
(16566, 67, 503, 555, 37, 5, NULL, 1, 1, 0, 0, 0, 0, 0, 0, 0, '0', '0', '0', '0', NULL, '2021-03-02 10:31:48', '2021-03-02 10:31:48'),
(16567, 67, 571, 555, 37, 6, NULL, 0, 1, 0, 0, 0, 0, 0, 0, 0, '0', '0', '0', '0', NULL, '2021-03-02 10:32:16', '2021-03-02 10:32:16'),
(16571, 69, 701, 442, 6, 1, NULL, 1, 1, 0, 0, 0, 0, 0, 0, 0, '0', '0', '0', '0', NULL, '2021-03-02 10:33:46', '2021-03-02 10:33:46'),
(16573, 69, 699, 442, 6, 2, NULL, 0, 1, 0, 0, 0, 0, 0, 0, 0, '0', '0', '0', '0', NULL, '2021-03-02 10:33:50', '2021-03-02 10:33:50'),
(16574, 69, 699, 442, 6, 3, NULL, 0, 1, 0, 0, 0, 0, 0, 0, 0, '0', '0', '0', '0', NULL, '2021-03-02 10:33:53', '2021-03-02 10:33:53'),
(16575, 69, 699, 442, 6, 4, NULL, 1, 1, 0, 0, 0, 0, 0, 0, 0, '0', '0', '0', '0', NULL, '2021-03-02 10:33:57', '2021-03-02 10:33:57'),
(16576, 69, 701, 442, 6, 5, NULL, 0, 1, 0, 0, 0, 0, 0, 0, 0, '0', '0', '0', '0', NULL, '2021-03-02 10:34:06', '2021-03-02 10:34:06'),
(16579, 69, 701, 442, 6, 6, NULL, 0, 1, 0, 0, 0, 0, 0, 0, 0, '0', '0', '0', '0', NULL, '2021-03-02 10:34:45', '2021-03-02 10:34:45'),
(16581, 69, 699, 16, 7, 1, NULL, 1, 1, 0, 0, 0, 0, 0, 0, 0, '0', '0', '0', '0', NULL, '2021-03-02 10:36:06', '2021-03-02 10:36:06'),
(16582, 67, 571, 683, 38, 1, NULL, 0, 1, 0, 0, 0, 0, 0, 0, 0, '0', '0', '0', '0', NULL, '2021-03-02 10:36:46', '2021-03-02 10:36:46'),
(16584, 67, 571, 683, 38, 2, NULL, 0, 1, 0, 0, 0, 0, 0, 0, 0, '0', '0', '0', '0', NULL, '2021-03-02 10:36:54', '2021-03-02 10:36:54'),
(16585, 67, 571, 683, 38, 3, NULL, 0, 1, 0, 0, 0, 0, 0, 0, 0, '0', '0', '0', '0', NULL, '2021-03-02 10:36:57', '2021-03-02 10:36:57'),
(16587, 67, 571, 683, 38, 4, NULL, 1, 1, 0, 0, 0, 0, 0, 0, 0, '0', '0', '0', '0', NULL, '2021-03-02 10:37:18', '2021-03-02 10:37:18'),
(16588, 67, 503, 683, 38, 5, NULL, 0, 1, 0, 0, 0, 0, 0, 0, 0, '0', '0', '0', '0', NULL, '2021-03-02 10:37:24', '2021-03-02 10:37:24'),
(16589, 69, 701, 16, 7, 2, NULL, 0, 1, 0, 0, 0, 0, 0, 0, 0, '0', '0', '0', '0', NULL, '2021-03-02 10:37:30', '2021-03-02 10:37:30'),
(16590, 67, 503, 683, 38, 6, 0, 0, 1, 0, 0, 0, 5, 0, 0, 0, '0', '0', '0', '0', NULL, '2021-03-02 10:38:39', '2021-03-02 10:38:39'),
(16592, 69, 701, 16, 7, 3, NULL, 0, 1, 0, 0, 0, 0, 0, 0, 0, '0', '0', '0', '0', NULL, '2021-03-02 10:38:44', '2021-03-02 10:38:44'),
(16593, 69, 701, 16, 7, 4, NULL, 0, 1, 0, 0, 0, 0, 0, 0, 0, '0', '0', '0', '0', NULL, '2021-03-02 10:38:50', '2021-03-02 10:38:50'),
(16594, 69, 701, 16, 7, 5, NULL, 4, 2, 0, 0, 0, 0, 0, 0, 0, '0', '0', '0', '0', NULL, '2021-03-02 10:39:50', '2021-03-02 10:39:50'),
(16595, 69, 701, 16, 7, 6, NULL, 0, 1, 0, 0, 0, 0, 0, 0, 0, '0', '0', '0', '0', NULL, '2021-03-02 10:40:11', '2021-03-02 10:40:11'),
(16596, 67, 571, 555, 39, 1, NULL, 0, 1, 0, 0, 0, 0, 0, 0, 0, '0', '0', '0', '0', NULL, '2021-03-02 10:40:43', '2021-03-02 10:40:43'),
(16597, 67, 571, 555, 39, 2, NULL, 1, 1, 0, 0, 0, 0, 0, 0, 0, '0', '0', '0', '0', NULL, '2021-03-02 10:40:46', '2021-03-02 10:40:46'),
(16598, 67, 569, 555, 39, 3, NULL, 1, 1, 0, 0, 0, 0, 0, 0, 0, '0', '0', '0', '0', NULL, '2021-03-02 10:40:49', '2021-03-02 10:40:49'),
(16599, 67, 571, 555, 39, 4, NULL, 1, 1, 0, 0, 0, 0, 0, 0, 0, '0', '0', '0', '0', NULL, '2021-03-02 10:40:51', '2021-03-02 10:40:51'),
(16600, 67, 569, 555, 39, 5, NULL, 0, 1, 0, 0, 0, 0, 0, 0, 0, '0', '0', '0', '0', NULL, '2021-03-02 10:40:54', '2021-03-02 10:40:54'),
(16601, 67, 569, 555, 39, 6, NULL, 4, 2, 0, 0, 0, 0, 0, 0, 0, '0', '0', '0', '0', NULL, '2021-03-02 10:41:19', '2021-03-02 10:41:19'),
(16602, 69, 699, 442, 8, 1, NULL, 0, 1, 0, 0, 0, 0, 0, 0, 0, '0', '0', '0', '0', NULL, '2021-03-02 10:41:20', '2021-03-02 10:41:20'),
(16603, 69, 699, 442, 8, 2, NULL, 1, 1, 0, 0, 0, 0, 0, 0, 0, '0', '0', '0', '0', NULL, '2021-03-02 10:41:37', '2021-03-02 10:41:37'),
(16604, 67, 571, 683, 40, 1, NULL, 0, 1, 0, 0, 0, 0, 0, 0, 0, '0', '0', '0', '0', NULL, '2021-03-02 10:42:11', '2021-03-02 10:42:11'),
(16605, 67, 571, 683, 40, 2, NULL, 1, 1, 0, 0, 0, 0, 0, 0, 0, '0', '0', '0', '0', NULL, '2021-03-02 10:42:15', '2021-03-02 10:42:15'),
(16606, 67, 569, 683, 40, 3, NULL, 2, 1, 0, 0, 0, 0, 0, 0, 0, '0', '0', '0', '0', NULL, '2021-03-02 10:42:18', '2021-03-02 10:42:18'),
(16607, 67, 569, 683, 40, 4, NULL, 0, 1, 0, 0, 0, 0, 0, 0, 0, '0', '0', '0', '0', NULL, '2021-03-02 10:42:22', '2021-03-02 10:42:22'),
(16610, 69, 701, 442, 8, 3, NULL, 0, 1, 0, 0, 0, 0, 0, 0, 0, '0', '0', '0', '0', NULL, '2021-03-02 10:42:52', '2021-03-02 10:42:52'),
(16611, 69, 701, 442, 8, 4, NULL, 0, 1, 0, 0, 0, 0, 0, 0, 0, '0', '0', '0', '0', NULL, '2021-03-02 10:42:55', '2021-03-02 10:42:55'),
(16612, 69, 701, 442, 8, 5, NULL, 0, 1, 0, 0, 0, 0, 0, 0, 0, '0', '0', '0', '0', NULL, '2021-03-02 10:43:10', '2021-03-02 10:43:10'),
(16613, 69, 701, 442, 8, 6, NULL, 0, 1, 0, 0, 0, 0, 0, 0, 0, '0', '0', '0', '0', NULL, '2021-03-02 10:43:16', '2021-03-02 10:43:16'),
(16614, 69, 699, 16, 9, 1, NULL, 0, 1, 0, 0, 0, 0, 0, 0, 0, '0', '0', '0', '0', NULL, '2021-03-02 10:44:15', '2021-03-02 10:44:15'),
(16615, 67, 569, 683, 40, 5, NULL, 0, 1, 0, 0, 0, 0, 0, 0, 0, '0', '0', '0', '0', NULL, '2021-03-02 10:44:15', '2021-03-02 10:44:15'),
(16616, 69, 699, 16, 9, 2, NULL, 0, 1, 0, 0, 0, 0, 0, 0, 0, '0', '0', '0', '0', NULL, '2021-03-02 10:44:52', '2021-03-02 10:44:52'),
(16617, 67, 569, 683, 40, 6, 0, 0, 1, 0, 0, 0, 1, 0, 0, 0, '0', '0', '0', '0', NULL, '2021-03-02 10:45:08', '2021-03-02 10:45:08'),
(16618, 69, 699, 16, 9, 3, NULL, 0, 1, 0, 0, 0, 0, 0, 0, 0, '0', '0', '0', '0', NULL, '2021-03-02 10:45:44', '2021-03-02 10:45:44'),
(16619, 69, 699, 16, 9, 4, NULL, 0, 1, 0, 0, 0, 0, 0, 0, 0, '0', '0', '0', '0', NULL, '2021-03-02 10:46:18', '2021-03-02 10:46:18'),
(16620, 67, 571, 683, 41, 1, NULL, 0, 1, 0, 0, 0, 0, 0, 0, 0, '0', '0', '0', '0', NULL, '2021-03-02 10:46:44', '2021-03-02 10:46:44'),
(16622, 69, 699, 16, 9, 5, NULL, 0, 1, 0, 0, 0, 0, 0, 0, 0, '0', '0', '0', '0', NULL, '2021-03-02 10:46:55', '2021-03-02 10:46:55'),
(16623, 67, 571, 683, 41, 2, NULL, 2, 1, 0, 0, 0, 0, 0, 0, 0, '0', '0', '0', '0', NULL, '2021-03-02 10:46:56', '2021-03-02 10:46:56'),
(16624, 67, 571, 683, 41, 3, NULL, 0, 1, 0, 0, 0, 0, 0, 0, 0, '0', '0', '0', '0', NULL, '2021-03-02 10:47:01', '2021-03-02 10:47:01'),
(16625, 67, 571, 683, 41, 4, 0, 0, 1, 0, 0, 0, 3, 0, 0, 0, '0', '0', '0', '0', NULL, '2021-03-02 10:47:26', '2021-03-02 10:47:26'),
(16626, 69, 699, 16, 9, 6, NULL, 0, 1, 0, 0, 0, 0, 0, 0, 0, '0', '0', '0', '0', NULL, '2021-03-02 10:48:15', '2021-03-02 10:48:15'),
(16627, 69, 701, 442, 10, 1, NULL, 0, 1, 0, 0, 0, 0, 0, 0, 0, '0', '0', '0', '0', NULL, '2021-03-02 10:49:38', '2021-03-02 10:49:38'),
(16628, 69, 701, 442, 10, 2, 0, 0, 1, 0, 0, 0, 3, 0, 0, 0, '0', '0', '0', '0', NULL, '2021-03-02 10:49:47', '2021-03-02 10:49:47'),
(16629, 67, 570, 683, 41, 5, NULL, 0, 1, 0, 0, 0, 0, 0, 0, 0, '0', '0', '0', '0', NULL, '2021-03-02 10:50:24', '2021-03-02 10:50:24'),
(16630, 67, 570, 683, 41, 6, NULL, 4, 2, 0, 0, 0, 0, 0, 0, 0, '0', '0', '0', '0', NULL, '2021-03-02 10:50:29', '2021-03-02 10:50:29'),
(16631, 67, 688, 502, 42, 1, NULL, 0, 1, 0, 0, 0, 0, 0, 0, 0, '0', '0', '0', '0', NULL, '2021-03-02 10:51:48', '2021-03-02 10:51:48'),
(16632, 69, 693, 442, 10, 3, NULL, 4, 2, 0, 0, 0, 0, 0, 0, 0, '0', '0', '0', '0', NULL, '2021-03-02 10:52:20', '2021-03-02 10:52:20'),
(16633, 67, 688, 502, 42, 2, NULL, 4, 2, 0, 0, 0, 0, 0, 0, 0, '0', '0', '0', '0', NULL, '2021-03-02 10:52:56', '2021-03-02 10:52:56'),
(16634, 67, 688, 502, 42, 3, NULL, 0, 1, 0, 0, 0, 0, 0, 0, 0, '0', '0', '0', '0', NULL, '2021-03-02 10:53:05', '2021-03-02 10:53:05'),
(16635, 67, 688, 502, 42, 4, NULL, 0, 1, 0, 0, 0, 0, 0, 0, 0, '0', '0', '0', '0', NULL, '2021-03-02 10:53:08', '2021-03-02 10:53:08'),
(16636, 67, 688, 502, 42, 5, NULL, 0, 1, 0, 0, 0, 0, 0, 0, 0, '0', '0', '0', '0', NULL, '2021-03-02 10:53:10', '2021-03-02 10:53:10'),
(16637, 67, 688, 502, 42, 6, 0, 0, 1, 0, 0, 0, 5, 0, 0, 0, '0', '0', '0', '0', NULL, '2021-03-02 10:53:31', '2021-03-02 10:53:31'),
(16638, 69, 693, 442, 10, 4, NULL, 0, 1, 0, 0, 0, 0, 0, 0, 0, '0', '0', '0', '0', NULL, '2021-03-02 10:54:06', '2021-03-02 10:54:06'),
(16639, 69, 693, 442, 10, 5, NULL, 0, 1, 0, 0, 0, 0, 0, 0, 0, '0', '0', '0', '0', NULL, '2021-03-02 10:54:08', '2021-03-02 10:54:08'),
(16640, 69, 693, 442, 10, 6, NULL, 0, 1, 0, 0, 0, 0, 0, 0, 0, '0', '0', '0', '0', NULL, '2021-03-02 10:54:11', '2021-03-02 10:54:11'),
(16641, 69, 699, 16, 11, 1, NULL, 0, 1, 0, 0, 0, 0, 0, 0, 0, '0', '0', '0', '0', NULL, '2021-03-02 10:54:54', '2021-03-02 10:54:54'),
(16642, 69, 699, 16, 11, 2, NULL, 0, 1, 0, 0, 0, 0, 0, 0, 0, '0', '0', '0', '0', NULL, '2021-03-02 10:55:27', '2021-03-02 10:55:27'),
(16643, 69, 699, 16, 11, 3, NULL, 1, 1, 0, 0, 0, 0, 0, 0, 0, '0', '0', '0', '0', NULL, '2021-03-02 10:58:00', '2021-03-02 10:58:00'),
(16644, 69, 693, 16, 11, 4, NULL, 0, 1, 0, 0, 0, 0, 0, 0, 0, '0', '0', '0', '0', NULL, '2021-03-02 10:58:04', '2021-03-02 10:58:04'),
(16645, 69, 693, 16, 11, 5, NULL, 0, 1, 0, 0, 0, 0, 0, 0, 0, '0', '0', '0', '0', NULL, '2021-03-02 10:58:07', '2021-03-02 10:58:07'),
(16646, 69, 693, 16, 11, 6, NULL, 0, 1, 0, 0, 0, 0, 0, 0, 0, '0', '0', '0', '0', NULL, '2021-03-02 10:58:57', '2021-03-02 10:58:57'),
(16647, 69, 699, 442, 12, 1, NULL, 0, 1, 0, 0, 0, 0, 0, 0, 0, '0', '0', '0', '0', NULL, '2021-03-02 10:59:58', '2021-03-02 10:59:58'),
(16648, 69, 699, 442, 12, 2, NULL, 0, 1, 0, 0, 0, 0, 0, 0, 0, '0', '0', '0', '0', NULL, '2021-03-02 11:00:00', '2021-03-02 11:00:00'),
(16649, 69, 699, 442, 12, 3, NULL, 0, 1, 0, 0, 0, 0, 0, 0, 0, '0', '0', '0', '0', NULL, '2021-03-02 11:00:34', '2021-03-02 11:00:34'),
(16650, 69, 699, 442, 12, 4, NULL, 0, 1, 0, 0, 0, 0, 0, 0, 0, '0', '0', '0', '0', NULL, '2021-03-02 11:00:37', '2021-03-02 11:00:37'),
(16651, 69, 699, 442, 12, 5, NULL, 0, 1, 0, 0, 0, 0, 0, 0, 0, '0', '0', '0', '0', NULL, '2021-03-02 11:01:56', '2021-03-02 11:01:56'),
(16652, 69, 699, 442, 12, 6, NULL, 2, 1, 0, 0, 0, 0, 0, 0, 0, '0', '0', '0', '0', NULL, '2021-03-02 11:02:10', '2021-03-02 11:02:10'),
(16653, 69, 693, 16, 13, 1, NULL, 2, 1, 0, 0, 0, 0, 0, 0, 0, '0', '0', '0', '0', NULL, '2021-03-02 11:03:28', '2021-03-02 11:03:28'),
(16654, 69, 693, 16, 13, 2, NULL, 0, 1, 0, 0, 0, 0, 0, 0, 0, '0', '0', '0', '0', NULL, '2021-03-02 11:03:31', '2021-03-02 11:03:31'),
(16655, 69, 693, 16, 13, 3, NULL, 0, 1, 0, 0, 0, 0, 0, 0, 0, '0', '0', '0', '0', NULL, '2021-03-02 11:04:08', '2021-03-02 11:04:08'),
(16656, 69, 693, 16, 13, 4, NULL, 0, 1, 0, 0, 0, 0, 0, 0, 0, '0', '0', '0', '0', NULL, '2021-03-02 11:04:49', '2021-03-02 11:04:49'),
(16657, 69, 693, 16, 13, 5, NULL, 4, 2, 0, 0, 0, 0, 0, 0, 0, '0', '0', '0', '0', NULL, '2021-03-02 11:05:46', '2021-03-02 11:05:46'),
(16658, 69, 693, 16, 13, 6, NULL, 0, 1, 0, 0, 0, 0, 0, 0, 0, '0', '0', '0', '0', NULL, '2021-03-02 11:07:36', '2021-03-02 11:07:36'),
(16659, 69, 699, 445, 14, 1, NULL, 0, 1, 0, 0, 0, 0, 0, 0, 0, '0', '0', '0', '0', NULL, '2021-03-02 11:09:44', '2021-03-02 11:09:44'),
(16660, 69, 699, 445, 14, 2, NULL, 0, 1, 0, 0, 0, 0, 0, 0, 0, '0', '0', '0', '0', NULL, '2021-03-02 11:09:47', '2021-03-02 11:09:47'),
(16661, 69, 699, 445, 14, 3, NULL, 2, 1, 0, 0, 0, 0, 0, 0, 0, '0', '0', '0', '0', NULL, '2021-03-02 11:09:50', '2021-03-02 11:09:50'),
(16662, 69, 699, 445, 14, 4, NULL, 0, 1, 0, 0, 0, 0, 0, 0, 0, '0', '0', '0', '0', NULL, '2021-03-02 11:10:55', '2021-03-02 11:10:55'),
(16663, 69, 699, 445, 14, 5, NULL, 0, 1, 0, 0, 0, 0, 0, 0, 0, '0', '0', '0', '0', NULL, '2021-03-02 11:11:55', '2021-03-02 11:11:55'),
(16664, 69, 699, 445, 14, 6, NULL, 0, 1, 0, 0, 0, 0, 0, 0, 0, '0', '0', '0', '0', NULL, '2021-03-02 11:11:58', '2021-03-02 11:11:58'),
(16665, 69, 693, 442, 15, 1, NULL, 1, 1, 0, 0, 0, 0, 0, 0, 0, '0', '0', '0', '0', NULL, '2021-03-02 11:17:21', '2021-03-02 11:17:21'),
(16666, 69, 699, 442, 15, 2, NULL, 0, 1, 0, 0, 0, 0, 0, 0, 0, '0', '0', '0', '0', NULL, '2021-03-02 11:19:02', '2021-03-02 11:19:02'),
(16667, 69, 699, 442, 15, 3, NULL, 0, 1, 0, 0, 0, 0, 0, 0, 0, '0', '0', '0', '0', NULL, '2021-03-02 11:19:07', '2021-03-02 11:19:07'),
(16668, 69, 699, 442, 15, 4, 0, 0, 1, 0, 0, 0, 2, 0, 0, 0, '0', '0', '0', '0', NULL, '2021-03-02 11:19:12', '2021-03-02 11:19:12'),
(16669, 69, 697, 442, 15, 5, 0, 0, 1, 0, 0, 0, 2, 0, 0, 0, '0', '0', '0', '0', NULL, '2021-03-02 11:21:42', '2021-03-02 11:21:42'),
(16671, 69, 706, 442, 15, 6, NULL, 4, 2, 0, 0, 0, 0, 0, 0, 0, '0', '0', '0', '0', NULL, '2021-03-02 11:24:23', '2021-03-02 11:24:23'),
(16672, 69, 693, 445, 16, 1, NULL, 1, 1, 0, 0, 0, 0, 0, 0, 0, '0', '0', '0', '0', NULL, '2021-03-02 11:24:37', '2021-03-02 11:24:37'),
(16673, 69, 706, 445, 16, 2, NULL, 3, 1, 0, 0, 0, 0, 0, 0, 0, '0', '0', '0', '0', NULL, '2021-03-02 11:25:15', '2021-03-02 11:25:15'),
(16674, 69, 693, 445, 16, 3, NULL, 0, 1, 0, 0, 0, 0, 0, 0, 0, '0', '0', '0', '0', NULL, '2021-03-02 11:26:48', '2021-03-02 11:26:48'),
(16675, 69, 693, 445, 16, 4, NULL, 0, 1, 0, 0, 0, 0, 0, 0, 0, '0', '0', '0', '0', NULL, '2021-03-02 11:26:52', '2021-03-02 11:26:52'),
(16676, 69, 693, 445, 16, 5, NULL, 0, 1, 0, 0, 0, 0, 0, 0, 0, '0', '0', '0', '0', NULL, '2021-03-02 11:26:55', '2021-03-02 11:26:55'),
(16677, 69, 693, 445, 16, 6, NULL, 0, 1, 0, 0, 0, 0, 0, 0, 0, '0', '0', '0', '0', NULL, '2021-03-02 11:26:58', '2021-03-02 11:26:58'),
(16684, 69, 706, 442, 17, 1, NULL, 2, 1, 0, 0, 0, 0, 0, 0, 0, '0', '0', '0', '0', NULL, '2021-03-02 11:32:55', '2021-03-02 11:32:55'),
(16685, 69, 706, 442, 17, 2, NULL, 1, 1, 0, 0, 0, 0, 0, 0, 0, '0', '0', '0', '0', NULL, '2021-03-02 11:32:57', '2021-03-02 11:32:57'),
(16686, 69, 693, 442, 17, 3, NULL, 0, 1, 0, 0, 0, 0, 0, 0, 0, '0', '0', '0', '0', NULL, '2021-03-02 11:32:59', '2021-03-02 11:32:59'),
(16687, 69, 693, 442, 17, 4, NULL, 0, 1, 0, 0, 0, 0, 0, 0, 0, '0', '0', '0', '0', NULL, '2021-03-02 11:33:01', '2021-03-02 11:33:01'),
(16688, 69, 693, 442, 17, 5, NULL, 0, 1, 0, 0, 0, 0, 0, 0, 0, '0', '0', '0', '0', NULL, '2021-03-02 11:33:03', '2021-03-02 11:33:03'),
(16689, 69, 693, 442, 17, 6, NULL, 0, 1, 0, 0, 0, 0, 0, 0, 0, '0', '0', '0', '0', NULL, '2021-03-02 11:33:06', '2021-03-02 11:33:06'),
(16690, 69, 706, 445, 18, 1, NULL, 0, 1, 0, 0, 0, 0, 0, 0, 0, '0', '0', '0', '0', NULL, '2021-03-02 11:34:14', '2021-03-02 11:34:14'),
(16691, 69, 706, 445, 18, 2, NULL, 0, 1, 0, 0, 0, 0, 0, 0, 0, '0', '0', '0', '0', NULL, '2021-03-02 11:34:16', '2021-03-02 11:34:16'),
(16692, 69, 706, 445, 18, 3, NULL, 0, 1, 0, 0, 0, 0, 0, 0, 0, '0', '0', '0', '0', NULL, '2021-03-02 11:34:18', '2021-03-02 11:34:18'),
(16693, 69, 706, 445, 18, 4, NULL, 0, 1, 0, 0, 0, 0, 0, 0, 0, '0', '0', '0', '0', NULL, '2021-03-02 11:34:20', '2021-03-02 11:34:20'),
(16694, 69, 706, 445, 18, 5, NULL, 1, 1, 0, 0, 0, 0, 0, 0, 0, '0', '0', '0', '0', NULL, '2021-03-02 11:34:23', '2021-03-02 11:34:23'),
(16695, 69, 693, 445, 18, 6, NULL, 2, 1, 0, 0, 0, 0, 0, 0, 0, '0', '0', '0', '0', NULL, '2021-03-02 11:34:25', '2021-03-02 11:34:25'),
(16696, 69, 706, 16, 19, 1, NULL, 0, 1, 0, 0, 0, 0, 0, 0, 0, '0', '0', '0', '0', NULL, '2021-03-02 11:35:09', '2021-03-02 11:35:09'),
(16697, 69, 706, 16, 19, 2, NULL, 0, 1, 0, 0, 0, 0, 0, 0, 0, '0', '0', '0', '0', NULL, '2021-03-02 11:36:29', '2021-03-02 11:36:29'),
(16698, 69, 706, 16, 19, 3, NULL, 0, 1, 0, 0, 0, 0, 0, 0, 0, '0', '0', '0', '0', NULL, '2021-03-02 11:36:33', '2021-03-02 11:36:33'),
(16699, 69, 706, 16, 19, 4, NULL, 0, 1, 0, 0, 0, 0, 0, 0, 0, '0', '0', '0', '0', NULL, '2021-03-02 11:37:17', '2021-03-02 11:37:17'),
(16700, 69, 706, 16, 19, 5, NULL, 0, 1, 0, 0, 0, 0, 0, 0, 0, '0', '0', '0', '0', NULL, '2021-03-02 11:38:28', '2021-03-02 11:38:28'),
(16701, 69, 706, 16, 19, 6, NULL, 0, 1, 0, 0, 0, 0, 0, 0, 0, '0', '0', '0', '0', NULL, '2021-03-02 11:38:31', '2021-03-02 11:38:31'),
(16702, 69, 693, 442, 20, 1, NULL, 0, 1, 0, 0, 0, 0, 0, 0, 0, '0', '0', '0', '0', NULL, '2021-03-02 11:39:51', '2021-03-02 11:39:51'),
(16703, 69, 693, 442, 20, 2, NULL, 0, 1, 0, 0, 0, 0, 0, 0, 0, '0', '0', '0', '0', NULL, '2021-03-02 11:39:54', '2021-03-02 11:39:54'),
(16704, 69, 693, 442, 20, 3, NULL, 1, 1, 0, 0, 0, 0, 0, 0, 0, '0', '0', '0', '0', NULL, '2021-03-02 11:40:44', '2021-03-02 11:40:44'),
(16705, 69, 706, 442, 20, 4, NULL, 1, 1, 0, 0, 0, 0, 0, 0, 0, '0', '0', '0', '0', NULL, '2021-03-02 11:41:07', '2021-03-02 11:41:07'),
(16706, 69, 693, 442, 20, 5, NULL, 0, 1, 0, 0, 0, 0, 0, 0, 0, '0', '0', '0', '0', NULL, '2021-03-02 11:41:53', '2021-03-02 11:41:53'),
(16707, 69, 693, 442, 20, 6, NULL, 0, 1, 0, 0, 0, 0, 0, 0, 0, '0', '0', '0', '0', NULL, '2021-03-02 11:42:06', '2021-03-02 11:42:06'),
(16708, 69, 706, 445, 21, 1, NULL, 1, 1, 0, 0, 0, 0, 0, 0, 0, '0', '0', '0', '0', NULL, '2021-03-02 11:43:44', '2021-03-02 11:43:44'),
(16709, 69, 693, 445, 21, 2, NULL, 0, 1, 0, 0, 0, 0, 0, 0, 0, '0', '0', '0', '0', NULL, '2021-03-02 11:44:20', '2021-03-02 11:44:20'),
(16710, 69, 693, 445, 21, 3, NULL, 1, 1, 0, 0, 0, 0, 0, 0, 0, '0', '0', '0', '0', NULL, '2021-03-02 11:44:53', '2021-03-02 11:44:53'),
(16711, 69, 706, 445, 21, 4, NULL, 0, 1, 0, 0, 0, 0, 0, 0, 0, '0', '0', '0', '0', NULL, '2021-03-02 11:44:55', '2021-03-02 11:44:55'),
(16712, 69, 706, 445, 21, 5, NULL, 0, 1, 0, 0, 0, 0, 0, 0, 0, '0', '0', '0', '0', NULL, '2021-03-02 11:45:17', '2021-03-02 11:45:17'),
(16713, 69, 706, 445, 21, 6, NULL, 0, 1, 0, 0, 0, 0, 0, 0, 0, '0', '0', '0', '0', NULL, '2021-03-02 11:45:33', '2021-03-02 11:45:33'),
(16714, 69, 693, 442, 22, 1, NULL, 0, 1, 0, 0, 0, 0, 0, 0, 0, '0', '0', '0', '0', NULL, '2021-03-02 11:47:05', '2021-03-02 11:47:05'),
(16715, 69, 693, 442, 22, 2, NULL, 4, 2, 0, 0, 0, 0, 0, 0, 0, '0', '0', '0', '0', NULL, '2021-03-02 11:47:07', '2021-03-02 11:47:07'),
(16716, 69, 693, 442, 22, 3, NULL, 1, 1, 0, 0, 0, 0, 0, 0, 0, '0', '0', '0', '0', NULL, '2021-03-02 11:47:54', '2021-03-02 11:47:54'),
(16717, 69, 706, 442, 22, 4, NULL, 0, 1, 0, 0, 0, 0, 0, 0, 0, '0', '0', '0', '0', NULL, '2021-03-02 11:48:33', '2021-03-02 11:48:33'),
(16718, 69, 706, 442, 22, 5, NULL, 0, 1, 0, 0, 0, 0, 0, 0, 0, '0', '0', '0', '0', NULL, '2021-03-02 11:49:00', '2021-03-02 11:49:00'),
(16719, 69, 706, 442, 22, 6, NULL, 0, 1, 0, 0, 0, 0, 0, 0, 0, '0', '0', '0', '0', NULL, '2021-03-02 11:49:55', '2021-03-02 11:49:55'),
(16720, 69, 693, 445, 23, 1, NULL, 2, 1, 0, 0, 0, 0, 0, 0, 0, '0', '0', '0', '0', NULL, '2021-03-02 11:51:29', '2021-03-02 11:51:29'),
(16721, 69, 693, 445, 23, 2, NULL, 1, 1, 0, 0, 0, 0, 0, 0, 0, '0', '0', '0', '0', NULL, '2021-03-02 11:51:37', '2021-03-02 11:51:37'),
(16722, 69, 706, 445, 23, 3, NULL, 0, 1, 0, 0, 0, 0, 0, 0, 0, '0', '0', '0', '0', NULL, '2021-03-02 11:52:25', '2021-03-02 11:52:25'),
(16723, 69, 706, 445, 23, 4, NULL, 1, 1, 0, 0, 0, 0, 0, 0, 0, '0', '0', '0', '0', NULL, '2021-03-02 11:53:12', '2021-03-02 11:53:12'),
(16724, 69, 693, 445, 23, 5, NULL, 0, 1, 0, 0, 0, 0, 0, 0, 0, '0', '0', '0', '0', NULL, '2021-03-02 11:53:31', '2021-03-02 11:53:31'),
(16725, 69, 693, 445, 23, 6, NULL, 1, 1, 0, 0, 0, 0, 0, 0, 0, '0', '0', '0', '0', NULL, '2021-03-02 11:53:55', '2021-03-02 11:53:55'),
(16726, 69, 693, 442, 24, 1, NULL, 0, 1, 0, 0, 0, 0, 0, 0, 0, '0', '0', '0', '0', NULL, '2021-03-02 11:55:11', '2021-03-02 11:55:11'),
(16727, 69, 693, 442, 24, 2, NULL, 0, 1, 0, 0, 0, 0, 0, 0, 0, '0', '0', '0', '0', NULL, '2021-03-02 11:55:17', '2021-03-02 11:55:17'),
(16728, 69, 693, 442, 24, 3, NULL, 1, 1, 0, 0, 0, 0, 0, 0, 0, '0', '0', '0', '0', NULL, '2021-03-02 11:55:39', '2021-03-02 11:55:39'),
(16729, 69, 706, 442, 24, 4, NULL, 0, 1, 0, 0, 0, 0, 0, 0, 0, '0', '0', '0', '0', NULL, '2021-03-02 11:56:59', '2021-03-02 11:56:59'),
(16730, 69, 706, 442, 24, 5, NULL, 2, 1, 0, 0, 0, 0, 0, 0, 0, '0', '0', '0', '0', NULL, '2021-03-02 11:57:03', '2021-03-02 11:57:03'),
(16731, 69, 706, 442, 24, 6, NULL, 3, 1, 0, 0, 0, 0, 0, 0, 0, '0', '0', '0', '0', NULL, '2021-03-02 11:57:32', '2021-03-02 11:57:32'),
(16732, 69, 706, 445, 25, 1, NULL, 0, 1, 0, 0, 0, 0, 0, 0, 0, '0', '0', '0', '0', NULL, '2021-03-02 11:59:34', '2021-03-02 11:59:34'),
(16733, 69, 706, 445, 25, 2, NULL, 0, 1, 0, 0, 0, 0, 0, 0, 0, '0', '0', '0', '0', NULL, '2021-03-02 11:59:45', '2021-03-02 11:59:45'),
(16734, 69, 706, 445, 25, 3, NULL, 4, 2, 0, 0, 0, 0, 0, 0, 0, '0', '0', '0', '0', NULL, '2021-03-02 12:00:22', '2021-03-02 12:00:22'),
(16735, 69, 706, 445, 25, 4, NULL, 4, 2, 0, 0, 0, 0, 0, 0, 0, '0', '0', '0', '0', NULL, '2021-03-02 12:01:14', '2021-03-02 12:01:14'),
(16736, 69, 706, 445, 25, 5, NULL, 0, 1, 0, 0, 0, 0, 0, 0, 0, '0', '0', '0', '0', NULL, '2021-03-02 12:02:00', '2021-03-02 12:02:00'),
(16737, 69, 706, 445, 25, 6, NULL, 0, 1, 0, 0, 0, 0, 0, 0, 0, '0', '0', '0', '0', NULL, '2021-03-02 12:02:09', '2021-03-02 12:02:09'),
(16738, 69, 693, 442, 26, 1, NULL, 0, 1, 0, 0, 0, 0, 0, 0, 0, '0', '0', '0', '0', NULL, '2021-03-02 12:05:40', '2021-03-02 12:05:40'),
(16739, 69, 693, 442, 26, 2, NULL, 0, 1, 0, 0, 0, 0, 0, 0, 0, '0', '0', '0', '0', NULL, '2021-03-02 12:05:42', '2021-03-02 12:05:42'),
(16740, 69, 693, 442, 26, 3, NULL, 0, 1, 0, 0, 0, 0, 0, 0, 0, '0', '0', '0', '0', NULL, '2021-03-02 12:05:44', '2021-03-02 12:05:44'),
(16741, 69, 693, 442, 26, 4, NULL, 0, 1, 0, 0, 0, 0, 0, 0, 0, '0', '0', '0', '0', NULL, '2021-03-02 12:05:48', '2021-03-02 12:05:48'),
(16742, 69, 693, 442, 26, 5, NULL, 0, 1, 0, 0, 0, 0, 0, 0, 0, '0', '0', '0', '0', NULL, '2021-03-02 12:05:50', '2021-03-02 12:05:50'),
(16743, 69, 693, 442, 26, 6, NULL, 4, 2, 0, 0, 0, 0, 0, 0, 0, '0', '0', '0', '0', NULL, '2021-03-02 12:05:52', '2021-03-02 12:05:52'),
(16744, 69, 706, 445, 27, 1, NULL, 4, 1, 0, 0, 0, 0, 0, 0, 0, '0', '0', '0', '0', NULL, '2021-03-02 12:06:54', '2021-03-02 12:06:54'),
(16745, 69, 706, 445, 27, 2, NULL, 0, 1, 0, 0, 0, 0, 0, 0, 0, '0', '0', '0', '0', NULL, '2021-03-02 12:07:52', '2021-03-02 12:07:52'),
(16746, 69, 706, 445, 27, 3, NULL, 0, 1, 0, 0, 0, 0, 0, 0, 0, '0', '0', '0', '0', NULL, '2021-03-02 12:07:58', '2021-03-02 12:07:58'),
(16747, 69, 706, 445, 27, 4, NULL, 0, 1, 0, 0, 0, 0, 0, 0, 0, '0', '0', '0', '0', NULL, '2021-03-02 12:08:34', '2021-03-02 12:08:34'),
(16748, 69, 706, 445, 27, 5, NULL, 0, 1, 0, 0, 0, 0, 0, 0, 0, '0', '0', '0', '0', NULL, '2021-03-02 12:08:58', '2021-03-02 12:08:58'),
(16749, 69, 706, 445, 27, 6, NULL, 0, 1, 0, 0, 0, 0, 0, 0, 0, '0', '0', '0', '0', NULL, '2021-03-02 12:09:08', '2021-03-02 12:09:08'),
(16750, 69, 693, 442, 28, 1, NULL, 1, 1, 0, 0, 0, 0, 0, 0, 0, '0', '0', '0', '0', NULL, '2021-03-02 12:10:36', '2021-03-02 12:10:36'),
(16751, 69, 706, 442, 28, 2, NULL, 0, 1, 0, 0, 0, 0, 0, 0, 0, '0', '0', '0', '0', NULL, '2021-03-02 12:13:40', '2021-03-02 12:13:40'),
(16752, 69, 706, 442, 28, 3, NULL, 0, 1, 0, 0, 0, 0, 0, 0, 0, '0', '0', '0', '0', NULL, '2021-03-02 12:13:42', '2021-03-02 12:13:42'),
(16753, 69, 706, 442, 28, 4, NULL, 4, 2, 0, 0, 0, 0, 0, 0, 0, '0', '0', '0', '0', NULL, '2021-03-02 12:13:44', '2021-03-02 12:13:44'),
(16754, 69, 706, 442, 28, 5, NULL, 1, 1, 0, 0, 0, 0, 0, 0, 0, '0', '0', '0', '0', NULL, '2021-03-02 12:13:52', '2021-03-02 12:13:52'),
(16755, 69, 693, 442, 28, 6, NULL, 0, 1, 0, 0, 0, 0, 0, 0, 0, '0', '0', '0', '0', NULL, '2021-03-02 12:13:54', '2021-03-02 12:13:54'),
(16756, 69, 706, 16, 29, 1, NULL, 0, 1, 0, 0, 0, 0, 0, 0, 0, '0', '0', '0', '0', NULL, '2021-03-02 12:18:35', '2021-03-02 12:18:35'),
(16757, 69, 706, 16, 29, 2, NULL, 0, 1, 0, 0, 0, 0, 0, 0, 0, '0', '0', '0', '0', NULL, '2021-03-02 12:20:00', '2021-03-02 12:20:00'),
(16758, 69, 706, 16, 29, 3, NULL, 0, 1, 0, 0, 0, 0, 0, 0, 0, '0', '0', '0', '0', NULL, '2021-03-02 12:20:16', '2021-03-02 12:20:16'),
(16759, 69, 706, 16, 29, 4, NULL, 1, 1, 0, 0, 0, 0, 0, 0, 0, '0', '0', '0', '0', NULL, '2021-03-02 12:20:43', '2021-03-02 12:20:43'),
(16760, 69, 693, 16, 29, 5, NULL, 1, 1, 0, 0, 0, 0, 0, 0, 0, '0', '0', '0', '0', NULL, '2021-03-02 12:21:15', '2021-03-02 12:21:15'),
(16761, 69, 706, 16, 29, 6, NULL, 1, 1, 0, 0, 0, 0, 0, 0, 0, '0', '0', '0', '0', NULL, '2021-03-02 12:21:45', '2021-03-02 12:21:45'),
(16762, 69, 706, 442, 30, 1, NULL, 0, 1, 0, 0, 0, 0, 0, 0, 0, '0', '0', '0', '0', NULL, '2021-03-02 12:23:03', '2021-03-02 12:23:03'),
(16763, 69, 706, 442, 30, 2, NULL, 1, 1, 0, 0, 0, 0, 0, 0, 0, '0', '0', '0', '0', NULL, '2021-03-02 12:23:11', '2021-03-02 12:23:11'),
(16764, 69, 693, 442, 30, 3, NULL, 2, 1, 0, 0, 0, 0, 0, 0, 0, '0', '0', '0', '0', NULL, '2021-03-02 12:24:04', '2021-03-02 12:24:04'),
(16765, 69, 693, 442, 30, 4, NULL, 2, 1, 0, 0, 0, 0, 0, 0, 0, '0', '0', '0', '0', NULL, '2021-03-02 12:24:41', '2021-03-02 12:24:41'),
(16766, 69, 693, 442, 30, 5, NULL, 0, 1, 0, 0, 0, 0, 0, 0, 0, '0', '0', '0', '0', NULL, '2021-03-02 12:25:02', '2021-03-02 12:25:02'),
(16767, 69, 693, 442, 30, 6, NULL, 0, 1, 0, 0, 0, 0, 0, 0, 0, '0', '0', '0', '0', NULL, '2021-03-02 12:25:19', '2021-03-02 12:25:19'),
(16768, 69, 706, 16, 31, 1, NULL, 2, 1, 0, 0, 0, 0, 0, 0, 0, '0', '0', '0', '0', NULL, '2021-03-02 12:28:50', '2021-03-02 12:28:50'),
(16769, 69, 706, 484, 31, 2, NULL, 0, 1, 0, 0, 0, 0, 0, 0, 0, '0', '0', '0', '0', NULL, '2021-03-02 12:30:53', '2021-03-02 12:30:53'),
(16770, 69, 706, 484, 31, 3, NULL, 0, 1, 0, 0, 0, 0, 0, 0, 0, '0', '0', '0', '0', NULL, '2021-03-02 12:30:55', '2021-03-02 12:30:55'),
(16771, 69, 706, 484, 31, 4, NULL, 0, 1, 0, 0, 0, 0, 0, 0, 0, '0', '0', '0', '0', NULL, '2021-03-02 12:31:43', '2021-03-02 12:31:43'),
(16772, 69, 706, 484, 31, 5, NULL, 2, 1, 0, 0, 0, 0, 0, 0, 0, '0', '0', '0', '0', NULL, '2021-03-02 12:32:14', '2021-03-02 12:32:14'),
(16773, 69, 706, 484, 31, 6, NULL, 0, 1, 0, 0, 0, 0, 0, 0, 0, '0', '0', '0', '0', NULL, '2021-03-02 12:33:13', '2021-03-02 12:33:13'),
(16774, 69, 693, 442, 32, 1, NULL, 3, 1, 0, 0, 0, 0, 0, 0, 0, '0', '0', '0', '0', NULL, '2021-03-02 12:34:00', '2021-03-02 12:34:00'),
(16775, 69, 706, 442, 32, 2, NULL, 0, 1, 0, 0, 0, 0, 0, 0, 0, '0', '0', '0', '0', NULL, '2021-03-02 12:34:34', '2021-03-02 12:34:34'),
(16776, 69, 706, 442, 32, 3, NULL, 0, 1, 0, 0, 0, 0, 0, 0, 0, '0', '0', '0', '0', NULL, '2021-03-02 12:35:40', '2021-03-02 12:35:40'),
(16777, 69, 706, 442, 32, 4, NULL, 0, 1, 0, 0, 0, 0, 0, 0, 0, '0', '0', '0', '0', NULL, '2021-03-02 12:35:42', '2021-03-02 12:35:42'),
(16778, 69, 706, 442, 32, 5, NULL, 0, 1, 0, 0, 0, 0, 0, 0, 0, '0', '0', '0', '0', NULL, '2021-03-02 12:36:15', '2021-03-02 12:36:15'),
(16779, 69, 706, 442, 32, 6, 0, 0, 1, 0, 0, 0, 1, 0, 0, 0, '0', '0', '0', '0', NULL, '2021-03-02 12:37:11', '2021-03-02 12:37:11'),
(16780, 69, 693, 484, 33, 1, NULL, 1, 1, 0, 0, 0, 0, 0, 0, 0, '0', '0', '0', '0', NULL, '2021-03-02 12:39:26', '2021-03-02 12:39:26'),
(16781, 69, 694, 484, 33, 2, NULL, 1, 1, 0, 0, 0, 0, 0, 0, 0, '0', '0', '0', '0', NULL, '2021-03-02 12:40:24', '2021-03-02 12:40:24'),
(16782, 69, 693, 484, 33, 3, NULL, 0, 1, 0, 0, 0, 0, 0, 0, 0, '0', '0', '0', '0', NULL, '2021-03-02 12:40:26', '2021-03-02 12:40:26'),
(16783, 69, 693, 484, 33, 4, NULL, 0, 1, 0, 0, 0, 0, 0, 0, 0, '0', '0', '0', '0', NULL, '2021-03-02 12:40:41', '2021-03-02 12:40:41'),
(16784, 69, 693, 484, 33, 5, NULL, 0, 1, 0, 0, 0, 0, 0, 0, 0, '0', '0', '0', '0', NULL, '2021-03-02 12:41:23', '2021-03-02 12:41:23'),
(16785, 69, 693, 484, 33, 6, NULL, 1, 1, 0, 0, 0, 0, 0, 0, 0, '0', '0', '0', '0', NULL, '2021-03-02 12:41:26', '2021-03-02 12:41:26'),
(16786, 69, 693, 442, 34, 1, NULL, 1, 1, 0, 0, 0, 0, 0, 0, 0, '0', '0', '0', '0', NULL, '2021-03-02 12:42:47', '2021-03-02 12:42:47'),
(16787, 69, 694, 442, 34, 2, NULL, 0, 1, 0, 0, 0, 0, 0, 0, 0, '0', '0', '0', '0', NULL, '2021-03-02 12:43:23', '2021-03-02 12:43:23'),
(16788, 69, 694, 442, 34, 3, NULL, 1, 1, 0, 0, 0, 0, 0, 0, 0, '0', '0', '0', '0', NULL, '2021-03-02 12:43:34', '2021-03-02 12:43:34'),
(16789, 69, 693, 442, 34, 4, NULL, 0, 1, 0, 0, 0, 0, 0, 0, 0, '0', '0', '0', '0', NULL, '2021-03-02 12:44:24', '2021-03-02 12:44:24'),
(16790, 69, 693, 442, 34, 5, NULL, 1, 1, 0, 0, 0, 0, 0, 0, 0, '0', '0', '0', '0', NULL, '2021-03-02 12:44:26', '2021-03-02 12:44:26'),
(16791, 69, 694, 442, 34, 6, NULL, 0, 1, 0, 0, 0, 0, 0, 0, 0, '0', '0', '0', '0', NULL, '2021-03-02 12:45:15', '2021-03-02 12:45:15'),
(16792, 69, 693, 484, 35, 1, NULL, 0, 1, 0, 0, 0, 0, 0, 0, 0, '0', '0', '0', '0', NULL, '2021-03-02 12:45:47', '2021-03-02 12:45:47'),
(16793, 69, 693, 484, 35, 2, NULL, 0, 1, 0, 0, 0, 0, 0, 0, 0, '0', '0', '0', '0', NULL, '2021-03-02 12:46:28', '2021-03-02 12:46:28'),
(16794, 69, 693, 484, 35, 3, NULL, 1, 1, 0, 0, 0, 0, 0, 0, 0, '0', '0', '0', '0', NULL, '2021-03-02 12:46:30', '2021-03-02 12:46:30'),
(16795, 69, 694, 484, 35, 4, NULL, 0, 1, 0, 0, 0, 0, 0, 0, 0, '0', '0', '0', '0', NULL, '2021-03-02 12:46:44', '2021-03-02 12:46:44'),
(16796, 69, 694, 484, 35, 5, NULL, 1, 1, 0, 0, 0, 0, 0, 0, 0, '0', '0', '0', '0', NULL, '2021-03-02 12:47:11', '2021-03-02 12:47:11'),
(16797, 69, 693, 484, 35, 6, NULL, 0, 1, 0, 0, 0, 0, 0, 0, 0, '0', '0', '0', '0', NULL, '2021-03-02 12:47:51', '2021-03-02 12:47:51'),
(16798, 69, 694, 445, 36, 1, NULL, 0, 1, 0, 0, 0, 0, 0, 0, 0, '0', '0', '0', '0', NULL, '2021-03-02 12:50:13', '2021-03-02 12:50:13'),
(16799, 69, 694, 445, 36, 2, NULL, 0, 1, 0, 0, 0, 0, 0, 0, 0, '0', '0', '0', '0', NULL, '2021-03-02 12:50:15', '2021-03-02 12:50:15'),
(16800, 69, 694, 445, 36, 3, NULL, 1, 1, 0, 0, 0, 0, 0, 0, 0, '0', '0', '0', '0', NULL, '2021-03-02 12:50:17', '2021-03-02 12:50:17'),
(16801, 69, 693, 445, 36, 4, NULL, 0, 1, 0, 0, 0, 0, 0, 0, 0, '0', '0', '0', '0', NULL, '2021-03-02 12:51:06', '2021-03-02 12:51:06'),
(16802, 69, 693, 445, 36, 5, NULL, 4, 2, 0, 0, 0, 0, 0, 0, 0, '0', '0', '0', '0', NULL, '2021-03-02 12:51:09', '2021-03-02 12:51:09'),
(16803, 69, 693, 445, 36, 6, NULL, 1, 1, 0, 0, 0, 0, 0, 0, 0, '0', '0', '0', '0', NULL, '2021-03-02 12:51:52', '2021-03-02 12:51:52'),
(16804, 69, 693, 484, 37, 1, NULL, 1, 1, 0, 0, 0, 0, 0, 0, 0, '0', '0', '0', '0', NULL, '2021-03-02 12:53:10', '2021-03-02 12:53:10'),
(16805, 69, 694, 484, 37, 2, NULL, 0, 1, 0, 0, 0, 0, 0, 0, 0, '0', '0', '0', '0', NULL, '2021-03-02 12:53:47', '2021-03-02 12:53:47'),
(16806, 69, 694, 484, 37, 3, NULL, 0, 1, 0, 0, 0, 0, 0, 0, 0, '0', '0', '0', '0', NULL, '2021-03-02 12:54:04', '2021-03-02 12:54:04'),
(16807, 69, 694, 484, 37, 0, NULL, 1, 1, 1, 4, 0, 0, 0, 0, 0, '0', '0', '0', '0', NULL, '2021-03-02 12:55:18', '2021-03-02 12:55:18'),
(16808, 69, 693, 484, 37, 4, NULL, 0, 1, 0, 0, 0, 0, 0, 0, 0, '0', '0', '0', '0', NULL, '2021-03-02 12:55:20', '2021-03-02 12:55:20'),
(16809, 69, 693, 484, 37, 5, NULL, 0, 1, 0, 0, 0, 0, 0, 0, 0, '0', '0', '0', '0', NULL, '2021-03-02 12:55:23', '2021-03-02 12:55:23'),
(16810, 69, 693, 484, 37, 6, NULL, 1, 1, 0, 0, 0, 0, 0, 0, 0, '0', '0', '0', '0', NULL, '2021-03-02 12:55:39', '2021-03-02 12:55:39'),
(16811, 69, 693, 445, 38, 1, NULL, 1, 1, 0, 0, 0, 0, 0, 0, 0, '0', '0', '0', '0', NULL, '2021-03-02 12:56:52', '2021-03-02 12:56:52'),
(16812, 69, 694, 445, 38, 2, NULL, 0, 1, 0, 0, 0, 0, 0, 0, 0, '0', '0', '0', '0', NULL, '2021-03-02 12:57:16', '2021-03-02 12:57:16'),
(16813, 69, 694, 445, 38, 3, NULL, 0, 1, 0, 0, 0, 0, 0, 0, 0, '0', '0', '0', '0', NULL, '2021-03-02 12:58:24', '2021-03-02 12:58:24'),
(16814, 69, 694, 445, 38, 4, NULL, 0, 1, 0, 0, 0, 0, 0, 0, 0, '0', '0', '0', '0', NULL, '2021-03-02 12:58:26', '2021-03-02 12:58:26'),
(16815, 69, 694, 445, 38, 5, NULL, 1, 1, 0, 0, 0, 0, 0, 0, 0, '0', '0', '0', '0', NULL, '2021-03-02 12:58:28', '2021-03-02 12:58:28'),
(16816, 69, 693, 445, 38, 6, NULL, 0, 1, 0, 0, 0, 0, 0, 0, 0, '0', '0', '0', '0', NULL, '2021-03-02 12:58:49', '2021-03-02 12:58:49'),
(16817, 69, 694, 442, 39, 1, NULL, 0, 1, 0, 0, 0, 0, 0, 0, 0, '0', '0', '0', '0', NULL, '2021-03-02 13:00:44', '2021-03-02 13:00:44'),
(16818, 69, 694, 442, 39, 2, NULL, 1, 1, 0, 0, 0, 0, 0, 0, 0, '0', '0', '0', '0', NULL, '2021-03-02 13:00:46', '2021-03-02 13:00:46'),
(16819, 69, 693, 442, 39, 3, NULL, 1, 1, 0, 0, 0, 0, 0, 0, 0, '0', '0', '0', '0', NULL, '2021-03-02 13:01:27', '2021-03-02 13:01:27'),
(16820, 69, 694, 442, 39, 4, NULL, 1, 1, 0, 0, 0, 0, 0, 0, 0, '0', '0', '0', '0', NULL, '2021-03-02 13:01:52', '2021-03-02 13:01:52'),
(16821, 69, 693, 442, 39, 5, NULL, 1, 1, 0, 0, 0, 0, 0, 0, 0, '0', '0', '0', '0', NULL, '2021-03-02 13:02:14', '2021-03-02 13:02:14'),
(16822, 69, 694, 442, 39, 6, 0, 0, 1, 0, 0, 0, 4, 0, 0, 0, '0', '0', '0', '0', NULL, '2021-03-02 13:02:15', '2021-03-03 10:57:51'),
(16823, 69, 695, 16, 40, 1, 0, 0, 1, 0, 0, 0, 4, 0, 0, 0, '0', '0', '0', '0', NULL, '2021-03-03 11:00:52', '2021-03-03 11:01:03'),
(16824, 69, 707, 16, 40, 2, 0, 1, 1, 0, 0, 0, 4, 0, 0, 0, '0', '0', '0', '0', NULL, '2021-03-03 11:01:59', '2021-03-03 11:02:15'),
(16825, 69, 707, 16, 40, 3, 0, 0, 1, 0, 0, 0, 4, 0, 0, 0, '0', '0', '0', '0', NULL, '2021-03-03 11:03:46', '2021-03-03 11:04:06');

-- --------------------------------------------------------

--
-- Table structure for table `seasons`
--

CREATE TABLE `seasons` (
  `id` bigint(20) UNSIGNED NOT NULL,
  `name` varchar(191) COLLATE utf8mb4_unicode_ci NOT NULL,
  `description` text COLLATE utf8mb4_unicode_ci,
  `created_at` timestamp NULL DEFAULT NULL,
  `updated_at` timestamp NULL DEFAULT NULL
) ENGINE=InnoDB DEFAULT CHARSET=utf8mb4 COLLATE=utf8mb4_unicode_ci;

--
-- Dumping data for table `seasons`
--

INSERT INTO `seasons` (`id`, `name`, `description`, `created_at`, `updated_at`) VALUES
(1, '2020/21', NULL, NULL, NULL);

-- --------------------------------------------------------

--
-- Table structure for table `teams`
--

CREATE TABLE `teams` (
  `id` bigint(20) UNSIGNED NOT NULL,
  `name` varchar(191) COLLATE utf8mb4_unicode_ci NOT NULL,
  `abbreviation` varchar(191) COLLATE utf8mb4_unicode_ci NOT NULL,
  `team_type_id` bigint(20) UNSIGNED NOT NULL,
  `entity_id` bigint(20) UNSIGNED NOT NULL,
  `logo` text COLLATE utf8mb4_unicode_ci,
  `remark` text COLLATE utf8mb4_unicode_ci,
  `active` tinyint(1) NOT NULL DEFAULT '1',
  `created_at` timestamp NULL DEFAULT NULL,
  `updated_at` timestamp NULL DEFAULT NULL
) ENGINE=InnoDB DEFAULT CHARSET=utf8mb4 COLLATE=utf8mb4_unicode_ci;

--
-- Dumping data for table `teams`
--

INSERT INTO `teams` (`id`, `name`, `abbreviation`, `team_type_id`, `entity_id`, `logo`, `remark`, `active`, `created_at`, `updated_at`) VALUES
(1, 'Afghanistan', 'AFG', 1, 2, 'images/ams/teams/1610359694logo.jpeg', NULL, 1, '2021-01-11 10:08:14', '2021-01-11 10:16:30'),
(2, 'Ireland', 'IRE', 1, 4, 'images/ams/teams/1610617377logo.jpeg', NULL, 1, '2021-01-11 10:15:51', '2021-01-18 10:09:52'),
(3, 'Parwan', 'PAR', 5, 2, 'images/team-icon.png', NULL, 1, '2021-01-19 10:45:50', '2021-01-19 10:45:50'),
(4, 'Paktika', 'PAK', 5, 2, 'images/team-icon.png', NULL, 1, '2021-01-19 10:47:41', '2021-01-19 10:47:41'),
(5, 'Logar', 'LGR', 5, 2, 'images/team-icon.png', NULL, 1, '2021-01-19 10:48:25', '2021-01-19 10:48:25'),
(6, 'Khost (B)', 'KST', 5, 2, 'images/team-icon.png', NULL, 1, '2021-01-19 10:50:02', '2021-01-19 14:04:55'),
(7, 'Kapisa', 'KAP', 5, 2, 'images/team-icon.png', NULL, 1, '2021-01-19 10:51:52', '2021-01-19 10:51:52'),
(8, 'Nimroz', 'NRZ', 5, 2, 'images/team-icon.png', NULL, 1, '2021-01-19 10:52:42', '2021-01-19 10:53:48'),
(9, 'Ghazni', 'GHZ', 5, 2, 'images/team-icon.png', NULL, 1, '2021-01-19 10:54:22', '2021-01-19 10:54:47'),
(11, 'Kabul (B)', 'KBL', 5, 2, 'images/team-icon.png', NULL, 1, '2021-01-19 14:01:55', '2021-01-19 14:01:55'),
(12, 'Zabul', 'ZBL', 5, 2, 'images/team-icon.png', NULL, 1, '2021-01-19 14:02:52', '2021-01-19 14:02:52'),
(13, 'Herat', 'HRT', 5, 2, 'images/team-icon.png', NULL, 1, '2021-01-19 14:16:54', '2021-01-19 14:16:54'),
(14, 'Uruzgan', 'URN', 5, 2, 'images/team-icon.png', NULL, 1, '2021-01-19 14:19:08', '2021-01-19 14:19:08'),
(15, 'Farah', 'FRH', 5, 2, 'images/team-icon.png', NULL, 1, '2021-01-19 14:19:57', '2021-01-19 14:19:57'),
(16, 'Nangarahar', 'NGR', 5, 2, 'images/team-icon.png', NULL, 1, '2021-01-19 14:20:42', '2021-01-19 14:20:42'),
(17, 'Laghman', 'LGN', 5, 2, 'images/team-icon.png', NULL, 1, '2021-01-19 14:21:26', '2021-01-19 14:21:26'),
(18, 'Kunar', 'KNR', 5, 2, 'images/team-icon.png', NULL, 1, '2021-01-19 14:21:53', '2021-01-19 14:21:53'),
(19, 'Kochian', 'KCN', 5, 2, 'images/team-icon.png', NULL, 1, '2021-01-19 14:22:57', '2021-01-19 14:22:57'),
(20, 'Baghlan', 'BGN', 5, 2, 'images/team-icon.png', NULL, 1, '2021-01-19 14:23:34', '2021-01-19 14:23:34'),
(21, 'Samangan', 'SGN', 5, 2, 'images/team-icon.png', NULL, 1, '2021-01-19 14:24:03', '2021-01-19 14:24:03'),
(22, 'Takhar', 'TKR', 5, 2, 'images/team-icon.png', NULL, 1, '2021-01-19 14:24:29', '2021-01-19 14:24:29'),
(23, 'Jozjan', 'JZN', 5, 2, 'images/team-icon.png', NULL, 1, '2021-01-19 14:25:07', '2021-01-19 14:25:07'),
(25, 'Nangarahar(B)', 'NGB', 5, 2, 'images/team-icon.png', NULL, 1, '2021-01-22 03:50:52', '2021-01-22 03:50:52'),
(26, 'Paktia', 'PKT', 5, 2, '', NULL, 1, '2021-02-16 06:25:12', '2021-02-16 06:25:12'),
(27, 'Kunduz', 'KDZ', 5, 2, '', NULL, 1, '2021-02-16 06:27:38', '2021-02-16 06:27:38'),
(28, 'Helmand', 'HLD', 5, 2, '', NULL, 1, '2021-02-16 06:30:48', '2021-02-16 06:30:48'),
(29, 'Balkh', 'BLK', 5, 2, '', NULL, 1, '2021-02-16 06:32:25', '2021-02-16 07:05:48'),
(30, 'Wardak', 'MW', 5, 2, '', NULL, 1, '2021-02-16 06:38:17', '2021-02-25 05:03:29'),
(31, 'Kandahar', 'KDR', 5, 2, '', NULL, 1, '2021-02-16 06:45:46', '2021-02-16 06:45:46'),
(32, 'Zimbabwe', 'ZIM', 1, 5, 'images/ams/teams/1614661818logo.jpeg', NULL, 1, '2021-03-02 05:10:18', '2021-03-02 05:10:18');

-- --------------------------------------------------------

--
-- Table structure for table `team_tournaments`
--

CREATE TABLE `team_tournaments` (
  `id` bigint(20) UNSIGNED NOT NULL,
  `team_id` bigint(20) UNSIGNED NOT NULL,
  `tournament_id` bigint(20) UNSIGNED NOT NULL,
  `created_at` timestamp NULL DEFAULT NULL,
  `updated_at` timestamp NULL DEFAULT NULL
) ENGINE=InnoDB DEFAULT CHARSET=utf8mb4 COLLATE=utf8mb4_unicode_ci;

--
-- Dumping data for table `team_tournaments`
--

INSERT INTO `team_tournaments` (`id`, `team_id`, `tournament_id`, `created_at`, `updated_at`) VALUES
(1, 1, 1, '2021-01-11 10:17:01', '2021-01-11 10:17:01'),
(2, 2, 1, '2021-01-11 10:17:01', '2021-01-11 10:17:01'),
(3, 3, 2, '2021-01-19 17:53:57', '2021-01-19 17:53:57'),
(4, 9, 2, '2021-01-19 17:53:57', '2021-01-19 17:53:57'),
(5, 5, 2, '2021-01-19 17:53:57', '2021-01-19 17:53:57'),
(6, 11, 2, '2021-01-19 17:53:57', '2021-01-19 17:53:57'),
(7, 12, 2, '2021-01-19 17:53:57', '2021-01-19 17:53:57'),
(8, 7, 2, '2021-01-19 17:53:57', '2021-01-19 17:53:57'),
(9, 6, 2, '2021-01-19 17:53:57', '2021-01-19 17:53:57'),
(10, 4, 2, '2021-01-19 17:53:57', '2021-01-19 17:53:57'),
(11, 8, 2, '2021-01-19 17:57:39', '2021-01-19 17:57:39'),
(12, 13, 2, '2021-01-19 17:57:39', '2021-01-19 17:57:39'),
(13, 14, 2, '2021-01-19 17:57:39', '2021-01-19 17:57:39'),
(14, 15, 2, '2021-01-19 17:57:39', '2021-01-19 17:57:39'),
(15, 16, 2, '2021-01-19 17:57:39', '2021-01-19 17:57:39'),
(16, 17, 2, '2021-01-19 17:57:39', '2021-01-19 17:57:39'),
(17, 19, 2, '2021-01-19 17:57:39', '2021-01-19 17:57:39'),
(18, 18, 2, '2021-01-19 17:57:39', '2021-01-19 17:57:39'),
(19, 20, 2, '2021-01-19 17:57:39', '2021-01-19 17:57:39'),
(20, 21, 2, '2021-01-19 17:57:39', '2021-01-19 17:57:39'),
(21, 22, 2, '2021-01-19 17:57:39', '2021-01-19 17:57:39'),
(22, 23, 2, '2021-01-19 17:57:39', '2021-01-19 17:57:39'),
(23, 25, 2, '2021-01-22 04:27:06', '2021-01-22 04:27:06'),
(24, 31, 3, '2021-02-16 06:58:50', '2021-02-16 06:58:50'),
(25, 30, 3, '2021-02-16 06:58:50', '2021-02-16 06:58:50'),
(26, 28, 3, '2021-02-16 06:58:50', '2021-02-16 06:58:50'),
(27, 27, 3, '2021-02-16 06:58:50', '2021-02-16 06:58:50'),
(28, 26, 3, '2021-02-16 06:58:50', '2021-02-16 06:58:50'),
(29, 25, 3, '2021-02-16 06:58:50', '2021-02-16 06:58:50'),
(30, 12, 3, '2021-02-16 06:58:50', '2021-02-16 06:58:50'),
(31, 15, 3, '2021-02-16 06:58:50', '2021-02-16 06:58:50'),
(32, 6, 3, '2021-02-16 06:58:50', '2021-02-16 06:58:50'),
(33, 20, 3, '2021-02-16 06:58:50', '2021-02-16 06:58:50'),
(34, 11, 3, '2021-02-16 06:58:50', '2021-02-16 06:58:50'),
(35, 17, 3, '2021-02-16 06:58:50', '2021-02-16 06:58:50'),
(36, 13, 3, '2021-02-16 06:58:50', '2021-02-16 06:58:50'),
(37, 5, 3, '2021-02-16 06:58:50', '2021-02-16 06:58:50'),
(38, 23, 3, '2021-02-16 06:58:50', '2021-02-16 06:58:50'),
(39, 29, 3, '2021-02-16 07:06:14', '2021-02-16 07:06:14'),
(40, 32, 4, '2021-03-02 05:11:30', '2021-03-02 05:11:30'),
(41, 1, 4, '2021-03-02 05:11:30', '2021-03-02 05:11:30');

-- --------------------------------------------------------

--
-- Table structure for table `team_types`
--

CREATE TABLE `team_types` (
  `id` bigint(20) UNSIGNED NOT NULL,
  `name` varchar(191) COLLATE utf8mb4_unicode_ci NOT NULL,
  `active` tinyint(1) NOT NULL DEFAULT '1',
  `remark` text COLLATE utf8mb4_unicode_ci,
  `created_at` timestamp NULL DEFAULT NULL,
  `updated_at` timestamp NULL DEFAULT NULL
) ENGINE=InnoDB DEFAULT CHARSET=utf8mb4 COLLATE=utf8mb4_unicode_ci;

--
-- Dumping data for table `team_types`
--

INSERT INTO `team_types` (`id`, `name`, `active`, `remark`, `created_at`, `updated_at`) VALUES
(1, 'National', 1, 'N/A', '2021-01-06 10:35:14', '2021-01-06 10:35:14'),
(2, 'Under-19', 1, 'N/A', '2021-01-06 10:35:37', '2021-01-06 10:35:37'),
(3, 'A', 1, 'N/A', '2021-01-06 10:35:52', '2021-01-06 10:35:52'),
(4, 'Emerging', 1, 'N/A', '2021-01-06 10:36:24', '2021-01-06 10:36:24'),
(5, 'Provincial', 1, NULL, '2021-01-19 10:44:14', '2021-01-19 10:44:14');

-- --------------------------------------------------------

--
-- Table structure for table `tosses`
--

CREATE TABLE `tosses` (
  `id` bigint(20) UNSIGNED NOT NULL,
  `fixture_id` bigint(20) UNSIGNED NOT NULL,
  `team_id` bigint(20) UNSIGNED NOT NULL,
  `elected_to` smallint(6) NOT NULL DEFAULT '1',
  `created_at` timestamp NULL DEFAULT NULL,
  `updated_at` timestamp NULL DEFAULT NULL
) ENGINE=InnoDB DEFAULT CHARSET=utf8mb4 COLLATE=utf8mb4_unicode_ci;

--
-- Dumping data for table `tosses`
--

INSERT INTO `tosses` (`id`, `fixture_id`, `team_id`, `elected_to`, `created_at`, `updated_at`) VALUES
(1, 15, 26, 2, '2021-02-18 04:44:00', '2021-02-18 04:44:00'),
(2, 16, 6, 1, '2021-02-18 04:54:45', '2021-02-18 05:47:40'),
(3, 17, 12, 1, '2021-02-19 04:33:49', '2021-02-19 04:33:49'),
(4, 18, 28, 1, '2021-02-19 04:47:03', '2021-02-19 04:47:12'),
(5, 20, 6, 1, '2021-02-20 04:24:12', '2021-02-20 04:24:33'),
(6, 19, 12, 2, '2021-02-20 04:24:37', '2021-02-20 04:24:37'),
(7, 21, 26, 1, '2021-02-21 04:10:23', '2021-02-21 04:10:23'),
(8, 22, 20, 1, '2021-02-21 04:26:53', '2021-02-21 04:26:53'),
(9, 24, 20, 2, '2021-02-22 04:15:53', '2021-02-22 04:15:53'),
(10, 23, 25, 1, '2021-02-22 04:19:40', '2021-02-22 04:39:40'),
(11, 25, 12, 2, '2021-02-23 04:16:14', '2021-02-23 04:16:14'),
(12, 26, 28, 2, '2021-02-23 04:36:19', '2021-02-23 04:36:19'),
(13, 27, 11, 2, '2021-02-25 04:13:38', '2021-02-25 04:13:38'),
(14, 28, 31, 1, '2021-02-25 04:37:35', '2021-02-25 04:37:35'),
(15, 30, 23, 2, '2021-02-26 04:21:44', '2021-02-26 04:21:44'),
(16, 29, 29, 2, '2021-02-26 04:24:18', '2021-02-26 04:24:18'),
(17, 32, 31, 1, '2021-02-27 04:28:23', '2021-02-27 04:28:23'),
(18, 31, 11, 2, '2021-02-27 04:33:45', '2021-02-27 04:33:45'),
(19, 33, 17, 2, '2021-02-28 03:58:25', '2021-02-28 03:58:25'),
(20, 34, 5, 1, '2021-02-28 04:32:51', '2021-02-28 04:32:51'),
(21, 1, 1, 1, '2021-02-28 09:41:23', '2021-02-28 09:52:54'),
(22, 35, 13, 2, '2021-03-01 04:10:20', '2021-03-01 04:10:20'),
(23, 36, 5, 2, '2021-03-01 04:26:38', '2021-03-01 04:26:38'),
(24, 2, 2, 1, '2021-03-01 05:30:49', '2021-03-01 05:30:49'),
(25, 3, 2, 2, '2021-03-01 07:58:44', '2021-03-01 07:58:44'),
(26, 37, 29, 2, '2021-03-02 04:12:55', '2021-03-02 04:12:55'),
(27, 38, 30, 2, '2021-03-02 04:32:41', '2021-03-02 04:32:41'),
(28, 39, 1, 1, '2021-03-02 05:59:56', '2021-03-02 05:59:56');

-- --------------------------------------------------------

--
-- Table structure for table `tournaments`
--

CREATE TABLE `tournaments` (
  `id` bigint(20) UNSIGNED NOT NULL,
  `name` varchar(191) COLLATE utf8mb4_unicode_ci NOT NULL,
  `logo` text COLLATE utf8mb4_unicode_ci,
  `slogan` text COLLATE utf8mb4_unicode_ci,
  `details` text COLLATE utf8mb4_unicode_ci,
  `start_date` varchar(191) COLLATE utf8mb4_unicode_ci DEFAULT NULL,
  `end_date` varchar(191) COLLATE utf8mb4_unicode_ci DEFAULT NULL,
  `tournament_type_id` bigint(20) UNSIGNED NOT NULL,
  `entity_id` bigint(20) UNSIGNED NOT NULL,
  `created_at` timestamp NULL DEFAULT NULL,
  `updated_at` timestamp NULL DEFAULT NULL
) ENGINE=InnoDB DEFAULT CHARSET=utf8mb4 COLLATE=utf8mb4_unicode_ci;

--
-- Dumping data for table `tournaments`
--

INSERT INTO `tournaments` (`id`, `name`, `logo`, `slogan`, `details`, `start_date`, `end_date`, `tournament_type_id`, `entity_id`, `created_at`, `updated_at`) VALUES
(1, 'Ireland & Afghanistan Tour of UAE - 2021', NULL, NULL, NULL, '2021-01-21', '2021-03-20', 4, 2, '2021-01-09 10:37:57', '2021-01-11 10:20:10'),
(2, 'Wazir Akbar Khan provincial Grade III One-day Tournament-2021', 'images/ams/tournament/1611078352logo.png', 'Grade III', NULL, '2021-01-22', '2021-03-20', 6, 2, '2021-01-19 17:45:52', '2021-01-20 06:19:44'),
(3, 'Wazir Akbar Khan Provincial Grade II one day Tournament-2021', 'images/ams/tournament/1613456375logo.jpeg', 'Grade II', 'Provincial One Day Tournament-2021', '2021-02-18', '2021-03-02', 13, 2, '2021-02-16 06:19:35', '2021-02-18 03:33:11'),
(4, 'Afghanistan & Zimbabwe Tour of UAE March 2021', '', '.', 'In this tournament Afghanistan is hosting team Zimbabwe for two tests and three T20Is', '2021-03-02', '2021-03-20', 14, 2, '2021-03-02 04:54:35', '2021-03-02 04:54:35');

-- --------------------------------------------------------

--
-- Table structure for table `tournament_types`
--

CREATE TABLE `tournament_types` (
  `id` bigint(20) UNSIGNED NOT NULL,
  `name` varchar(191) COLLATE utf8mb4_unicode_ci NOT NULL,
  `active` tinyint(1) NOT NULL DEFAULT '1',
  `remark` text COLLATE utf8mb4_unicode_ci,
  `created_at` timestamp NULL DEFAULT NULL,
  `updated_at` timestamp NULL DEFAULT NULL
) ENGINE=InnoDB DEFAULT CHARSET=utf8mb4 COLLATE=utf8mb4_unicode_ci;

--
-- Dumping data for table `tournament_types`
--

INSERT INTO `tournament_types` (`id`, `name`, `active`, `remark`, `created_at`, `updated_at`) VALUES
(1, 'ICC T20 World-cup', 1, 'N/A', '2021-01-06 10:17:12', '2021-01-06 10:17:12'),
(2, 'ICC ODI World-cup', 1, 'N/A', '2021-01-06 10:18:01', '2021-01-06 10:18:01'),
(3, 'Asia-cup', 1, 'N/A', '2021-01-06 10:23:30', '2021-01-06 10:23:30'),
(4, 'FTP', 1, 'Tournament or series that is part of the FTP.', '2021-01-06 10:25:21', '2021-01-06 10:25:21'),
(5, 'One day', 1, NULL, '2021-01-19 17:49:07', '2021-01-19 17:49:07'),
(6, 'Grade |||', 1, 'Is the provincial challenge cup arranged by ACB.', '2021-01-20 04:34:17', '2021-01-20 04:34:17'),
(7, 'Grade one', 1, NULL, '2021-01-20 07:15:42', '2021-01-20 07:15:42'),
(13, 'Grade II', 1, NULL, '2021-02-16 06:17:42', '2021-02-16 06:17:42'),
(14, 'International Series', 1, NULL, '2021-03-02 04:52:20', '2021-03-02 04:52:20');

-- --------------------------------------------------------

--
-- Table structure for table `week_days`
--

CREATE TABLE `week_days` (
  `id` bigint(20) UNSIGNED NOT NULL,
  `week_day_in_letters` varchar(191) COLLATE utf8mb4_unicode_ci NOT NULL,
  `week_day_abbreviation` varchar(191) COLLATE utf8mb4_unicode_ci NOT NULL,
  `created_at` timestamp NULL DEFAULT NULL,
  `updated_at` timestamp NULL DEFAULT NULL
) ENGINE=InnoDB DEFAULT CHARSET=utf8mb4 COLLATE=utf8mb4_unicode_ci;

--
-- Dumping data for table `week_days`
--

INSERT INTO `week_days` (`id`, `week_day_in_letters`, `week_day_abbreviation`, `created_at`, `updated_at`) VALUES
(1, 'Saturday', 'Sat.', '2020-12-26 00:09:29', '2020-12-26 00:09:40'),
(2, 'Sunday', 'Sun.', '2020-12-26 00:09:44', '2020-12-26 00:09:47'),
(3, 'Monday', 'Mon.', '2020-12-26 00:09:51', '2020-12-26 00:09:54'),
(4, 'Tuesday', 'Tue.', '2020-12-26 00:09:57', '2020-12-26 00:10:00'),
(5, 'Wednesday', 'Wed.', '2020-12-26 00:10:03', '2020-12-26 00:10:05'),
(6, 'Thursday', 'Thu.', '2020-12-26 00:10:09', '2020-12-26 00:10:12'),
(7, 'Friday', 'Fri.', '2020-12-26 00:10:15', '2020-12-26 00:10:17');

-- --------------------------------------------------------

--
-- Table structure for table `wicket_keepers`
--

CREATE TABLE `wicket_keepers` (
  `id` bigint(20) UNSIGNED NOT NULL,
  `name` varchar(191) COLLATE utf8mb4_unicode_ci NOT NULL,
  `created_at` timestamp NULL DEFAULT NULL,
  `updated_at` timestamp NULL DEFAULT NULL
) ENGINE=InnoDB DEFAULT CHARSET=utf8mb4 COLLATE=utf8mb4_unicode_ci;

--
-- Dumping data for table `wicket_keepers`
--

INSERT INTO `wicket_keepers` (`id`, `name`, `created_at`, `updated_at`) VALUES
(1, 'WICKET KEEPER', NULL, NULL);

-- --------------------------------------------------------

--
-- Table structure for table `wicket_types`
--

CREATE TABLE `wicket_types` (
  `id` bigint(20) UNSIGNED NOT NULL,
  `name` varchar(191) COLLATE utf8mb4_unicode_ci NOT NULL,
  `abbreviation` varchar(191) COLLATE utf8mb4_unicode_ci NOT NULL,
  `created_at` timestamp NULL DEFAULT NULL,
  `updated_at` timestamp NULL DEFAULT NULL
) ENGINE=InnoDB DEFAULT CHARSET=utf8mb4 COLLATE=utf8mb4_unicode_ci;

--
-- Dumping data for table `wicket_types`
--

INSERT INTO `wicket_types` (`id`, `name`, `abbreviation`, `created_at`, `updated_at`) VALUES
(1, 'Caught', 'C', NULL, NULL),
(2, 'LBW', 'LBW', NULL, NULL),
(3, 'Bowled', 'Bw', NULL, NULL),
(4, 'Run Out', 'RO', NULL, NULL),
(5, 'Stumped', 'St', NULL, NULL),
(6, 'Hit Wicket', 'HW', NULL, NULL),
(7, 'Hit Ball Twice', 'HBT', NULL, NULL),
(8, 'Handled Ball', 'HB', NULL, NULL),
(9, 'Timed Out', 'TO', NULL, NULL),
(10, 'Obstructing The Field', 'OTF', NULL, NULL),
(11, 'Mankad', 'M', NULL, NULL);

--
-- Indexes for dumped tables
--

--
-- Indexes for table `all_rounders`
--
ALTER TABLE `all_rounders`
  ADD PRIMARY KEY (`id`);

--
-- Indexes for table `batting_and_fielding_performances`
--
ALTER TABLE `batting_and_fielding_performances`
  ADD PRIMARY KEY (`id`),
  ADD KEY `batting_and_fielding_performances_player_id_foreign` (`player_id`),
  ADD KEY `batting_and_fielding_performances_game_format_id_foreign` (`game_format_id`);

--
-- Indexes for table `batting_orders`
--
ALTER TABLE `batting_orders`
  ADD PRIMARY KEY (`id`);

--
-- Indexes for table `batting_styles`
--
ALTER TABLE `batting_styles`
  ADD PRIMARY KEY (`id`);

--
-- Indexes for table `blood_groups`
--
ALTER TABLE `blood_groups`
  ADD PRIMARY KEY (`id`);

--
-- Indexes for table `bowling_performances`
--
ALTER TABLE `bowling_performances`
  ADD PRIMARY KEY (`id`),
  ADD KEY `bowling_performances_player_id_foreign` (`player_id`),
  ADD KEY `bowling_performances_game_format_id_foreign` (`game_format_id`);

--
-- Indexes for table `bowling_styles`
--
ALTER TABLE `bowling_styles`
  ADD PRIMARY KEY (`id`);

--
-- Indexes for table `bowling_types`
--
ALTER TABLE `bowling_types`
  ADD PRIMARY KEY (`id`);

--
-- Indexes for table `break_types`
--
ALTER TABLE `break_types`
  ADD PRIMARY KEY (`id`),
  ADD UNIQUE KEY `break_types_name_unique` (`name`);

--
-- Indexes for table `crease_batsmen`
--
ALTER TABLE `crease_batsmen`
  ADD PRIMARY KEY (`inning_id`,`player_id`),
  ADD KEY `crease_batsmen_player_id_foreign` (`player_id`),
  ADD KEY `crease_batsmen_player_playing_status_id_foreign` (`player_playing_status_id`);

--
-- Indexes for table `delay_types`
--
ALTER TABLE `delay_types`
  ADD PRIMARY KEY (`id`),
  ADD UNIQUE KEY `delay_types_name_unique` (`name`);

--
-- Indexes for table `end_innings`
--
ALTER TABLE `end_innings`
  ADD PRIMARY KEY (`id`),
  ADD UNIQUE KEY `inning_id` (`inning_id`);

--
-- Indexes for table `entities`
--
ALTER TABLE `entities`
  ADD PRIMARY KEY (`id`),
  ADD UNIQUE KEY `entities_name_unique` (`name`);

--
-- Indexes for table `extra_runs_types`
--
ALTER TABLE `extra_runs_types`
  ADD PRIMARY KEY (`id`);

--
-- Indexes for table `fitnesses`
--
ALTER TABLE `fitnesses`
  ADD PRIMARY KEY (`id`),
  ADD KEY `fitnesses_player_id_foreign` (`player_id`),
  ADD KEY `fitnesses_fitness_camp_id_foreign` (`fitness_camp_id`);

--
-- Indexes for table `fitness_camps`
--
ALTER TABLE `fitness_camps`
  ADD PRIMARY KEY (`id`);

--
-- Indexes for table `fixtures`
--
ALTER TABLE `fixtures`
  ADD PRIMARY KEY (`id`),
  ADD KEY `fixtures_home_team_id_foreign` (`home_team_id`),
  ADD KEY `fixtures_away_team_id_foreign` (`away_team_id`),
  ADD KEY `fixtures_game_format_id_foreign` (`game_format_id`),
  ADD KEY `fixtures_season_id_foreign` (`season_id`),
  ADD KEY `tournament_id_foreign_key` (`tournament_id`);

--
-- Indexes for table `fixture_scorers`
--
ALTER TABLE `fixture_scorers`
  ADD PRIMARY KEY (`id`),
  ADD KEY `fixture_scorers_fixture_id_foreign` (`fixture_id`);

--
-- Indexes for table `game_formats`
--
ALTER TABLE `game_formats`
  ADD PRIMARY KEY (`id`),
  ADD UNIQUE KEY `game_formats_name_unique` (`name`);

--
-- Indexes for table `innings`
--
ALTER TABLE `innings`
  ADD PRIMARY KEY (`id`),
  ADD UNIQUE KEY `innings_fixture_id_team_id_number_unique` (`fixture_id`,`team_id`,`number`),
  ADD KEY `innings_team_id_foreign` (`team_id`),
  ADD KEY `innings_captain_id_foreign` (`captain_id`),
  ADD KEY `innings_wicket_keeper_id_foreign` (`wicket_keeper_id`);

--
-- Indexes for table `media_types`
--
ALTER TABLE `media_types`
  ADD PRIMARY KEY (`id`),
  ADD UNIQUE KEY `media_types_name_unique` (`name`);

--
-- Indexes for table `miss_fielding_types`
--
ALTER TABLE `miss_fielding_types`
  ADD PRIMARY KEY (`id`);

--
-- Indexes for table `official_types`
--
ALTER TABLE `official_types`
  ADD PRIMARY KEY (`id`),
  ADD UNIQUE KEY `official_types_name_unique` (`name`);

--
-- Indexes for table `players`
--
ALTER TABLE `players`
  ADD PRIMARY KEY (`id`);

--
-- Indexes for table `player_playing_statuses`
--
ALTER TABLE `player_playing_statuses`
  ADD PRIMARY KEY (`id`);

--
-- Indexes for table `player_teams`
--
ALTER TABLE `player_teams`
  ADD PRIMARY KEY (`id`),
  ADD KEY `player_teams_team_tournament_id_foreign` (`team_tournament_id`),
  ADD KEY `player_teams_player_id_foreign` (`player_id`);

--
-- Indexes for table `playing_rolls`
--
ALTER TABLE `playing_rolls`
  ADD PRIMARY KEY (`id`);

--
-- Indexes for table `playing_xis`
--
ALTER TABLE `playing_xis`
  ADD PRIMARY KEY (`id`),
  ADD UNIQUE KEY `playing_xis_fixture_id_team_id_player_id_unique` (`fixture_id`,`team_id`,`player_id`),
  ADD KEY `playing_xis_team_id_foreign` (`team_id`),
  ADD KEY `playing_xis_player_id_foreign` (`player_id`);

--
-- Indexes for table `power_plays`
--
ALTER TABLE `power_plays`
  ADD PRIMARY KEY (`id`),
  ADD UNIQUE KEY `power_plays_name_unique` (`name`),
  ADD KEY `power_plays_game_format_id_foreign` (`game_format_id`);

--
-- Indexes for table `scores`
--
ALTER TABLE `scores`
  ADD PRIMARY KEY (`id`),
  ADD KEY `scores_inning_id_foreign` (`inning_id`),
  ADD KEY `scores_striker_id_foreign` (`striker_id`),
  ADD KEY `scores_bowler_id_foreign` (`bowler_id`),
  ADD KEY `scores_fielder_id_foreign` (`fielder_id`),
  ADD KEY `scores_extra_runs_type_id_foreign` (`extra_runs_type_id`),
  ADD KEY `scores_wicket_type_id_foreign` (`wicket_type_id`),
  ADD KEY `scores_miss_fielding_type_id_foreign` (`miss_fielding_type_id`);

--
-- Indexes for table `seasons`
--
ALTER TABLE `seasons`
  ADD PRIMARY KEY (`id`),
  ADD UNIQUE KEY `seasons_name_unique` (`name`);

--
-- Indexes for table `teams`
--
ALTER TABLE `teams`
  ADD PRIMARY KEY (`id`),
  ADD UNIQUE KEY `teams_name_unique` (`name`),
  ADD UNIQUE KEY `teams_abbreviation_unique` (`abbreviation`),
  ADD KEY `teams_team_type_id_foreign` (`team_type_id`),
  ADD KEY `teams_entity_id_foreign` (`entity_id`);

--
-- Indexes for table `team_tournaments`
--
ALTER TABLE `team_tournaments`
  ADD PRIMARY KEY (`id`),
  ADD KEY `team_tournaments_team_id_foreign` (`team_id`),
  ADD KEY `team_tournaments_tournament_id_foreign` (`tournament_id`);

--
-- Indexes for table `team_types`
--
ALTER TABLE `team_types`
  ADD PRIMARY KEY (`id`),
  ADD UNIQUE KEY `team_types_name_unique` (`name`);

--
-- Indexes for table `tosses`
--
ALTER TABLE `tosses`
  ADD PRIMARY KEY (`id`),
  ADD UNIQUE KEY `tosses_fixture_id_team_id_unique` (`fixture_id`,`team_id`),
  ADD KEY `tosses_team_id_foreign` (`team_id`);

--
-- Indexes for table `tournaments`
--
ALTER TABLE `tournaments`
  ADD PRIMARY KEY (`id`),
  ADD UNIQUE KEY `tournaments_name_unique` (`name`),
  ADD KEY `tournaments_tournament_type_id_foreign` (`tournament_type_id`),
  ADD KEY `tournaments_entity_id_foreign` (`entity_id`);

--
-- Indexes for table `tournament_types`
--
ALTER TABLE `tournament_types`
  ADD PRIMARY KEY (`id`),
  ADD UNIQUE KEY `tournament_types_name_unique` (`name`);

--
-- Indexes for table `week_days`
--
ALTER TABLE `week_days`
  ADD PRIMARY KEY (`id`),
  ADD UNIQUE KEY `week_days_week_day_in_letters_unique` (`week_day_in_letters`),
  ADD UNIQUE KEY `week_days_week_day_abbreviation_unique` (`week_day_abbreviation`);

--
-- Indexes for table `wicket_keepers`
--
ALTER TABLE `wicket_keepers`
  ADD PRIMARY KEY (`id`);

--
-- Indexes for table `wicket_types`
--
ALTER TABLE `wicket_types`
  ADD PRIMARY KEY (`id`);

--
-- AUTO_INCREMENT for dumped tables
--

--
-- AUTO_INCREMENT for table `all_rounders`
--
ALTER TABLE `all_rounders`
  MODIFY `id` bigint(20) UNSIGNED NOT NULL AUTO_INCREMENT, AUTO_INCREMENT=2;

--
-- AUTO_INCREMENT for table `batting_and_fielding_performances`
--
ALTER TABLE `batting_and_fielding_performances`
  MODIFY `id` bigint(20) UNSIGNED NOT NULL AUTO_INCREMENT, AUTO_INCREMENT=764;

--
-- AUTO_INCREMENT for table `batting_orders`
--
ALTER TABLE `batting_orders`
  MODIFY `id` bigint(20) UNSIGNED NOT NULL AUTO_INCREMENT, AUTO_INCREMENT=4;

--
-- AUTO_INCREMENT for table `batting_styles`
--
ALTER TABLE `batting_styles`
  MODIFY `id` bigint(20) UNSIGNED NOT NULL AUTO_INCREMENT, AUTO_INCREMENT=3;

--
-- AUTO_INCREMENT for table `blood_groups`
--
ALTER TABLE `blood_groups`
  MODIFY `id` bigint(20) UNSIGNED NOT NULL AUTO_INCREMENT, AUTO_INCREMENT=10;

--
-- AUTO_INCREMENT for table `bowling_performances`
--
ALTER TABLE `bowling_performances`
  MODIFY `id` bigint(20) UNSIGNED NOT NULL AUTO_INCREMENT, AUTO_INCREMENT=764;

--
-- AUTO_INCREMENT for table `bowling_styles`
--
ALTER TABLE `bowling_styles`
  MODIFY `id` bigint(20) UNSIGNED NOT NULL AUTO_INCREMENT, AUTO_INCREMENT=3;

--
-- AUTO_INCREMENT for table `bowling_types`
--
ALTER TABLE `bowling_types`
  MODIFY `id` bigint(20) UNSIGNED NOT NULL AUTO_INCREMENT, AUTO_INCREMENT=7;

--
-- AUTO_INCREMENT for table `break_types`
--
ALTER TABLE `break_types`
  MODIFY `id` bigint(20) UNSIGNED NOT NULL AUTO_INCREMENT, AUTO_INCREMENT=5;

--
-- AUTO_INCREMENT for table `delay_types`
--
ALTER TABLE `delay_types`
  MODIFY `id` bigint(20) UNSIGNED NOT NULL AUTO_INCREMENT, AUTO_INCREMENT=6;

--
-- AUTO_INCREMENT for table `end_innings`
--
ALTER TABLE `end_innings`
  MODIFY `id` bigint(20) UNSIGNED NOT NULL AUTO_INCREMENT, AUTO_INCREMENT=39;

--
-- AUTO_INCREMENT for table `entities`
--
ALTER TABLE `entities`
  MODIFY `id` bigint(20) UNSIGNED NOT NULL AUTO_INCREMENT, AUTO_INCREMENT=6;

--
-- AUTO_INCREMENT for table `extra_runs_types`
--
ALTER TABLE `extra_runs_types`
  MODIFY `id` bigint(20) UNSIGNED NOT NULL AUTO_INCREMENT, AUTO_INCREMENT=10;

--
-- AUTO_INCREMENT for table `fitnesses`
--
ALTER TABLE `fitnesses`
  MODIFY `id` bigint(20) UNSIGNED NOT NULL AUTO_INCREMENT;

--
-- AUTO_INCREMENT for table `fitness_camps`
--
ALTER TABLE `fitness_camps`
  MODIFY `id` bigint(20) UNSIGNED NOT NULL AUTO_INCREMENT;

--
-- AUTO_INCREMENT for table `fixtures`
--
ALTER TABLE `fixtures`
  MODIFY `id` bigint(20) UNSIGNED NOT NULL AUTO_INCREMENT, AUTO_INCREMENT=40;

--
-- AUTO_INCREMENT for table `fixture_scorers`
--
ALTER TABLE `fixture_scorers`
  MODIFY `id` bigint(20) UNSIGNED NOT NULL AUTO_INCREMENT, AUTO_INCREMENT=31;

--
-- AUTO_INCREMENT for table `game_formats`
--
ALTER TABLE `game_formats`
  MODIFY `id` bigint(20) UNSIGNED NOT NULL AUTO_INCREMENT, AUTO_INCREMENT=8;

--
-- AUTO_INCREMENT for table `innings`
--
ALTER TABLE `innings`
  MODIFY `id` bigint(20) UNSIGNED NOT NULL AUTO_INCREMENT, AUTO_INCREMENT=70;

--
-- AUTO_INCREMENT for table `media_types`
--
ALTER TABLE `media_types`
  MODIFY `id` bigint(20) UNSIGNED NOT NULL AUTO_INCREMENT;

--
-- AUTO_INCREMENT for table `miss_fielding_types`
--
ALTER TABLE `miss_fielding_types`
  MODIFY `id` bigint(20) UNSIGNED NOT NULL AUTO_INCREMENT;

--
-- AUTO_INCREMENT for table `official_types`
--
ALTER TABLE `official_types`
  MODIFY `id` bigint(20) UNSIGNED NOT NULL AUTO_INCREMENT, AUTO_INCREMENT=19;

--
-- AUTO_INCREMENT for table `players`
--
ALTER TABLE `players`
  MODIFY `id` bigint(20) UNSIGNED NOT NULL AUTO_INCREMENT, AUTO_INCREMENT=712;

--
-- AUTO_INCREMENT for table `player_playing_statuses`
--
ALTER TABLE `player_playing_statuses`
  MODIFY `id` bigint(20) UNSIGNED NOT NULL AUTO_INCREMENT, AUTO_INCREMENT=5;

--
-- AUTO_INCREMENT for table `player_teams`
--
ALTER TABLE `player_teams`
  MODIFY `id` bigint(20) UNSIGNED NOT NULL AUTO_INCREMENT, AUTO_INCREMENT=741;

--
-- AUTO_INCREMENT for table `playing_rolls`
--
ALTER TABLE `playing_rolls`
  MODIFY `id` bigint(20) UNSIGNED NOT NULL AUTO_INCREMENT, AUTO_INCREMENT=3;

--
-- AUTO_INCREMENT for table `playing_xis`
--
ALTER TABLE `playing_xis`
  MODIFY `id` bigint(20) UNSIGNED NOT NULL AUTO_INCREMENT, AUTO_INCREMENT=676;

--
-- AUTO_INCREMENT for table `power_plays`
--
ALTER TABLE `power_plays`
  MODIFY `id` bigint(20) UNSIGNED NOT NULL AUTO_INCREMENT, AUTO_INCREMENT=4;

--
-- AUTO_INCREMENT for table `scores`
--
ALTER TABLE `scores`
  MODIFY `id` bigint(20) UNSIGNED NOT NULL AUTO_INCREMENT, AUTO_INCREMENT=16826;

--
-- AUTO_INCREMENT for table `seasons`
--
ALTER TABLE `seasons`
  MODIFY `id` bigint(20) UNSIGNED NOT NULL AUTO_INCREMENT, AUTO_INCREMENT=2;

--
-- AUTO_INCREMENT for table `teams`
--
ALTER TABLE `teams`
  MODIFY `id` bigint(20) UNSIGNED NOT NULL AUTO_INCREMENT, AUTO_INCREMENT=33;

--
-- AUTO_INCREMENT for table `team_tournaments`
--
ALTER TABLE `team_tournaments`
  MODIFY `id` bigint(20) UNSIGNED NOT NULL AUTO_INCREMENT, AUTO_INCREMENT=42;

--
-- AUTO_INCREMENT for table `team_types`
--
ALTER TABLE `team_types`
  MODIFY `id` bigint(20) UNSIGNED NOT NULL AUTO_INCREMENT, AUTO_INCREMENT=6;

--
-- AUTO_INCREMENT for table `tosses`
--
ALTER TABLE `tosses`
  MODIFY `id` bigint(20) UNSIGNED NOT NULL AUTO_INCREMENT, AUTO_INCREMENT=29;

--
-- AUTO_INCREMENT for table `tournaments`
--
ALTER TABLE `tournaments`
  MODIFY `id` bigint(20) UNSIGNED NOT NULL AUTO_INCREMENT, AUTO_INCREMENT=5;

--
-- AUTO_INCREMENT for table `tournament_types`
--
ALTER TABLE `tournament_types`
  MODIFY `id` bigint(20) UNSIGNED NOT NULL AUTO_INCREMENT, AUTO_INCREMENT=15;

--
-- AUTO_INCREMENT for table `week_days`
--
ALTER TABLE `week_days`
  MODIFY `id` bigint(20) UNSIGNED NOT NULL AUTO_INCREMENT, AUTO_INCREMENT=8;

--
-- AUTO_INCREMENT for table `wicket_keepers`
--
ALTER TABLE `wicket_keepers`
  MODIFY `id` bigint(20) UNSIGNED NOT NULL AUTO_INCREMENT, AUTO_INCREMENT=2;

--
-- AUTO_INCREMENT for table `wicket_types`
--
ALTER TABLE `wicket_types`
  MODIFY `id` bigint(20) UNSIGNED NOT NULL AUTO_INCREMENT, AUTO_INCREMENT=12;

--
-- Constraints for dumped tables
--

--
-- Constraints for table `batting_and_fielding_performances`
--
ALTER TABLE `batting_and_fielding_performances`
  ADD CONSTRAINT `batting_and_fielding_performances_game_format_id_foreign` FOREIGN KEY (`game_format_id`) REFERENCES `game_formats` (`id`) ON UPDATE CASCADE,
  ADD CONSTRAINT `batting_and_fielding_performances_player_id_foreign` FOREIGN KEY (`player_id`) REFERENCES `players` (`id`) ON UPDATE CASCADE;

--
-- Constraints for table `bowling_performances`
--
ALTER TABLE `bowling_performances`
  ADD CONSTRAINT `bowling_performances_game_format_id_foreign` FOREIGN KEY (`game_format_id`) REFERENCES `game_formats` (`id`) ON UPDATE CASCADE,
  ADD CONSTRAINT `bowling_performances_player_id_foreign` FOREIGN KEY (`player_id`) REFERENCES `players` (`id`) ON UPDATE CASCADE;

--
-- Constraints for table `crease_batsmen`
--
ALTER TABLE `crease_batsmen`
  ADD CONSTRAINT `crease_batsmen_inning_id_foreign` FOREIGN KEY (`inning_id`) REFERENCES `innings` (`id`) ON UPDATE CASCADE,
  ADD CONSTRAINT `crease_batsmen_player_id_foreign` FOREIGN KEY (`player_id`) REFERENCES `players` (`id`) ON UPDATE CASCADE,
  ADD CONSTRAINT `crease_batsmen_player_playing_status_id_foreign` FOREIGN KEY (`player_playing_status_id`) REFERENCES `player_playing_statuses` (`id`) ON UPDATE CASCADE;

--
-- Constraints for table `end_innings`
--
ALTER TABLE `end_innings`
  ADD CONSTRAINT `end_innings_inning_id_foreign` FOREIGN KEY (`inning_id`) REFERENCES `innings` (`id`) ON UPDATE CASCADE;

--
-- Constraints for table `fitnesses`
--
ALTER TABLE `fitnesses`
  ADD CONSTRAINT `fitnesses_fitness_camp_id_foreign` FOREIGN KEY (`fitness_camp_id`) REFERENCES `fitness_camps` (`id`) ON UPDATE CASCADE,
  ADD CONSTRAINT `fitnesses_player_id_foreign` FOREIGN KEY (`player_id`) REFERENCES `players` (`id`) ON UPDATE CASCADE;

--
-- Constraints for table `fixtures`
--
ALTER TABLE `fixtures`
  ADD CONSTRAINT `fixtures_away_team_id_foreign` FOREIGN KEY (`away_team_id`) REFERENCES `team_tournaments` (`id`) ON UPDATE CASCADE,
  ADD CONSTRAINT `fixtures_game_format_id_foreign` FOREIGN KEY (`game_format_id`) REFERENCES `game_formats` (`id`) ON UPDATE CASCADE,
  ADD CONSTRAINT `fixtures_home_team_id_foreign` FOREIGN KEY (`home_team_id`) REFERENCES `team_tournaments` (`id`) ON UPDATE CASCADE,
  ADD CONSTRAINT `fixtures_season_id_foreign` FOREIGN KEY (`season_id`) REFERENCES `seasons` (`id`) ON UPDATE CASCADE,
  ADD CONSTRAINT `tournament_id_foreign_key` FOREIGN KEY (`tournament_id`) REFERENCES `tournaments` (`id`) ON UPDATE CASCADE;

--
-- Constraints for table `fixture_scorers`
--
ALTER TABLE `fixture_scorers`
  ADD CONSTRAINT `fixture_scorers_fixture_id_foreign` FOREIGN KEY (`fixture_id`) REFERENCES `fixtures` (`id`) ON UPDATE CASCADE;

--
-- Constraints for table `innings`
--
ALTER TABLE `innings`
  ADD CONSTRAINT `innings_captain_id_foreign` FOREIGN KEY (`captain_id`) REFERENCES `players` (`id`) ON UPDATE CASCADE,
  ADD CONSTRAINT `innings_fixture_id_foreign` FOREIGN KEY (`fixture_id`) REFERENCES `fixtures` (`id`) ON UPDATE CASCADE,
  ADD CONSTRAINT `innings_team_id_foreign` FOREIGN KEY (`team_id`) REFERENCES `teams` (`id`) ON UPDATE CASCADE,
  ADD CONSTRAINT `innings_wicket_keeper_id_foreign` FOREIGN KEY (`wicket_keeper_id`) REFERENCES `players` (`id`) ON UPDATE CASCADE;

--
-- Constraints for table `player_teams`
--
ALTER TABLE `player_teams`
  ADD CONSTRAINT `player_teams_player_id_foreign` FOREIGN KEY (`player_id`) REFERENCES `players` (`id`) ON UPDATE CASCADE,
  ADD CONSTRAINT `player_teams_team_tournament_id_foreign` FOREIGN KEY (`team_tournament_id`) REFERENCES `team_tournaments` (`id`) ON UPDATE CASCADE;

--
-- Constraints for table `playing_xis`
--
ALTER TABLE `playing_xis`
  ADD CONSTRAINT `playing_xis_fixture_id_foreign` FOREIGN KEY (`fixture_id`) REFERENCES `fixtures` (`id`) ON UPDATE CASCADE,
  ADD CONSTRAINT `playing_xis_player_id_foreign` FOREIGN KEY (`player_id`) REFERENCES `players` (`id`) ON UPDATE CASCADE,
  ADD CONSTRAINT `playing_xis_team_id_foreign` FOREIGN KEY (`team_id`) REFERENCES `teams` (`id`) ON UPDATE CASCADE;

--
-- Constraints for table `power_plays`
--
ALTER TABLE `power_plays`
  ADD CONSTRAINT `power_plays_game_format_id_foreign` FOREIGN KEY (`game_format_id`) REFERENCES `game_formats` (`id`) ON UPDATE CASCADE;

--
-- Constraints for table `scores`
--
ALTER TABLE `scores`
  ADD CONSTRAINT `scores_bowler_id_foreign` FOREIGN KEY (`bowler_id`) REFERENCES `players` (`id`) ON UPDATE CASCADE,
  ADD CONSTRAINT `scores_inning_id_foreign` FOREIGN KEY (`inning_id`) REFERENCES `innings` (`id`) ON UPDATE CASCADE,
  ADD CONSTRAINT `scores_striker_id_foreign` FOREIGN KEY (`striker_id`) REFERENCES `players` (`id`) ON UPDATE CASCADE;

--
-- Constraints for table `teams`
--
ALTER TABLE `teams`
  ADD CONSTRAINT `teams_entity_id_foreign` FOREIGN KEY (`entity_id`) REFERENCES `entities` (`id`) ON UPDATE CASCADE,
  ADD CONSTRAINT `teams_team_type_id_foreign` FOREIGN KEY (`team_type_id`) REFERENCES `team_types` (`id`) ON UPDATE CASCADE;

--
-- Constraints for table `team_tournaments`
--
ALTER TABLE `team_tournaments`
  ADD CONSTRAINT `team_tournaments_team_id_foreign` FOREIGN KEY (`team_id`) REFERENCES `teams` (`id`) ON UPDATE CASCADE,
  ADD CONSTRAINT `team_tournaments_tournament_id_foreign` FOREIGN KEY (`tournament_id`) REFERENCES `tournaments` (`id`) ON UPDATE CASCADE;

--
-- Constraints for table `tosses`
--
ALTER TABLE `tosses`
  ADD CONSTRAINT `tosses_fixture_id_foreign` FOREIGN KEY (`fixture_id`) REFERENCES `fixtures` (`id`) ON UPDATE CASCADE,
  ADD CONSTRAINT `tosses_team_id_foreign` FOREIGN KEY (`team_id`) REFERENCES `teams` (`id`) ON UPDATE CASCADE;

--
-- Constraints for table `tournaments`
--
ALTER TABLE `tournaments`
  ADD CONSTRAINT `tournaments_entity_id_foreign` FOREIGN KEY (`entity_id`) REFERENCES `entities` (`id`) ON UPDATE CASCADE,
  ADD CONSTRAINT `tournaments_tournament_type_id_foreign` FOREIGN KEY (`tournament_type_id`) REFERENCES `tournament_types` (`id`) ON UPDATE CASCADE;
